{"id":5538,"date":"2019-09-09T19:21:09","date_gmt":"2019-09-09T19:21:09","guid":{"rendered":"http:\/\/institucional.ufrrj.br\/soc\/?page_id=5538"},"modified":"2019-09-09T19:21:09","modified_gmt":"2019-09-09T19:21:09","slug":"deliberacoes-concur-2019","status":"publish","type":"page","link":"https:\/\/institucional.ufrrj.br\/soc\/deliberacoes-concur-2019\/","title":{"rendered":"Delibera\u00e7\u00f5es CONCUR 2019"},"content":{"rendered":"\n<table id=\"tablepress-92\" class=\"tablepress tablepress-id-92\">\n<thead>\n<tr class=\"row-1\">\n\t<th class=\"column-1\">N\u00ba de Delibera\u00e7\u00e3o<\/th><th class=\"column-2\">N\u00ba Processo<\/th><th class=\"column-3\">Assunto<\/th>\n<\/tr>\n<\/thead>\n<tbody class=\"row-striping row-hover\">\n<tr class=\"row-2\">\n\t<td class=\"column-1\">01<\/td><td class=\"column-2\">23083.000483\/2019-93<\/td><td class=\"column-3\"><a href=\"http:\/\/institucional.ufrrj.br\/soc\/files\/2019\/09\/Delib-01CONCUR-2019.pdf\">aprovar o Relat\u00f3rio de Gest\u00e3o da Funda\u00e7\u00e3o de Apoio \u00e0 Pesquisa Cient\u00edfica e Tecnol\u00f3gica da UFRRJ (FAPUR), referente ao ano de 2017.<\/a><\/td>\n<\/tr>\n<tr class=\"row-3\">\n\t<td class=\"column-1\">02<\/td><td class=\"column-2\">23083.011320\/2017-74<\/td><td class=\"column-3\"><a href=\"http:\/\/institucional.ufrrj.br\/soc\/files\/2019\/09\/Delib-02-CONCUR-2019.pdf\">aprovar a Presta\u00e7\u00e3o de Contas da \u201cII Reuni\u00e3o T\u00e9cnica de Manejo de Pastagens do Norte e Nordeste Fluminense -  Caminhos para a sustentabilidade da pecu\u00e1ria fluminense\u201d.<\/a><\/td>\n<\/tr>\n<tr class=\"row-4\">\n\t<td class=\"column-1\">03<\/td><td class=\"column-2\">23268.000548\/2013-47<\/td><td class=\"column-3\"><a href=\"http:\/\/institucional.ufrrj.br\/soc\/files\/2019\/09\/Delib-03-CONCUR-2019.pdf\">aprovar a Presta\u00e7\u00e3o de Contas da \u201cIII Simp\u00f3sio de Gest\u00e3o Ambiental e Biodiversidade (SIGABI)\u201d.<\/a><\/td>\n<\/tr>\n<tr class=\"row-5\">\n\t<td class=\"column-1\">04<\/td><td class=\"column-2\">23083.002983\/2015-36<\/td><td class=\"column-3\"><a href=\"http:\/\/institucional.ufrrj.br\/soc\/files\/2019\/09\/Delib-04-CONCUR-2019.pdf\">aprovar a Presta\u00e7\u00e3o de Contas do Projeto intitulado \u201cECOArte\u201d.<\/a><\/td>\n<\/tr>\n<tr class=\"row-6\">\n\t<td class=\"column-1\">05<\/td><td class=\"column-2\">23268.000405\/2017-69<\/td><td class=\"column-3\"><a href=\"http:\/\/institucional.ufrrj.br\/soc\/files\/2019\/09\/Delib-05-CONCUR-2019.pdf\">aprovar a Presta\u00e7\u00e3o de Contas do \u201c7\u00ba Simp\u00f3sio de Gest\u00e3o Ambiental e Biodiversidade (SIGABI)\u201d.<\/a><\/td>\n<\/tr>\n<tr class=\"row-7\">\n\t<td class=\"column-1\">06<\/td><td class=\"column-2\">23083.008154\/2008-38<\/td><td class=\"column-3\"><a href=\"http:\/\/institucional.ufrrj.br\/soc\/files\/2019\/09\/Delib-06-CONCUR-2019.pdf\">aprovar a Presta\u00e7\u00e3o de Contas do projeto intitulado \u201cPrograma de Forma\u00e7\u00e3o Continuada em M\u00eddias na Educa\u00e7\u00e3o \/ 3\u00aa  Oferta do Ciclo B\u00e1sico\u201d.<\/a><\/td>\n<\/tr>\n<tr class=\"row-8\">\n\t<td class=\"column-1\">07<\/td><td class=\"column-2\">23083.010187\/2007-67<\/td><td class=\"column-3\"><a href=\"http:\/\/institucional.ufrrj.br\/soc\/files\/2019\/09\/Delib-07-CONCUR-2019.pdf\">aprovar a Presta\u00e7\u00e3o de Contas do projeto intitulado \u201cConex\u00f5es de Saberes na Escola Aberta\u201d.<\/a><\/td>\n<\/tr>\n<tr class=\"row-9\">\n\t<td class=\"column-1\">08<\/td><td class=\"column-2\"><\/td><td class=\"column-3\"><a href=\"http:\/\/institucional.ufrrj.br\/soc\/files\/2019\/09\/Delib-08-CONCUR-2019.pdf\">I) Considerar o Relat\u00f3rio de Gest\u00e3o da UFRRJ referente ao exerc\u00edcio 2018 apreciado, com parecer recomendando a sua aprova\u00e7\u00e3o pelo Conselho Universit\u00e1rio (CONSU);   II) encaminhar ao CONSU o parecer elaborado pelo Conselho de Curadores a fim de subsidiar a sua decis\u00e3o.<\/a><\/td>\n<\/tr>\n<\/tbody>\n<\/table>\n<!-- #tablepress-92 from cache -->\n","protected":false},"excerpt":{"rendered":"","protected":false},"author":691,"featured_media":0,"parent":0,"menu_order":0,"comment_status":"closed","ping_status":"closed","template":"","meta":{"_acf_changed":false,"footnotes":"","_links_to":"","_links_to_target":""},"class_list":["post-5538","page","type-page","status-publish","hentry"],"yoast_head":"<!-- This site is optimized with the Yoast SEO plugin v27.2 - https:\/\/yoast.com\/product\/yoast-seo-wordpress\/ -->\n<title>Delibera\u00e7\u00f5es CONCUR 2019 - SOC<\/title>\n<meta name=\"robots\" content=\"index, follow, max-snippet:-1, max-image-preview:large, max-video-preview:-1\" \/>\n<link rel=\"canonical\" href=\"https:\/\/institucional.ufrrj.br\/soc\/deliberacoes-concur-2019\/\" \/>\n<meta property=\"og:locale\" content=\"pt_BR\" \/>\n<meta property=\"og:type\" content=\"article\" \/>\n<meta property=\"og:title\" content=\"Delibera\u00e7\u00f5es CONCUR 2019 - SOC\" \/>\n<meta property=\"og:url\" content=\"https:\/\/institucional.ufrrj.br\/soc\/deliberacoes-concur-2019\/\" \/>\n<meta property=\"og:site_name\" content=\"SOC\" \/>\n<meta name=\"twitter:card\" content=\"summary_large_image\" \/>\n<script type=\"application\/ld+json\" class=\"yoast-schema-graph\">{\"@context\":\"https:\/\/schema.org\",\"@graph\":[{\"@type\":\"WebPage\",\"@id\":\"https:\/\/institucional.ufrrj.br\/soc\/deliberacoes-concur-2019\/\",\"url\":\"https:\/\/institucional.ufrrj.br\/soc\/deliberacoes-concur-2019\/\",\"name\":\"Delibera\u00e7\u00f5es CONCUR 2019 - SOC\",\"isPartOf\":{\"@id\":\"https:\/\/institucional.ufrrj.br\/soc\/#website\"},\"datePublished\":\"2019-09-09T19:21:09+00:00\",\"breadcrumb\":{\"@id\":\"https:\/\/institucional.ufrrj.br\/soc\/deliberacoes-concur-2019\/#breadcrumb\"},\"inLanguage\":\"pt-BR\",\"potentialAction\":[{\"@type\":\"ReadAction\",\"target\":[\"https:\/\/institucional.ufrrj.br\/soc\/deliberacoes-concur-2019\/\"]}]},{\"@type\":\"BreadcrumbList\",\"@id\":\"https:\/\/institucional.ufrrj.br\/soc\/deliberacoes-concur-2019\/#breadcrumb\",\"itemListElement\":[{\"@type\":\"ListItem\",\"position\":1,\"name\":\"In\u00edcio\",\"item\":\"https:\/\/institucional.ufrrj.br\/soc\/\"},{\"@type\":\"ListItem\",\"position\":2,\"name\":\"Delibera\u00e7\u00f5es CONCUR 2019\"}]},{\"@type\":\"WebSite\",\"@id\":\"https:\/\/institucional.ufrrj.br\/soc\/#website\",\"url\":\"https:\/\/institucional.ufrrj.br\/soc\/\",\"name\":\"SOC\",\"description\":\"Secretaria dos \u00d3rg\u00e3os Colegiados - UFRRJ\",\"potentialAction\":[{\"@type\":\"SearchAction\",\"target\":{\"@type\":\"EntryPoint\",\"urlTemplate\":\"https:\/\/institucional.ufrrj.br\/soc\/?s={search_term_string}\"},\"query-input\":{\"@type\":\"PropertyValueSpecification\",\"valueRequired\":true,\"valueName\":\"search_term_string\"}}],\"inLanguage\":\"pt-BR\"}]}<\/script>\n<!-- \/ Yoast SEO plugin. -->","yoast_head_json":{"title":"Delibera\u00e7\u00f5es CONCUR 2019 - SOC","robots":{"index":"index","follow":"follow","max-snippet":"max-snippet:-1","max-image-preview":"max-image-preview:large","max-video-preview":"max-video-preview:-1"},"canonical":"https:\/\/institucional.ufrrj.br\/soc\/deliberacoes-concur-2019\/","og_locale":"pt_BR","og_type":"article","og_title":"Delibera\u00e7\u00f5es CONCUR 2019 - SOC","og_url":"https:\/\/institucional.ufrrj.br\/soc\/deliberacoes-concur-2019\/","og_site_name":"SOC","twitter_card":"summary_large_image","schema":{"@context":"https:\/\/schema.org","@graph":[{"@type":"WebPage","@id":"https:\/\/institucional.ufrrj.br\/soc\/deliberacoes-concur-2019\/","url":"https:\/\/institucional.ufrrj.br\/soc\/deliberacoes-concur-2019\/","name":"Delibera\u00e7\u00f5es CONCUR 2019 - SOC","isPartOf":{"@id":"https:\/\/institucional.ufrrj.br\/soc\/#website"},"datePublished":"2019-09-09T19:21:09+00:00","breadcrumb":{"@id":"https:\/\/institucional.ufrrj.br\/soc\/deliberacoes-concur-2019\/#breadcrumb"},"inLanguage":"pt-BR","potentialAction":[{"@type":"ReadAction","target":["https:\/\/institucional.ufrrj.br\/soc\/deliberacoes-concur-2019\/"]}]},{"@type":"BreadcrumbList","@id":"https:\/\/institucional.ufrrj.br\/soc\/deliberacoes-concur-2019\/#breadcrumb","itemListElement":[{"@type":"ListItem","position":1,"name":"In\u00edcio","item":"https:\/\/institucional.ufrrj.br\/soc\/"},{"@type":"ListItem","position":2,"name":"Delibera\u00e7\u00f5es CONCUR 2019"}]},{"@type":"WebSite","@id":"https:\/\/institucional.ufrrj.br\/soc\/#website","url":"https:\/\/institucional.ufrrj.br\/soc\/","name":"SOC","description":"Secretaria dos \u00d3rg\u00e3os Colegiados - UFRRJ","potentialAction":[{"@type":"SearchAction","target":{"@type":"EntryPoint","urlTemplate":"https:\/\/institucional.ufrrj.br\/soc\/?s={search_term_string}"},"query-input":{"@type":"PropertyValueSpecification","valueRequired":true,"valueName":"search_term_string"}}],"inLanguage":"pt-BR"}]}},"acf":[],"_links":{"self":[{"href":"https:\/\/institucional.ufrrj.br\/soc\/wp-json\/wp\/v2\/pages\/5538","targetHints":{"allow":["GET"]}}],"collection":[{"href":"https:\/\/institucional.ufrrj.br\/soc\/wp-json\/wp\/v2\/pages"}],"about":[{"href":"https:\/\/institucional.ufrrj.br\/soc\/wp-json\/wp\/v2\/types\/page"}],"author":[{"embeddable":true,"href":"https:\/\/institucional.ufrrj.br\/soc\/wp-json\/wp\/v2\/users\/691"}],"replies":[{"embeddable":true,"href":"https:\/\/institucional.ufrrj.br\/soc\/wp-json\/wp\/v2\/comments?post=5538"}],"version-history":[{"count":2,"href":"https:\/\/institucional.ufrrj.br\/soc\/wp-json\/wp\/v2\/pages\/5538\/revisions"}],"predecessor-version":[{"id":5544,"href":"https:\/\/institucional.ufrrj.br\/soc\/wp-json\/wp\/v2\/pages\/5538\/revisions\/5544"}],"wp:attachment":[{"href":"https:\/\/institucional.ufrrj.br\/soc\/wp-json\/wp\/v2\/media?parent=5538"}],"curies":[{"name":"wp","href":"https:\/\/api.w.org\/{rel}","templated":true}]}}