{"id":262,"date":"2015-09-23T18:54:51","date_gmt":"2015-09-23T18:54:51","guid":{"rendered":"http:\/\/institucional.ufrrj.br\/soc\/?page_id=262"},"modified":"2015-09-23T18:54:51","modified_gmt":"2015-09-23T18:54:51","slug":"deliberacoes-consu-2002","status":"publish","type":"page","link":"https:\/\/institucional.ufrrj.br\/soc\/conselho-universitario-2\/deliberacoes-consu-2002\/","title":{"rendered":"Delibera\u00e7\u00f5es Consu 2002"},"content":{"rendered":"<table id=\"tabelas\" summary=\"Delibera\u00e7\u00f5es do Conselho Universit\u00e1rio 2002\">\n<thead>\n<tr>\n<th>N\u00b0 delib<\/th>\n<th>Processo<\/th>\n<th>Assunto<\/th>\n<th>Ver<\/th>\n<\/tr>\n<\/thead>\n<tfoot>\n<tr>\n<th><\/th>\n<th><\/th>\n<th><\/th>\n<th><\/th>\n<\/tr>\n<\/tfoot>\n<tbody>\n<tr>\n<td>001<\/td>\n<td>&#8212;&#8212;-<\/td>\n<td class=\"style9\"><a id=\"style16\" target=\"_blank\" href=\"DOCS\/deliberacoes\/consu\/Deliberacoes_2002\/Delib001CONSU2002.pdf\">Conv\u00eanios, Termos, Protocolos e Contratos: EMBRAPA, Base de Fuzileiros Navais do Rio Meriti, ANEEL, CEFET, Araruama, Barra do Pira\u00ed, ARSF, Funda\u00e7\u00e3o Get\u00falio Vargas&#8230;.<\/a> <\/td>\n<td><a class=\"style16\" target=\"_blank\" href=\"DOCS\/deliberacoes\/consu\/Deliberacoes_2002\/Delib001CONSU2002.pdf\"> <img decoding=\"async\" src=\"IMAGENS\/pdf.gif\"><\/a> <\/td>\n<\/tr>\n<tr>\n<td>002<\/td>\n<td>23083.003281\/2001-11<\/td>\n<td><a id=\"style16\" target=\"_blank\" href=\"DOCS\/deliberacoes\/consu\/Deliberacoes_2002\/Delib002CONSU2002.pdf\">Altera\u00e7\u00e3o da denomina\u00e7\u00e3o da P\u00f3s-gradua\u00e7\u00e3o em Medicina veterin\u00e1ria e incorpora\u00e7\u00e3o do curso de Doutorado, em Sanidade Animal&#8230;.<\/a> <\/td>\n<td> <a class=\"style16\" target=\"_blank\" href=\"DOCS\/deliberacoes\/consu\/Deliberacoes_2002\/Delib002CONSU2002.pdf\"><img decoding=\"async\" src=\"IMAGENS\/pdf.gif\"><\/a> <\/td>\n<\/tr>\n<tr>\n<td>003<\/td>\n<td>&#8212;&#8212;<\/td>\n<td><a id=\"style16\" target=\"_blank\" href=\"DOCS\/deliberacoes\/consu\/Deliberacoes_2002\/Delib003CONSU2002.pdf\">Conv\u00eanios, Termos e Protocolos: JBRJ, Paraty, Cabo Frio, UFAL, CATIE, Fundo Nacional do Meio Ambiente, IAFB, CAPES, EMBRAPA, TJRJ, Rio Claro&#8230;. <\/a><\/td>\n<td><a class=\"style16\" target=\"_blank\" href=\"DOCS\/deliberacoes\/consu\/Deliberacoes_2002\/Delib003CONSU2002.pdf\"><img decoding=\"async\" src=\"IMAGENS\/pdf.gif\"><\/a> <\/td>\n<\/tr>\n<tr>\n<td>004<\/td>\n<td>23083.004460\/2001-67<\/td>\n<td><a id=\"style16\" target=\"_blank\" href=\"DOCS\/deliberacoes\/consu\/Deliberacoes_2002\/Delib004CONSU2002.pdf\">Relat\u00f3rio de Atividades da CPDR, referente ao per\u00edodo de 1\u00ba de abril a 30 de junho de 2001&#8230; <\/a><\/td>\n<td><a class=\"style16\" target=\"_blank\" href=\"DOCS\/deliberacoes\/consu\/Deliberacoes_2002\/Delib004CONSU2002.pdf\"><img decoding=\"async\" src=\"IMAGENS\/pdf.gif\"><\/a> <\/td>\n<\/tr>\n<tr>\n<td>005<\/td>\n<td>23083.006733\/2001-07<\/td>\n<td> <a id=\"style16\" target=\"_blank\" href=\"DOCS\/deliberacoes\/consu\/Deliberacoes_2002\/Delib005CONSU2002.pdf\">Relat\u00f3rio de Atividades da CPDR, referente ao per\u00edodo de 1\u00ba de julho a 30 de setembro de 2001&#8230;<\/a> <\/td>\n<td><a class=\"style16\" target=\"_blank\" href=\"DOCS\/deliberacoes\/consu\/Deliberacoes_2002\/Delib005CONSU2002.pdf\"> <img decoding=\"async\" src=\"IMAGENS\/pdf.gif\"><\/a> <\/td>\n<\/tr>\n<tr>\n<td>006<\/td>\n<td>23083.003860\/2001-18<\/td>\n<td><a id=\"style16\" target=\"_blank\" href=\"DOCS\/deliberacoes\/consu\/Deliberacoes_2002\/Delib006CONSU2002.pdf\">Resultado da Elei\u00e7\u00e3o para representantes do corpo docente, junto \u00e0 CPDR&#8230;<\/a> <\/td>\n<td> <a class=\"style16\" href=\"DOCS\/deliberacoes\/consu\/Deliberacoes_2002\/Delib006CONSU2002.pdf\" target=\"_blank\"><img decoding=\"async\" src=\"IMAGENS\/pdf.gif\"><\/a> <\/td>\n<\/tr>\n<tr>\n<td>007<\/td>\n<td>23083.002102\/0156<\/td>\n<td><a id=\"style16\" target=\"_blank\" href=\"DOCS\/deliberacoes\/consu\/Deliberacoes_2002\/Delib007CONSU2002.pdf\">Autorizar o funcionamento do curso de P\u00f3s-gradua\u00e7\u00e3o em Psicomotricidade na Escola&#8230;<\/a> <\/td>\n<td><a class=\"style16\" target=\"_blank\" href=\"DOCS\/deliberacoes\/consu\/Deliberacoes_2002\/Delib007CONSU2002.pdf\"><img decoding=\"async\" src=\"IMAGENS\/pdf.gif\"><\/a> <\/td>\n<\/tr>\n<tr>\n<td>008<\/td>\n<td>23083.001898\/01-10<\/td>\n<td><a id=\"style16\" target=\"_blank\" href=\"DOCS\/deliberacoes\/consu\/Deliberacoes_2002\/Delib008CONSU2002.pdf\">Autorizar o funcionamento do curso de P\u00f3s-gradua\u00e7\u00e3o em Performance Humana em Academia&#8230;<\/a><\/td>\n<td> <a class=\"style16\" target=\"_blank\" href=\"DOCS\/deliberacoes\/consu\/Deliberacoes_2002\/Delib008CONSU2002.pdf\"> <img decoding=\"async\" src=\"IMAGENS\/pdf.gif\"><\/a> <\/td>\n<\/tr>\n<tr>\n<td>009<\/td>\n<td>&#8212;&#8212;-<\/td>\n<td><a id=\"style16\" target=\"_blank\" href=\"DOCS\/deliberacoes\/consu\/Deliberacoes_2002\/Delib009CONSU2002.pdf\">Conv\u00eanios, Protocolos e Termos: Campos dos Goytacazes, INPG, Parque Nacional do Itatiaia&#8230;.<\/a><\/td>\n<td> <a class=\"style16\" target=\"_blank\" href=\"DOCS\/deliberacoes\/consu\/Deliberacoes_2002\/Delib009CONSU2002.pdf\"> <img decoding=\"async\" src=\"IMAGENS\/pdf.gif\"><\/a> <\/td>\n<\/tr>\n<tr>\n<td>010<\/td>\n<td>23083.001901\/01-14<\/td>\n<td><a id=\"style16\" target=\"_blank\" href=\"DOCS\/deliberacoes\/consu\/Deliberacoes_2002\/Delib010CONSU2002.pdf\">Autorizar o funcionamento do curso de P\u00f3s-gradua\u00e7\u00e3o em Ci\u00eancias do Treinamento de Alto N\u00edvel&#8230;<\/a><\/td>\n<td> <a class=\"style16\" target=\"_blank\" href=\"DOCS\/deliberacoes\/consu\/Deliberacoes_2002\/Delib010CONSU2002.pdf\"> <img decoding=\"async\" src=\"IMAGENS\/pdf.gif\"><\/a> <\/td>\n<\/tr>\n<tr>\n<td>011<\/td>\n<td>&#8212;&#8212;-<\/td>\n<td><a id=\"style16\" target=\"_blank\" href=\"DOCS\/deliberacoes\/consu\/Deliberacoes_2002\/Delib011CONSU2002.pdf\">Acordos, Termos e Protocolos: Universit\u00e1 Degli Studi di Bologna, UNNE, EAF-S\u00e3o Lu\u00eds, Marinha do Brasil, Funda\u00e7\u00e3o Mokiti Okada, CAPES, SENAI-RJ&#8230;<\/a><\/td>\n<td><a class=\"style16\" target=\"_blank\" href=\"DOCS\/deliberacoes\/consu\/Deliberacoes_2002\/Delib011CONSU2002.pdf\"><img decoding=\"async\" src=\"IMAGENS\/pdf.gif\"><\/a> <\/td>\n<\/tr>\n<tr>\n<td>012<\/td>\n<td>23083.004592\/2000-17<\/td>\n<td><a id=\"style16\" target=\"_blank\" href=\"DOCS\/deliberacoes\/consu\/Deliberacoes_2002\/Delib012CONSU2002.pdf\">Autorizar o funcionamento do curso de P\u00f3s-gradua\u00e7\u00e3o em Treinamento dos Esportes de Endurance&#8230;<\/a><\/td>\n<td><a class=\"style16\" target=\"_blank\" href=\"DOCS\/deliberacoes\/consu\/Deliberacoes_2002\/Delib012CONSU2002.pdf\"><img decoding=\"async\" src=\"IMAGENS\/pdf.gif\"><\/a> <\/td>\n<\/tr>\n<tr>\n<td>013<\/td>\n<td>23083.004593\/2000-80<\/td>\n<td><a id=\"style16\" target=\"_blank\" href=\"DOCS\/deliberacoes\/consu\/Deliberacoes_2002\/Delib013CONSU2002.pdf\">Autorizar o funcionamento do curso de P\u00f3s-gradua\u00e7\u00e3o em Desporto Escolar&#8230;<\/a><\/td>\n<td><a class=\"style16\" target=\"_blank\" href=\"DOCS\/deliberacoes\/consu\/Deliberacoes_2002\/Delib013CONSU2002.pdf\"><img decoding=\"async\" src=\"IMAGENS\/pdf.gif\"><\/a> <\/td>\n<\/tr>\n<tr>\n<td>014<\/td>\n<td>23083.002103\/2001-19<\/td>\n<td><a id=\"style16\" target=\"_blank\" href=\"DOCS\/deliberacoes\/consu\/Deliberacoes_2002\/Delib014CONSU2002.pdf\">Autorizar o funcionamento do curso de P\u00f3s-gradua\u00e7\u00e3o em Muscula\u00e7\u00e3o e Treinamento de For\u00e7a&#8230;<\/a><\/td>\n<td><a class=\"style16\" target=\"_blank\" href=\"DOCS\/deliberacoes\/consu\/Deliberacoes_2002\/Delib014CONSU2002.pdf\"><img decoding=\"async\" src=\"IMAGENS\/pdf.gif\"><\/a> <\/td>\n<\/tr>\n<tr>\n<td>015<\/td>\n<td>23083.001247\/2002-84<\/td>\n<td><a id=\"style16\" target=\"_blank\" href=\"DOCS\/deliberacoes\/consu\/Deliberacoes_2002\/Delib015CONSU2002.pdf\">Conv\u00eanio: PESAGRO-RIO&#8230;<\/a><\/td>\n<td> <a class=\"style16\" target=\"_blank\" href=\"DOCS\/deliberacoes\/consu\/Deliberacoes_2002\/Delib015CONSU2002.pdf\"><img decoding=\"async\" src=\"IMAGENS\/pdf.gif\"><\/a> <\/td>\n<\/tr>\n<tr>\n<td>016<\/td>\n<td>23083.001626\/2002-92<\/td>\n<td><a id=\"style16\" target=\"_blank\" href=\"DOCS\/deliberacoes\/consu\/Deliberacoes_2002\/Delib016CONSU2002.pdf\">Presta\u00e7\u00e3o de contas do Ordenador de Despesas da UFRRJ, referente ao exerc\u00edcio de 2001&#8230;<\/a> <\/td>\n<td> <a class=\"style16\" target=\"_blank\" href=\"DOCS\/deliberacoes\/consu\/Deliberacoes_2002\/Delib016CONSU2002.pdf\"><img decoding=\"async\" src=\"IMAGENS\/pdf.gif\"> <\/a><\/td>\n<\/tr>\n<tr>\n<td>017<\/td>\n<td>23083.007573\/2001-60<\/td>\n<td><a id=\"style16\" target=\"_blank\" href=\"DOCS\/deliberacoes\/consu\/Deliberacoes_2002\/Delib017CONSU2002.pdf\">Autorizar o funcionamento do curso de P\u00f3s-gradua\u00e7\u00e3o em Gest\u00e3o Estrat\u00e9gica em Recursos Humanos&#8230;<\/a> <\/td>\n<td> <a class=\"style16\" target=\"_blank\" href=\"DOCS\/deliberacoes\/consu\/Deliberacoes_2002\/Delib017CONSU2002.pdf\"><img decoding=\"async\" src=\"IMAGENS\/pdf.gif\"> <\/a><\/td>\n<\/tr>\n<tr>\n<td>018<\/td>\n<td>23083.007633\/2001-90<\/td>\n<td><a id=\"style16\" target=\"_blank\" href=\"DOCS\/deliberacoes\/consu\/Deliberacoes_2002\/Delib018CONSU2002.pdf\">Autorizar o funcionamento do curso de P\u00f3s-gradua\u00e7\u00e3o em Gest\u00e3o estrat\u00e9gica da Qualidade Total&#8230;<\/a> <\/td>\n<td> <a class=\"style16\" target=\"_blank\" href=\"DOCS\/deliberacoes\/consu\/Deliberacoes_2002\/Delib018CONSU2002.pdf\"><img decoding=\"async\" src=\"IMAGENS\/pdf.gif\"> <\/a><\/td>\n<\/tr>\n<tr>\n<td>019<\/td>\n<td>23083.007636\/2001-88<\/td>\n<td><a id=\"style16\" target=\"_blank\" href=\"DOCS\/deliberacoes\/consu\/Deliberacoes_2002\/Delib019CONSU2002.pdf\">Autorizar o funcionamento do curso de P\u00f3s-gradua\u00e7\u00e3o em Finan\u00e7as Corporativas&#8230;<\/a> <\/td>\n<td> <a class=\"style16\" target=\"_blank\" href=\"DOCS\/deliberacoes\/consu\/Deliberacoes_2002\/Delib019CONSU2002.pdf\"><img decoding=\"async\" src=\"IMAGENS\/pdf.gif\"> <\/a><\/td>\n<\/tr>\n<tr>\n<td>020<\/td>\n<td>23083.001787\/2002-21<\/td>\n<td><a id=\"style16\" target=\"_blank\" href=\"DOCS\/deliberacoes\/consu\/Deliberacoes_2002\/Delib020CONSU2002.pdf\">Altera\u00e7\u00e3o da Denomina\u00e7\u00e3o do Departamento de Psicologia e Orienta\u00e7\u00e3o, para Departamento de Psicologia-Depsi&#8230;<\/a> <\/td>\n<td> <a class=\"style16\" target=\"_blank\" href=\"DOCS\/deliberacoes\/consu\/Deliberacoes_2002\/Delib020CONSU2002.pdf\"><img decoding=\"async\" src=\"IMAGENS\/pdf.gif\"> <\/a><\/td>\n<\/tr>\n<tr>\n<td>021<\/td>\n<td>23083.002309\/2001-94<\/td>\n<td><a id=\"style16\" target=\"_blank\" href=\"DOCS\/deliberacoes\/consu\/Deliberacoes_2002\/Delib021CONSU2002.pdf\">Cria\u00e7\u00e3o do N\u00facleo de Educa\u00e7\u00e3o a Dist\u00e2ncia-NEAD&#8230;<\/a> <\/td>\n<td> <a class=\"style16\" target=\"_blank\" href=\"DOCS\/deliberacoes\/consu\/Deliberacoes_2002\/Delib021CONSU2002.pdf\"><img decoding=\"async\" src=\"IMAGENS\/pdf.gif\"> <\/a><\/td>\n<\/tr>\n<tr>\n<td>022<\/td>\n<td>23083.004136\/2002-20<\/td>\n<td><a id=\"style16\" target=\"_blank\" href=\"DOCS\/deliberacoes\/consu\/Deliberacoes_2002\/Delib022CONSU2002.pdf\">Altera\u00e7\u00e3o da denomina\u00e7\u00e3o do Departamento de Qu\u00edmica, para Departamento de Engenharia Qu\u00edmica&#8230;<\/a> <\/td>\n<td> <a class=\"style16\" target=\"_blank\" href=\"DOCS\/deliberacoes\/consu\/Deliberacoes_2002\/Delib022CONSU2002.pdf\"><img decoding=\"async\" src=\"IMAGENS\/pdf.gif\"> <\/a><\/td>\n<\/tr>\n<tr>\n<td>023<\/td>\n<td>23083.000824\/2002-11<\/td>\n<td><a id=\"style16\" target=\"_blank\" href=\"DOCS\/deliberacoes\/consu\/Deliberacoes_2002\/Delib023CONSU2002.pdf\">Relat\u00f3rio de Atividades da CPDR, referente ao per\u00edodo de 1\u00ba de outubro a 31 de dezembro de 2001&#8230;<\/a> <\/td>\n<td> <a class=\"style16\" target=\"_blank\" href=\"DOCS\/deliberacoes\/consu\/Deliberacoes_2002\/Delib023CONSU2002.pdf\"><img decoding=\"async\" src=\"IMAGENS\/pdf.gif\"> <\/a><\/td>\n<\/tr>\n<tr>\n<td>024<\/td>\n<td>&#8212;&#8212;-<\/td>\n<td><a id=\"style16\" target=\"_blank\" href=\"DOCS\/deliberacoes\/consu\/Deliberacoes_2002\/Delib024CONSU2002.pdf\">Acordos, Conv\u00eanios, Protocolos, Termos: IBAMA, University of Maryland College Park, CCA, SESUs, UFSJDEL-REI, EMBRAPA, AGROJR, IASADS Costa Verde, DEP, Universidad Nacional del Sur, Universia Brasil S\/A, COPPETEC, Usina S\u00e3o Jos\u00e9 S\/A, FARMISA, Agropecu\u00e1ria Alian\u00e7a S. A. Destilaria Alcon S. A. \u2013 CIA de \u00c1lcool Concei\u00e7\u00e3o da Barra&#8230;<\/a> <\/td>\n<td> <a class=\"style16\" target=\"_blank\" href=\"DOCS\/deliberacoes\/consu\/Deliberacoes_2002\/Delib024CONSU2002.pdf\"><img decoding=\"async\" src=\"IMAGENS\/pdf.gif\"> <\/a><\/td>\n<\/tr>\n<tr>\n<td>025<\/td>\n<td>23083.002353\/2002-67<\/td>\n<td><a id=\"style16\" target=\"_blank\" href=\"DOCS\/deliberacoes\/consu\/Deliberacoes_2002\/Delib025CONSU2002.pdf\">Relat\u00f3rio de Atividades da CPDR, referente ao per\u00edodo de 1\u00ba de janeiro a 31 de mar\u00e7o de 2002&#8230;<\/a> <\/td>\n<td> <a class=\"style16\" target=\"_blank\" href=\"DOCS\/deliberacoes\/consu\/Deliberacoes_2002\/Delib025CONSU2002.pdf\"><img decoding=\"async\" src=\"IMAGENS\/pdf.gif\"> <\/a><\/td>\n<\/tr>\n<tr>\n<td>026<\/td>\n<td>23083.005796\/2002-64<\/td>\n<td><a id=\"style16\" target=\"_blank\" href=\"DOCS\/deliberacoes\/consu\/Deliberacoes_2002\/Delib026CONSU2002.pdf\">Relat\u00f3rio de Atividades da CPDR, referente ao per\u00edodo de 1\u00ba de abril a 30 de junho de 2002&#8230;<\/a> <\/td>\n<td> <a class=\"style16\" target=\"_blank\" href=\"DOCS\/deliberacoes\/consu\/Deliberacoes_2002\/Delib026CONSU2002.pdf\"><img decoding=\"async\" src=\"IMAGENS\/pdf.gif\"> <\/a><\/td>\n<\/tr>\n<tr>\n<td>027<\/td>\n<td>23083.004901\/2001-21<\/td>\n<td><a id=\"style16\" target=\"_blank\" href=\"DOCS\/deliberacoes\/consu\/Deliberacoes_2002\/Delib027CONSU2002.pdf\">Autorizar o funcionamento do curso de P\u00f3s-gradua\u00e7\u00e3o em Gest\u00e3o em Hotelaria&#8230;<\/a> <\/td>\n<td> <a class=\"style16\" target=\"_blank\" href=\"DOCS\/deliberacoes\/consu\/Deliberacoes_2002\/Delib027CONSU2002.pdf\"><img decoding=\"async\" src=\"IMAGENS\/pdf.gif\"> <\/a><\/td>\n<\/tr>\n<tr>\n<td>028<\/td>\n<td>&#8212;&#8212;-<\/td>\n<td><a id=\"style16\" target=\"_blank\" href=\"DOCS\/deliberacoes\/consu\/Deliberacoes_2002\/Delib028CONSU2002.pdf\">Protocolos: Barra Mansa, FACNEC, FACIG&#8230;<\/a> <\/td>\n<td> <a class=\"style16\" target=\"_blank\" href=\"DOCS\/deliberacoes\/consu\/Deliberacoes_2002\/Delib028CONSU2002.pdf\"><img decoding=\"async\" src=\"IMAGENS\/pdf.gif\"> <\/a><\/td>\n<\/tr>\n<tr>\n<td>029<\/td>\n<td>&#8212;&#8212;-<\/td>\n<td><a id=\"style16\" target=\"_blank\" href=\"DOCS\/deliberacoes\/consu\/Deliberacoes_2002\/Delib028CONSU2002.pdf\">Acordos: Gerdau S\/A, Piranema Atl\u00e9tico Clube, IMAG, Angra dos Reis&#8230;<\/a> <\/td>\n<td> <a class=\"style16\" target=\"_blank\" href=\"DOCS\/deliberacoes\/consu\/Deliberacoes_2002\/Delib028CONSU2002.pdf\"><img decoding=\"async\" src=\"IMAGENS\/pdf.gif\"> <\/a><\/td>\n<\/tr>\n<tr>\n<td>030<\/td>\n<td>&#8212;&#8212;-<\/td>\n<td><a id=\"style16\" target=\"_blank\" href=\"DOCS\/deliberacoes\/consu\/Deliberacoes_2002\/Delib030CONSU2002.pdf\">Revogar a Delibera\u00e7\u00e3o n\u00ba03 de 1995, instituir Grupo de Trabalho para exposi\u00e7\u00e3o de motivos e fixar os pre\u00e7os referente ao dejejum, almo\u00e7o e jantar&#8230;<\/a> <\/td>\n<td> <a class=\"style16\" target=\"_blank\" href=\"DOCS\/deliberacoes\/consu\/Deliberacoes_2002\/Delib030CONSU2002.pdf\"><img decoding=\"async\" src=\"IMAGENS\/pdf.gif\"> <\/a><\/td>\n<\/tr>\n<\/tbody>\n<\/table>\n","protected":false},"excerpt":{"rendered":"<p>N\u00b0 delib Processo Assunto Ver 001 &#8212;&#8212;- Conv\u00eanios, Termos, Protocolos e Contratos: EMBRAPA, Base de Fuzileiros Navais do Rio Meriti, <a class=\"read-more\" style=\"font-size:12px;\" href=\"https:\/\/institucional.ufrrj.br\/soc\/conselho-universitario-2\/deliberacoes-consu-2002\/\">&#8230; Continue lendo <i class=\"fa fa-long-arrow-right\"><\/i><\/a><\/p>\n","protected":false},"author":427,"featured_media":0,"parent":187,"menu_order":0,"comment_status":"closed","ping_status":"closed","template":"","meta":{"_acf_changed":false,"footnotes":"","_links_to":"","_links_to_target":""},"class_list":["post-262","page","type-page","status-publish","hentry"],"yoast_head":"<!-- This site is optimized with the Yoast SEO plugin v27.2 - https:\/\/yoast.com\/product\/yoast-seo-wordpress\/ -->\n<title>Delibera\u00e7\u00f5es Consu 2002 - SOC<\/title>\n<meta name=\"robots\" content=\"index, follow, max-snippet:-1, max-image-preview:large, max-video-preview:-1\" \/>\n<link rel=\"canonical\" href=\"https:\/\/institucional.ufrrj.br\/soc\/conselho-universitario-2\/deliberacoes-consu-2002\/\" \/>\n<meta property=\"og:locale\" content=\"pt_BR\" \/>\n<meta property=\"og:type\" content=\"article\" \/>\n<meta property=\"og:title\" content=\"Delibera\u00e7\u00f5es Consu 2002 - SOC\" \/>\n<meta property=\"og:description\" content=\"N\u00b0 delib Processo Assunto Ver 001 &#8212;&#8212;- Conv\u00eanios, Termos, Protocolos e Contratos: EMBRAPA, Base de Fuzileiros Navais do Rio Meriti, ... Continue lendo\" \/>\n<meta property=\"og:url\" content=\"https:\/\/institucional.ufrrj.br\/soc\/conselho-universitario-2\/deliberacoes-consu-2002\/\" \/>\n<meta property=\"og:site_name\" content=\"SOC\" \/>\n<meta name=\"twitter:card\" content=\"summary_large_image\" \/>\n<meta name=\"twitter:label1\" content=\"Est. tempo de leitura\" \/>\n\t<meta name=\"twitter:data1\" content=\"3 minutos\" \/>\n<script type=\"application\/ld+json\" class=\"yoast-schema-graph\">{\"@context\":\"https:\/\/schema.org\",\"@graph\":[{\"@type\":\"WebPage\",\"@id\":\"https:\/\/institucional.ufrrj.br\/soc\/conselho-universitario-2\/deliberacoes-consu-2002\/\",\"url\":\"https:\/\/institucional.ufrrj.br\/soc\/conselho-universitario-2\/deliberacoes-consu-2002\/\",\"name\":\"Delibera\u00e7\u00f5es Consu 2002 - SOC\",\"isPartOf\":{\"@id\":\"https:\/\/institucional.ufrrj.br\/soc\/#website\"},\"datePublished\":\"2015-09-23T18:54:51+00:00\",\"breadcrumb\":{\"@id\":\"https:\/\/institucional.ufrrj.br\/soc\/conselho-universitario-2\/deliberacoes-consu-2002\/#breadcrumb\"},\"inLanguage\":\"pt-BR\",\"potentialAction\":[{\"@type\":\"ReadAction\",\"target\":[\"https:\/\/institucional.ufrrj.br\/soc\/conselho-universitario-2\/deliberacoes-consu-2002\/\"]}]},{\"@type\":\"BreadcrumbList\",\"@id\":\"https:\/\/institucional.ufrrj.br\/soc\/conselho-universitario-2\/deliberacoes-consu-2002\/#breadcrumb\",\"itemListElement\":[{\"@type\":\"ListItem\",\"position\":1,\"name\":\"In\u00edcio\",\"item\":\"https:\/\/institucional.ufrrj.br\/soc\/\"},{\"@type\":\"ListItem\",\"position\":2,\"name\":\"CONSELHO UNIVERSIT\u00c1RIO\",\"item\":\"https:\/\/institucional.ufrrj.br\/soc\/conselho-universitario-2\/\"},{\"@type\":\"ListItem\",\"position\":3,\"name\":\"Delibera\u00e7\u00f5es Consu 2002\"}]},{\"@type\":\"WebSite\",\"@id\":\"https:\/\/institucional.ufrrj.br\/soc\/#website\",\"url\":\"https:\/\/institucional.ufrrj.br\/soc\/\",\"name\":\"SOC\",\"description\":\"Secretaria dos \u00d3rg\u00e3os Colegiados - UFRRJ\",\"potentialAction\":[{\"@type\":\"SearchAction\",\"target\":{\"@type\":\"EntryPoint\",\"urlTemplate\":\"https:\/\/institucional.ufrrj.br\/soc\/?s={search_term_string}\"},\"query-input\":{\"@type\":\"PropertyValueSpecification\",\"valueRequired\":true,\"valueName\":\"search_term_string\"}}],\"inLanguage\":\"pt-BR\"}]}<\/script>\n<!-- \/ Yoast SEO plugin. -->","yoast_head_json":{"title":"Delibera\u00e7\u00f5es Consu 2002 - SOC","robots":{"index":"index","follow":"follow","max-snippet":"max-snippet:-1","max-image-preview":"max-image-preview:large","max-video-preview":"max-video-preview:-1"},"canonical":"https:\/\/institucional.ufrrj.br\/soc\/conselho-universitario-2\/deliberacoes-consu-2002\/","og_locale":"pt_BR","og_type":"article","og_title":"Delibera\u00e7\u00f5es Consu 2002 - SOC","og_description":"N\u00b0 delib Processo Assunto Ver 001 &#8212;&#8212;- Conv\u00eanios, Termos, Protocolos e Contratos: EMBRAPA, Base de Fuzileiros Navais do Rio Meriti, ... Continue lendo","og_url":"https:\/\/institucional.ufrrj.br\/soc\/conselho-universitario-2\/deliberacoes-consu-2002\/","og_site_name":"SOC","twitter_card":"summary_large_image","twitter_misc":{"Est. tempo de leitura":"3 minutos"},"schema":{"@context":"https:\/\/schema.org","@graph":[{"@type":"WebPage","@id":"https:\/\/institucional.ufrrj.br\/soc\/conselho-universitario-2\/deliberacoes-consu-2002\/","url":"https:\/\/institucional.ufrrj.br\/soc\/conselho-universitario-2\/deliberacoes-consu-2002\/","name":"Delibera\u00e7\u00f5es Consu 2002 - SOC","isPartOf":{"@id":"https:\/\/institucional.ufrrj.br\/soc\/#website"},"datePublished":"2015-09-23T18:54:51+00:00","breadcrumb":{"@id":"https:\/\/institucional.ufrrj.br\/soc\/conselho-universitario-2\/deliberacoes-consu-2002\/#breadcrumb"},"inLanguage":"pt-BR","potentialAction":[{"@type":"ReadAction","target":["https:\/\/institucional.ufrrj.br\/soc\/conselho-universitario-2\/deliberacoes-consu-2002\/"]}]},{"@type":"BreadcrumbList","@id":"https:\/\/institucional.ufrrj.br\/soc\/conselho-universitario-2\/deliberacoes-consu-2002\/#breadcrumb","itemListElement":[{"@type":"ListItem","position":1,"name":"In\u00edcio","item":"https:\/\/institucional.ufrrj.br\/soc\/"},{"@type":"ListItem","position":2,"name":"CONSELHO UNIVERSIT\u00c1RIO","item":"https:\/\/institucional.ufrrj.br\/soc\/conselho-universitario-2\/"},{"@type":"ListItem","position":3,"name":"Delibera\u00e7\u00f5es Consu 2002"}]},{"@type":"WebSite","@id":"https:\/\/institucional.ufrrj.br\/soc\/#website","url":"https:\/\/institucional.ufrrj.br\/soc\/","name":"SOC","description":"Secretaria dos \u00d3rg\u00e3os Colegiados - UFRRJ","potentialAction":[{"@type":"SearchAction","target":{"@type":"EntryPoint","urlTemplate":"https:\/\/institucional.ufrrj.br\/soc\/?s={search_term_string}"},"query-input":{"@type":"PropertyValueSpecification","valueRequired":true,"valueName":"search_term_string"}}],"inLanguage":"pt-BR"}]}},"acf":[],"_links":{"self":[{"href":"https:\/\/institucional.ufrrj.br\/soc\/wp-json\/wp\/v2\/pages\/262","targetHints":{"allow":["GET"]}}],"collection":[{"href":"https:\/\/institucional.ufrrj.br\/soc\/wp-json\/wp\/v2\/pages"}],"about":[{"href":"https:\/\/institucional.ufrrj.br\/soc\/wp-json\/wp\/v2\/types\/page"}],"author":[{"embeddable":true,"href":"https:\/\/institucional.ufrrj.br\/soc\/wp-json\/wp\/v2\/users\/427"}],"replies":[{"embeddable":true,"href":"https:\/\/institucional.ufrrj.br\/soc\/wp-json\/wp\/v2\/comments?post=262"}],"version-history":[{"count":2,"href":"https:\/\/institucional.ufrrj.br\/soc\/wp-json\/wp\/v2\/pages\/262\/revisions"}],"predecessor-version":[{"id":2512,"href":"https:\/\/institucional.ufrrj.br\/soc\/wp-json\/wp\/v2\/pages\/262\/revisions\/2512"}],"up":[{"embeddable":true,"href":"https:\/\/institucional.ufrrj.br\/soc\/wp-json\/wp\/v2\/pages\/187"}],"wp:attachment":[{"href":"https:\/\/institucional.ufrrj.br\/soc\/wp-json\/wp\/v2\/media?parent=262"}],"curies":[{"name":"wp","href":"https:\/\/api.w.org\/{rel}","templated":true}]}}