{"id":258,"date":"2015-09-23T18:49:52","date_gmt":"2015-09-23T18:49:52","guid":{"rendered":"http:\/\/institucional.ufrrj.br\/soc\/?page_id=258"},"modified":"2015-09-23T18:49:52","modified_gmt":"2015-09-23T18:49:52","slug":"deliberacoes-consu-2004","status":"publish","type":"page","link":"https:\/\/institucional.ufrrj.br\/soc\/conselho-universitario-2\/deliberacoes-consu-2004\/","title":{"rendered":"Delibera\u00e7\u00f5es Consu 2004"},"content":{"rendered":"<table id=\"tabelas\" summary=\"Delibera\u00e7\u00f5es do Conselho Universit\u00e1rio 2004\">\n<thead>\n<tr>\n<th>N\u00b0 delib<\/th>\n<th>Processo<\/th>\n<th>Assunto<\/th>\n<th>Ver<\/th>\n<\/tr>\n<\/thead>\n<tfoot>\n<tr>\n<th><\/th>\n<th><\/th>\n<th><\/th>\n<th><\/th>\n<\/tr>\n<\/tfoot>\n<tbody>\n<tr>\n<td>001<\/td>\n<td>23083.008521\/2002-82<\/td>\n<td class=\"style9\"><a id=\"style16\" href=\"http:\/\/ufrrj.br\/soc\/DOCS\/deliberacoes\/consu\/Deliberacoes_2004\/Delib001CONSU2004.pdf\" target=\"_blank\">Emitir parecer favor\u00e1vel \u00e0 permiss\u00e3o de uso de \u00e1rea dessa Universidade a favor da companhia distribuidora de G\u00e1s do Rio de Janeiro-CEG&#8230;.<\/a><\/td>\n<td><a class=\"style16\" href=\"http:\/\/ufrrj.br\/soc\/DOCS\/deliberacoes\/consu\/Deliberacoes_2004\/Delib001CONSU2004.pdf\" target=\"_blank\"><img decoding=\"async\" src=\"http:\/\/ufrrj.br\/soc\/IMAGENS\/pdf.gif\" alt=\"\" \/><\/a><\/td>\n<\/tr>\n<tr>\n<td>002<\/td>\n<td>&#8212;&#8212;<\/td>\n<td><a id=\"style16\" href=\"http:\/\/ufrrj.br\/soc\/DOCS\/deliberacoes\/consu\/Deliberacoes_2004\/Delib002CONSU2004.pdf\" target=\"_blank\">Aprovar que os recursos destinados \u00e0 assist\u00eancia ao educando do ensino de gradua\u00e7\u00e3o dever\u00e1 subsidiar o Restaurante Universit\u00e1rio&#8230;<\/a><\/td>\n<td><a class=\"style16\" href=\"http:\/\/ufrrj.br\/soc\/DOCS\/deliberacoes\/consu\/Deliberacoes_2004\/Delib002CONSU2004.pdf\" target=\"_blank\"><img decoding=\"async\" src=\"http:\/\/ufrrj.br\/soc\/IMAGENS\/pdf.gif\" alt=\"\" \/><\/a><\/td>\n<\/tr>\n<tr>\n<td>003<\/td>\n<td>&#8212;&#8212;<\/td>\n<td><a id=\"style16\" href=\"http:\/\/ufrrj.br\/soc\/DOCS\/deliberacoes\/consu\/Deliberacoes_2004\/Delib003CONSU2004.pdf\" target=\"_blank\">Aprovar os acordos de Coopera\u00e7\u00e3o, Conv\u00eanios e Protocolo de Inten\u00e7\u00f5es&#8230;.<\/a><\/td>\n<td><a class=\"style16\" href=\"http:\/\/ufrrj.br\/soc\/DOCS\/deliberacoes\/consu\/Deliberacoes_2004\/Delib003CONSU2004.pdf\" target=\"_blank\"><img decoding=\"async\" src=\"http:\/\/ufrrj.br\/soc\/IMAGENS\/pdf.gif\" alt=\"\" \/><\/a><\/td>\n<\/tr>\n<tr>\n<td>004<\/td>\n<td>&#8212;&#8212;<\/td>\n<td><a id=\"style16\" href=\"http:\/\/ufrrj.br\/soc\/DOCS\/deliberacoes\/consu\/Deliberacoes_2004\/Delib004CONSU2004.pdf\" target=\"_blank\">Aprovar a presta\u00e7\u00e3o de Contas do Ordenador de Despesas dessa Universidade, referente ao exerc\u00edcio de 2003&#8230;.<\/a><\/td>\n<td><a class=\"style16\" href=\"http:\/\/ufrrj.br\/soc\/DOCS\/deliberacoes\/consu\/Deliberacoes_2004\/Delib004CONSU2004.pdf\" target=\"_blank\"><img decoding=\"async\" src=\"http:\/\/ufrrj.br\/soc\/IMAGENS\/pdf.gif\" alt=\"\" \/><\/a><\/td>\n<\/tr>\n<tr>\n<td>005<\/td>\n<td>23083.006276\/2002-60<\/td>\n<td><a id=\"style16\" href=\"http:\/\/ufrrj.br\/soc\/DOCS\/deliberacoes\/consu\/Deliberacoes_2004\/Delib005CONSU2004.pdf\" target=\"_blank\">Aprovar a transforma\u00e7\u00e3o do im\u00f3vel situado \u00e0 Rua UAP N\u00ba 01, em \u201cPr\u00e9dio Administrativo\u201d&#8230;<\/a><\/td>\n<td><a class=\"style16\" href=\"http:\/\/ufrrj.br\/soc\/DOCS\/deliberacoes\/consu\/Deliberacoes_2004\/Delib005CONSU2004.pdf\" target=\"_blank\"><img decoding=\"async\" src=\"http:\/\/ufrrj.br\/soc\/IMAGENS\/pdf.gif\" alt=\"\" \/><\/a><\/td>\n<\/tr>\n<tr>\n<td>006<\/td>\n<td>23083.006277\/2002-22<\/td>\n<td><a id=\"style16\" href=\"http:\/\/ufrrj.br\/soc\/DOCS\/deliberacoes\/consu\/Deliberacoes_2004\/Delib006CONSU2004.pdf\" target=\"_blank\">Aprovar a transforma\u00e7\u00e3o do im\u00f3vel situado \u00e0 Rua UBE N\u00ba 01, em \u201cPr\u00e9dio Administrativo\u201d&#8230;<\/a><\/td>\n<td><a class=\"style16\" href=\"http:\/\/ufrrj.br\/soc\/DOCS\/deliberacoes\/consu\/Deliberacoes_2004\/Delib006CONSU2004.pdf\" target=\"_blank\"><img decoding=\"async\" src=\"http:\/\/ufrrj.br\/soc\/IMAGENS\/pdf.gif\" alt=\"\" \/><\/a><\/td>\n<\/tr>\n<tr>\n<td>007<\/td>\n<td>23083.006278\/2002-95<\/td>\n<td><a id=\"style16\" href=\"http:\/\/ufrrj.br\/soc\/DOCS\/deliberacoes\/consu\/Deliberacoes_2004\/Delib007CONSU2004.pdf\" target=\"_blank\">Aprovar a transforma\u00e7\u00e3o do im\u00f3vel situado \u00e0 Estrada dos Bandeirantes N\u00ba 01, em \u201cPr\u00e9dio Administrativo\u201d&#8230;<\/a><\/td>\n<td><a class=\"style16\" href=\"http:\/\/ufrrj.br\/soc\/DOCS\/deliberacoes\/consu\/Deliberacoes_2004\/Delib007CONSU2004.pdf\" target=\"_blank\"><img decoding=\"async\" src=\"http:\/\/ufrrj.br\/soc\/IMAGENS\/pdf.gif\" alt=\"\" \/><\/a><\/td>\n<\/tr>\n<tr>\n<td>008<\/td>\n<td>23083.006279\/2002-60<\/td>\n<td><a id=\"style16\" href=\"http:\/\/ufrrj.br\/soc\/DOCS\/deliberacoes\/consu\/Deliberacoes_2004\/Delib008CONSU2004.pdf\" target=\"_blank\">Aprovar a transforma\u00e7\u00e3o do im\u00f3vel situado \u00e0 Rua Fazenda da Floresta s\/N\u00ba, em \u201cPr\u00e9dio Administrativo\u201d&#8230;<\/a><\/td>\n<td><a class=\"style16\" href=\"http:\/\/ufrrj.br\/soc\/DOCS\/deliberacoes\/consu\/Deliberacoes_2004\/Delib008CONSU2004.pdf\" target=\"_blank\"><img decoding=\"async\" src=\"http:\/\/ufrrj.br\/soc\/IMAGENS\/pdf.gif\" alt=\"\" \/><\/a><\/td>\n<\/tr>\n<tr>\n<td>009<\/td>\n<td>23083.000330\/2004-52<\/td>\n<td><a id=\"style16\" href=\"http:\/\/ufrrj.br\/soc\/DOCS\/deliberacoes\/consu\/Deliberacoes_2004\/Delib009CONSU2004.pdf\" target=\"_blank\">Homologar o Relat\u00f3rio de Atividades da Comiss\u00e3o Permanente de distribui\u00e7\u00e3o de Resid\u00eancias-CPDR&#8230;<\/a><\/td>\n<td><a class=\"style16\" href=\"http:\/\/ufrrj.br\/soc\/DOCS\/deliberacoes\/consu\/Deliberacoes_2004\/Delib009CONSU2004.pdf\" target=\"_blank\"><img decoding=\"async\" src=\"http:\/\/ufrrj.br\/soc\/IMAGENS\/pdf.gif\" alt=\"\" \/><\/a><\/td>\n<\/tr>\n<tr>\n<td>010<\/td>\n<td>&#8212;&#8212;-<\/td>\n<td><a id=\"style16\" href=\"http:\/\/ufrrj.br\/soc\/DOCS\/deliberacoes\/consu\/Deliberacoes_2004\/Delib010CONSU2004.pdf\" target=\"_blank\">Homologar os Acordos de Coopera\u00e7\u00e3o, Termo Aditivo, Conv\u00eanios, Termo de Cess\u00e3o de Uso, Termos de Conv\u00eanios, Termo de Contrato e Protocolo de Inten\u00e7\u00f5es&#8230;<\/a><\/td>\n<td><a class=\"style16\" href=\"http:\/\/ufrrj.br\/soc\/DOCS\/deliberacoes\/consu\/Deliberacoes_2004\/Delib010CONSU2004.pdf\" target=\"_blank\"><img decoding=\"async\" src=\"http:\/\/ufrrj.br\/soc\/IMAGENS\/pdf.gif\" alt=\"\" \/><\/a><\/td>\n<\/tr>\n<tr>\n<td>011<\/td>\n<td>&#8212;&#8212;-<\/td>\n<td><a id=\"style16\" href=\"http:\/\/ufrrj.br\/soc\/DOCS\/deliberacoes\/consu\/Deliberacoes_2004\/Delib011CONSU2004.pdf\" target=\"_blank\">Alterar o t\u00e9rmino do primeiro semestre letivo de 2004, para o campus Serop\u00e9dica-RJ&#8230;<\/a><\/td>\n<td><a class=\"style16\" href=\"http:\/\/ufrrj.br\/soc\/DOCS\/deliberacoes\/consu\/Deliberacoes_2004\/Delib011CONSU2004.pdf\" target=\"_blank\"><img decoding=\"async\" src=\"http:\/\/ufrrj.br\/soc\/IMAGENS\/pdf.gif\" alt=\"\" \/><\/a><\/td>\n<\/tr>\n<tr>\n<td>012<\/td>\n<td>&#8212;&#8212;-<\/td>\n<td><a id=\"style16\" href=\"http:\/\/ufrrj.br\/soc\/DOCS\/deliberacoes\/consu\/Deliberacoes_2004\/Delib012CONSU2004.pdf\" target=\"_blank\">Homologar o Acordo de Coopera\u00e7\u00e3o, o Contrato de Concess\u00e3o de Direito Real de Uso de Im\u00f3vel e Termos Aditivos&#8230;<\/a><\/td>\n<td><a class=\"style16\" href=\"http:\/\/ufrrj.br\/soc\/DOCS\/deliberacoes\/consu\/Deliberacoes_2004\/Delib012CONSU2004.pdf\" target=\"_blank\"><img decoding=\"async\" src=\"http:\/\/ufrrj.br\/soc\/IMAGENS\/pdf.gif\" alt=\"\" \/><\/a><\/td>\n<\/tr>\n<tr>\n<td>013<\/td>\n<td>23083.003087\/2004-42<\/td>\n<td><a id=\"style16\" href=\"http:\/\/ufrrj.br\/soc\/DOCS\/deliberacoes\/consu\/Deliberacoes_2004\/Delib013CONSU2004.pdf\" target=\"_blank\">Homologar o Relat\u00f3rio de Atividades da Comiss\u00e3o Permanente de distribui\u00e7\u00e3o de Resid\u00eancias-CPDR, referente ao per\u00edodo de Janeiro a Mar\u00e7o de 2004&#8230;<\/a><\/td>\n<td><a class=\"style16\" href=\"http:\/\/ufrrj.br\/soc\/DOCS\/deliberacoes\/consu\/Deliberacoes_2004\/Delib013CONSU2004.pdf\" target=\"_blank\"><img decoding=\"async\" src=\"http:\/\/ufrrj.br\/soc\/IMAGENS\/pdf.gif\" alt=\"\" \/><\/a><\/td>\n<\/tr>\n<tr>\n<td>014<\/td>\n<td>23083.003107\/2004-58<\/td>\n<td><a id=\"style16\" href=\"http:\/\/ufrrj.br\/soc\/DOCS\/deliberacoes\/consu\/Deliberacoes_2004\/Delib014CONSU2004.pdf\" target=\"_blank\">Autorizar o funcionamento de uma turma do Curso de Gradua\u00e7\u00e3o em Administra\u00e7\u00e3o, no munic\u00edpio de Volta Redonda-RJ&#8230;<\/a><\/td>\n<td><a class=\"style16\" href=\"http:\/\/ufrrj.br\/soc\/DOCS\/deliberacoes\/consu\/Deliberacoes_2004\/Delib014CONSU2004.pdf\" target=\"_blank\"><img decoding=\"async\" src=\"http:\/\/ufrrj.br\/soc\/IMAGENS\/pdf.gif\" alt=\"\" \/><\/a><\/td>\n<\/tr>\n<tr>\n<td>015<\/td>\n<td>23083.003108\/2004-11<\/td>\n<td><a id=\"style16\" href=\"http:\/\/ufrrj.br\/soc\/DOCS\/deliberacoes\/consu\/Deliberacoes_2004\/Delib015CONSU2004.pdf\" target=\"_blank\">Autorizar o funcionamento de uma turma do Curso de Gradua\u00e7\u00e3o em Administra\u00e7\u00e3o, no munic\u00edpio de Nova Igua\u00e7u-RJ&#8230;<\/a><\/td>\n<td><a class=\"style16\" href=\"http:\/\/ufrrj.br\/soc\/DOCS\/deliberacoes\/consu\/Deliberacoes_2004\/Delib015CONSU2004.pdf\" target=\"_blank\"><img decoding=\"async\" src=\"http:\/\/ufrrj.br\/soc\/IMAGENS\/pdf.gif\" alt=\"\" \/><\/a><\/td>\n<\/tr>\n<tr>\n<td>016<\/td>\n<td>&#8212;&#8212;-<\/td>\n<td><a id=\"style16\" href=\"http:\/\/ufrrj.br\/soc\/DOCS\/deliberacoes\/consu\/Deliberacoes_2004\/Delib016CONSU2004.pdf\" target=\"_blank\">Homologar os Protocolos de Inten\u00e7\u00f5es&#8230;<\/a><\/td>\n<td><a class=\"style16\" href=\"http:\/\/ufrrj.br\/soc\/DOCS\/deliberacoes\/consu\/Deliberacoes_2004\/Delib016CONSU2004.pdf\" target=\"_blank\"><img decoding=\"async\" src=\"http:\/\/ufrrj.br\/soc\/IMAGENS\/pdf.gif\" alt=\"\" \/><\/a><\/td>\n<\/tr>\n<tr>\n<td>017<\/td>\n<td>&#8212;&#8212;-<\/td>\n<td><a id=\"style16\" href=\"http:\/\/ufrrj.br\/soc\/DOCS\/deliberacoes\/consu\/Deliberacoes_2004\/Delib017CONSU2004.pdf\" target=\"_blank\">Interromper o 1\u00ba per\u00edodo letivo de 2004 e assegurar ao discentes os direitos gerados pelo cumprimento das atividades de ensino referente ao mesmo&#8230;<\/a><\/td>\n<td><a class=\"style16\" href=\"http:\/\/ufrrj.br\/soc\/DOCS\/deliberacoes\/consu\/Deliberacoes_2004\/Delib017CONSU2004.pdf\" target=\"_blank\"><img decoding=\"async\" src=\"http:\/\/ufrrj.br\/soc\/IMAGENS\/pdf.gif\" alt=\"\" \/><\/a><\/td>\n<\/tr>\n<tr>\n<td>018<\/td>\n<td>&#8212;&#8212;-<\/td>\n<td><a id=\"style16\" href=\"http:\/\/ufrrj.br\/soc\/DOCS\/deliberacoes\/consu\/Deliberacoes_2004\/Delib018CONSU2004.pdf\" target=\"_blank\">Fixar os dias para o rein\u00edcio e termino do 1\u00ba per\u00edodo letivo de 2004&#8230;<\/a><\/td>\n<td><a class=\"style16\" href=\"http:\/\/ufrrj.br\/soc\/DOCS\/deliberacoes\/consu\/Deliberacoes_2004\/Delib018CONSU2004.pdf\" target=\"_blank\"><img decoding=\"async\" src=\"http:\/\/ufrrj.br\/soc\/IMAGENS\/pdf.gif\" alt=\"\" \/><\/a><\/td>\n<\/tr>\n<tr>\n<td>019<\/td>\n<td>23083.002166\/2003-09<\/td>\n<td><a id=\"style16\" href=\"http:\/\/ufrrj.br\/soc\/DOCS\/deliberacoes\/consu\/Deliberacoes_2004\/Delib019CONSU2004.pdf\" target=\"_blank\">Autorizar o funcionamento da 6\u00aa turma do Curso de P\u00f3s-gradua\u00e7\u00e3o \u2013 lato sensu \u2013 em Gest\u00e3o e Estrat\u00e9gias no Agroneg\u00f3cio..<\/a><\/td>\n<td><a class=\"style16\" href=\"http:\/\/ufrrj.br\/soc\/DOCS\/deliberacoes\/consu\/Deliberacoes_2004\/Delib019CONSU2004.pdf\" target=\"_blank\"><img decoding=\"async\" src=\"http:\/\/ufrrj.br\/soc\/IMAGENS\/pdf.gif\" alt=\"\" \/><\/a><\/td>\n<\/tr>\n<tr>\n<td>020<\/td>\n<td>&#8212;&#8212;-<\/td>\n<td><a id=\"style16\" href=\"http:\/\/ufrrj.br\/soc\/DOCS\/deliberacoes\/consu\/Deliberacoes_2004\/Delib020CONSU2004.pdf\" target=\"_blank\">Homologar os Acordos de Coopera\u00e7\u00e3o, Conv\u00eanios, Termos de Conv\u00eanios e Protocolo de Inten\u00e7\u00f5es&#8230;<\/a><\/td>\n<td><a class=\"style16\" href=\"http:\/\/ufrrj.br\/soc\/DOCS\/deliberacoes\/consu\/Deliberacoes_2004\/Delib020CONSU2004.pdf\" target=\"_blank\"><img decoding=\"async\" src=\"http:\/\/ufrrj.br\/soc\/IMAGENS\/pdf.gif\" alt=\"\" \/><\/a><\/td>\n<\/tr>\n<tr>\n<td>021<\/td>\n<td>23083.007123\/2003-75<\/td>\n<td><a id=\"style16\" href=\"http:\/\/ufrrj.br\/soc\/DOCS\/deliberacoes\/consu\/Deliberacoes_2004\/Delib021CONSU2004.pdf\" target=\"_blank\">Institucionalizar a Coordenadoria de Ensino a Dist\u00e2ncia (CEAD) da UFRRJ&#8230;<\/a><\/td>\n<td><a class=\"style16\" href=\"http:\/\/ufrrj.br\/soc\/DOCS\/deliberacoes\/consu\/Deliberacoes_2004\/Delib021CONSU2004.pdf\" target=\"_blank\"><img decoding=\"async\" src=\"http:\/\/ufrrj.br\/soc\/IMAGENS\/pdf.gif\" alt=\"\" \/><\/a><\/td>\n<\/tr>\n<tr>\n<td>022<\/td>\n<td>23083.004128\/2004-63<\/td>\n<td><a id=\"style16\" href=\"http:\/\/ufrrj.br\/soc\/DOCS\/deliberacoes\/consu\/Deliberacoes_2004\/Delib022CONSU2004.pdf\" target=\"_blank\">Institucionalizar a Coordenadoria de Gest\u00e3o para Excel\u00eancia Institucional da UFRRJ&#8230;<\/a><\/td>\n<td><a class=\"style16\" href=\"http:\/\/ufrrj.br\/soc\/DOCS\/deliberacoes\/consu\/Deliberacoes_2004\/Delib022CONSU2004.pdf\" target=\"_blank\"><img decoding=\"async\" src=\"http:\/\/ufrrj.br\/soc\/IMAGENS\/pdf.gif\" alt=\"\" \/><\/a><\/td>\n<\/tr>\n<tr>\n<td>023<\/td>\n<td>23083.004911\/2004-27<\/td>\n<td><a id=\"style16\" href=\"http:\/\/ufrrj.br\/soc\/DOCS\/deliberacoes\/consu\/Deliberacoes_2004\/Delib023CONSU2004.pdf\" target=\"_blank\">Autorizar o funcionamento de uma turma do Curso de Gradua\u00e7\u00e3o em Administra\u00e7\u00e3o, em conv\u00eanio dom o CEDERJ&#8230;<\/a><\/td>\n<td><a class=\"style16\" href=\"http:\/\/ufrrj.br\/soc\/DOCS\/deliberacoes\/consu\/Deliberacoes_2004\/Delib023CONSU2004.pdf\" target=\"_blank\"><img decoding=\"async\" src=\"http:\/\/ufrrj.br\/soc\/IMAGENS\/pdf.gif\" alt=\"\" \/><\/a><\/td>\n<\/tr>\n<tr>\n<td>024<\/td>\n<td>23083.008239\/2002-12<\/td>\n<td><a id=\"style16\" href=\"http:\/\/ufrrj.br\/soc\/DOCS\/deliberacoes\/consu\/Deliberacoes_2004\/Delib024CONSU2004.pdf\" target=\"_blank\">Autorizar o funcionamento da 2\u00aa turma do Curso de P\u00f3s-gradua\u00e7\u00e3o \u2013 lato sensu \u2013 em Psicomotricidade na Escola&#8230;<\/a><\/td>\n<td><a class=\"style16\" href=\"http:\/\/ufrrj.br\/soc\/DOCS\/deliberacoes\/consu\/Deliberacoes_2004\/Delib024CONSU2004.pdf\" target=\"_blank\"><img decoding=\"async\" src=\"http:\/\/ufrrj.br\/soc\/IMAGENS\/pdf.gif\" alt=\"\" \/><\/a><\/td>\n<\/tr>\n<tr>\n<td>025<\/td>\n<td>&#8212;&#8212;-<\/td>\n<td><a id=\"style16\" href=\"http:\/\/ufrrj.br\/soc\/DOCS\/deliberacoes\/consu\/Deliberacoes_2004\/Delib025CONSU2004.pdf\" target=\"_blank\">Instituir o Col\u00e9gio Eleitoral para condu\u00e7\u00e3o do processo de escolha de Reitor e de Vice-reitor dessa Universidade&#8230;<\/a><\/td>\n<td><a class=\"style16\" href=\"http:\/\/ufrrj.br\/soc\/DOCS\/deliberacoes\/consu\/Deliberacoes_2004\/Delib025CONSU2004.pdf\" target=\"_blank\"><img decoding=\"async\" src=\"http:\/\/ufrrj.br\/soc\/IMAGENS\/pdf.gif\" alt=\"\" \/><\/a><\/td>\n<\/tr>\n<tr>\n<td>026<\/td>\n<td>&#8212;&#8212;-<\/td>\n<td><a id=\"style16\" href=\"http:\/\/ufrrj.br\/soc\/DOCS\/deliberacoes\/consu\/Deliberacoes_2004\/Delib026CONSU2004.pdf\" target=\"_blank\">Aprovar Calend\u00e1rio para realiza\u00e7\u00e3o do processo de escolha de Reitor e de Vice-reitor dessa Universidade..<\/a><\/td>\n<td><a class=\"style16\" href=\"http:\/\/ufrrj.br\/soc\/DOCS\/deliberacoes\/consu\/Deliberacoes_2004\/Delib026CONSU2004.pdf\" target=\"_blank\"><img decoding=\"async\" src=\"http:\/\/ufrrj.br\/soc\/IMAGENS\/pdf.gif\" alt=\"\" \/><\/a><\/td>\n<\/tr>\n<tr>\n<td>027<\/td>\n<td>23083.004060\/2004-21<\/td>\n<td><a id=\"style16\" href=\"http:\/\/ufrrj.br\/soc\/DOCS\/deliberacoes\/consu\/Deliberacoes_2004\/Delib027CONSU2004.pdf\" target=\"_blank\">Autorizar o funcionamento da 1\u00aa turma do Curso de P\u00f3s-gradua\u00e7\u00e3o \u2013 lato sensu \u2013 a Dist\u00e2ncia em Psicopedagogia e Orienta\u00e7\u00e3o Educacional&#8230;<\/a><\/td>\n<td><a class=\"style16\" href=\"http:\/\/ufrrj.br\/soc\/DOCS\/deliberacoes\/consu\/Deliberacoes_2004\/Delib027CONSU2004.pdf\" target=\"_blank\"><img decoding=\"async\" src=\"http:\/\/ufrrj.br\/soc\/IMAGENS\/pdf.gif\" alt=\"\" \/><\/a><\/td>\n<\/tr>\n<tr>\n<td>028<\/td>\n<td>23083.004061\/2004-94<\/td>\n<td><a id=\"style16\" href=\"http:\/\/ufrrj.br\/soc\/DOCS\/deliberacoes\/consu\/Deliberacoes_2004\/Delib028CONSU2004.pdf\" target=\"_blank\">Autorizar o funcionamento da 1\u00aa turma do Curso de P\u00f3s-gradua\u00e7\u00e3o \u2013 lato sensu \u2013 a Dist\u00e2ncia em Coordena\u00e7\u00e3o Pedag\u00f3gica&#8230;<\/a><\/td>\n<td><a class=\"style16\" href=\"http:\/\/ufrrj.br\/soc\/DOCS\/deliberacoes\/consu\/Deliberacoes_2004\/Delib028CONSU2004.pdf\" target=\"_blank\"><img decoding=\"async\" src=\"http:\/\/ufrrj.br\/soc\/IMAGENS\/pdf.gif\" alt=\"\" \/><\/a><\/td>\n<\/tr>\n<tr>\n<td>029<\/td>\n<td>&#8212;&#8212;-<\/td>\n<td><a id=\"style16\" href=\"http:\/\/ufrrj.br\/soc\/DOCS\/deliberacoes\/consu\/Deliberacoes_2004\/Delib029CONSU2004.pdf\" target=\"_blank\">Homologar Termo de Conv\u00eanio&#8230;<\/a><\/td>\n<td><a class=\"style16\" href=\"http:\/\/ufrrj.br\/soc\/DOCS\/deliberacoes\/consu\/Deliberacoes_2004\/Delib029CONSU2004.pdf\" target=\"_blank\"><img decoding=\"async\" src=\"http:\/\/ufrrj.br\/soc\/IMAGENS\/pdf.gif\" alt=\"\" \/><\/a><\/td>\n<\/tr>\n<\/tbody>\n<\/table>\n","protected":false},"excerpt":{"rendered":"<p>N\u00b0 delib Processo Assunto Ver 001 23083.008521\/2002-82 Emitir parecer favor\u00e1vel \u00e0 permiss\u00e3o de uso de \u00e1rea dessa Universidade a favor <a class=\"read-more\" style=\"font-size:12px;\" href=\"https:\/\/institucional.ufrrj.br\/soc\/conselho-universitario-2\/deliberacoes-consu-2004\/\">&#8230; Continue lendo <i class=\"fa fa-long-arrow-right\"><\/i><\/a><\/p>\n","protected":false},"author":427,"featured_media":0,"parent":187,"menu_order":0,"comment_status":"closed","ping_status":"closed","template":"","meta":{"_acf_changed":false,"footnotes":"","_links_to":"","_links_to_target":""},"class_list":["post-258","page","type-page","status-publish","hentry"],"yoast_head":"<!-- This site is optimized with the Yoast SEO plugin v27.2 - https:\/\/yoast.com\/product\/yoast-seo-wordpress\/ -->\n<title>Delibera\u00e7\u00f5es Consu 2004 - SOC<\/title>\n<meta name=\"robots\" content=\"index, follow, max-snippet:-1, max-image-preview:large, max-video-preview:-1\" \/>\n<link rel=\"canonical\" href=\"https:\/\/institucional.ufrrj.br\/soc\/conselho-universitario-2\/deliberacoes-consu-2004\/\" \/>\n<meta property=\"og:locale\" content=\"pt_BR\" \/>\n<meta property=\"og:type\" content=\"article\" \/>\n<meta property=\"og:title\" content=\"Delibera\u00e7\u00f5es Consu 2004 - SOC\" \/>\n<meta property=\"og:description\" content=\"N\u00b0 delib Processo Assunto Ver 001 23083.008521\/2002-82 Emitir parecer favor\u00e1vel \u00e0 permiss\u00e3o de uso de \u00e1rea dessa Universidade a favor ... Continue lendo\" \/>\n<meta property=\"og:url\" content=\"https:\/\/institucional.ufrrj.br\/soc\/conselho-universitario-2\/deliberacoes-consu-2004\/\" \/>\n<meta property=\"og:site_name\" content=\"SOC\" \/>\n<meta property=\"og:image\" content=\"http:\/\/ufrrj.br\/soc\/IMAGENS\/pdf.gif\" \/>\n<meta name=\"twitter:card\" content=\"summary_large_image\" \/>\n<meta name=\"twitter:label1\" content=\"Est. tempo de leitura\" \/>\n\t<meta name=\"twitter:data1\" content=\"3 minutos\" \/>\n<script type=\"application\/ld+json\" class=\"yoast-schema-graph\">{\"@context\":\"https:\/\/schema.org\",\"@graph\":[{\"@type\":\"WebPage\",\"@id\":\"https:\/\/institucional.ufrrj.br\/soc\/conselho-universitario-2\/deliberacoes-consu-2004\/\",\"url\":\"https:\/\/institucional.ufrrj.br\/soc\/conselho-universitario-2\/deliberacoes-consu-2004\/\",\"name\":\"Delibera\u00e7\u00f5es Consu 2004 - SOC\",\"isPartOf\":{\"@id\":\"https:\/\/institucional.ufrrj.br\/soc\/#website\"},\"primaryImageOfPage\":{\"@id\":\"https:\/\/institucional.ufrrj.br\/soc\/conselho-universitario-2\/deliberacoes-consu-2004\/#primaryimage\"},\"image\":{\"@id\":\"https:\/\/institucional.ufrrj.br\/soc\/conselho-universitario-2\/deliberacoes-consu-2004\/#primaryimage\"},\"thumbnailUrl\":\"http:\/\/ufrrj.br\/soc\/IMAGENS\/pdf.gif\",\"datePublished\":\"2015-09-23T18:49:52+00:00\",\"breadcrumb\":{\"@id\":\"https:\/\/institucional.ufrrj.br\/soc\/conselho-universitario-2\/deliberacoes-consu-2004\/#breadcrumb\"},\"inLanguage\":\"pt-BR\",\"potentialAction\":[{\"@type\":\"ReadAction\",\"target\":[\"https:\/\/institucional.ufrrj.br\/soc\/conselho-universitario-2\/deliberacoes-consu-2004\/\"]}]},{\"@type\":\"ImageObject\",\"inLanguage\":\"pt-BR\",\"@id\":\"https:\/\/institucional.ufrrj.br\/soc\/conselho-universitario-2\/deliberacoes-consu-2004\/#primaryimage\",\"url\":\"http:\/\/ufrrj.br\/soc\/IMAGENS\/pdf.gif\",\"contentUrl\":\"http:\/\/ufrrj.br\/soc\/IMAGENS\/pdf.gif\"},{\"@type\":\"BreadcrumbList\",\"@id\":\"https:\/\/institucional.ufrrj.br\/soc\/conselho-universitario-2\/deliberacoes-consu-2004\/#breadcrumb\",\"itemListElement\":[{\"@type\":\"ListItem\",\"position\":1,\"name\":\"In\u00edcio\",\"item\":\"https:\/\/institucional.ufrrj.br\/soc\/\"},{\"@type\":\"ListItem\",\"position\":2,\"name\":\"CONSELHO UNIVERSIT\u00c1RIO\",\"item\":\"https:\/\/institucional.ufrrj.br\/soc\/conselho-universitario-2\/\"},{\"@type\":\"ListItem\",\"position\":3,\"name\":\"Delibera\u00e7\u00f5es Consu 2004\"}]},{\"@type\":\"WebSite\",\"@id\":\"https:\/\/institucional.ufrrj.br\/soc\/#website\",\"url\":\"https:\/\/institucional.ufrrj.br\/soc\/\",\"name\":\"SOC\",\"description\":\"Secretaria dos \u00d3rg\u00e3os Colegiados - UFRRJ\",\"potentialAction\":[{\"@type\":\"SearchAction\",\"target\":{\"@type\":\"EntryPoint\",\"urlTemplate\":\"https:\/\/institucional.ufrrj.br\/soc\/?s={search_term_string}\"},\"query-input\":{\"@type\":\"PropertyValueSpecification\",\"valueRequired\":true,\"valueName\":\"search_term_string\"}}],\"inLanguage\":\"pt-BR\"}]}<\/script>\n<!-- \/ Yoast SEO plugin. -->","yoast_head_json":{"title":"Delibera\u00e7\u00f5es Consu 2004 - SOC","robots":{"index":"index","follow":"follow","max-snippet":"max-snippet:-1","max-image-preview":"max-image-preview:large","max-video-preview":"max-video-preview:-1"},"canonical":"https:\/\/institucional.ufrrj.br\/soc\/conselho-universitario-2\/deliberacoes-consu-2004\/","og_locale":"pt_BR","og_type":"article","og_title":"Delibera\u00e7\u00f5es Consu 2004 - SOC","og_description":"N\u00b0 delib Processo Assunto Ver 001 23083.008521\/2002-82 Emitir parecer favor\u00e1vel \u00e0 permiss\u00e3o de uso de \u00e1rea dessa Universidade a favor ... Continue lendo","og_url":"https:\/\/institucional.ufrrj.br\/soc\/conselho-universitario-2\/deliberacoes-consu-2004\/","og_site_name":"SOC","og_image":[{"url":"http:\/\/ufrrj.br\/soc\/IMAGENS\/pdf.gif","type":"","width":"","height":""}],"twitter_card":"summary_large_image","twitter_misc":{"Est. tempo de leitura":"3 minutos"},"schema":{"@context":"https:\/\/schema.org","@graph":[{"@type":"WebPage","@id":"https:\/\/institucional.ufrrj.br\/soc\/conselho-universitario-2\/deliberacoes-consu-2004\/","url":"https:\/\/institucional.ufrrj.br\/soc\/conselho-universitario-2\/deliberacoes-consu-2004\/","name":"Delibera\u00e7\u00f5es Consu 2004 - SOC","isPartOf":{"@id":"https:\/\/institucional.ufrrj.br\/soc\/#website"},"primaryImageOfPage":{"@id":"https:\/\/institucional.ufrrj.br\/soc\/conselho-universitario-2\/deliberacoes-consu-2004\/#primaryimage"},"image":{"@id":"https:\/\/institucional.ufrrj.br\/soc\/conselho-universitario-2\/deliberacoes-consu-2004\/#primaryimage"},"thumbnailUrl":"http:\/\/ufrrj.br\/soc\/IMAGENS\/pdf.gif","datePublished":"2015-09-23T18:49:52+00:00","breadcrumb":{"@id":"https:\/\/institucional.ufrrj.br\/soc\/conselho-universitario-2\/deliberacoes-consu-2004\/#breadcrumb"},"inLanguage":"pt-BR","potentialAction":[{"@type":"ReadAction","target":["https:\/\/institucional.ufrrj.br\/soc\/conselho-universitario-2\/deliberacoes-consu-2004\/"]}]},{"@type":"ImageObject","inLanguage":"pt-BR","@id":"https:\/\/institucional.ufrrj.br\/soc\/conselho-universitario-2\/deliberacoes-consu-2004\/#primaryimage","url":"http:\/\/ufrrj.br\/soc\/IMAGENS\/pdf.gif","contentUrl":"http:\/\/ufrrj.br\/soc\/IMAGENS\/pdf.gif"},{"@type":"BreadcrumbList","@id":"https:\/\/institucional.ufrrj.br\/soc\/conselho-universitario-2\/deliberacoes-consu-2004\/#breadcrumb","itemListElement":[{"@type":"ListItem","position":1,"name":"In\u00edcio","item":"https:\/\/institucional.ufrrj.br\/soc\/"},{"@type":"ListItem","position":2,"name":"CONSELHO UNIVERSIT\u00c1RIO","item":"https:\/\/institucional.ufrrj.br\/soc\/conselho-universitario-2\/"},{"@type":"ListItem","position":3,"name":"Delibera\u00e7\u00f5es Consu 2004"}]},{"@type":"WebSite","@id":"https:\/\/institucional.ufrrj.br\/soc\/#website","url":"https:\/\/institucional.ufrrj.br\/soc\/","name":"SOC","description":"Secretaria dos \u00d3rg\u00e3os Colegiados - UFRRJ","potentialAction":[{"@type":"SearchAction","target":{"@type":"EntryPoint","urlTemplate":"https:\/\/institucional.ufrrj.br\/soc\/?s={search_term_string}"},"query-input":{"@type":"PropertyValueSpecification","valueRequired":true,"valueName":"search_term_string"}}],"inLanguage":"pt-BR"}]}},"acf":[],"_links":{"self":[{"href":"https:\/\/institucional.ufrrj.br\/soc\/wp-json\/wp\/v2\/pages\/258","targetHints":{"allow":["GET"]}}],"collection":[{"href":"https:\/\/institucional.ufrrj.br\/soc\/wp-json\/wp\/v2\/pages"}],"about":[{"href":"https:\/\/institucional.ufrrj.br\/soc\/wp-json\/wp\/v2\/types\/page"}],"author":[{"embeddable":true,"href":"https:\/\/institucional.ufrrj.br\/soc\/wp-json\/wp\/v2\/users\/427"}],"replies":[{"embeddable":true,"href":"https:\/\/institucional.ufrrj.br\/soc\/wp-json\/wp\/v2\/comments?post=258"}],"version-history":[{"count":1,"href":"https:\/\/institucional.ufrrj.br\/soc\/wp-json\/wp\/v2\/pages\/258\/revisions"}],"predecessor-version":[{"id":259,"href":"https:\/\/institucional.ufrrj.br\/soc\/wp-json\/wp\/v2\/pages\/258\/revisions\/259"}],"up":[{"embeddable":true,"href":"https:\/\/institucional.ufrrj.br\/soc\/wp-json\/wp\/v2\/pages\/187"}],"wp:attachment":[{"href":"https:\/\/institucional.ufrrj.br\/soc\/wp-json\/wp\/v2\/media?parent=258"}],"curies":[{"name":"wp","href":"https:\/\/api.w.org\/{rel}","templated":true}]}}