{"id":10077,"date":"2026-02-26T17:28:38","date_gmt":"2026-02-26T20:28:38","guid":{"rendered":"https:\/\/institucional.ufrrj.br\/soc\/?page_id=10077"},"modified":"2026-04-08T10:22:57","modified_gmt":"2026-04-08T13:22:57","slug":"deliberacoes-2026","status":"publish","type":"page","link":"https:\/\/institucional.ufrrj.br\/soc\/conselho-universitario-2\/deliberacoes-2026\/","title":{"rendered":"DELIBERA\u00c7\u00d5ES 2026"},"content":{"rendered":"<p><strong><a href=\"https:\/\/institucional.ufrrj.br\/soc\/files\/2026\/03\/Deliberacao-59-CONSU-2026.pdf\">Delibera\u00e7\u00e3o 59 CONSU 2026<\/a><\/strong><\/p>\n<p>Aprovar a altera\u00e7\u00e3o no\u00a0 Regimento Interno da Pr\u00f3-Reitoria de Pesquisa e P\u00f3s-Gradua\u00e7\u00e3o, conforme o documento anexo \u00e0 esta delibera\u00e7\u00e3o<\/p>\n<hr \/>\n<p><strong><a href=\"https:\/\/institucional.ufrrj.br\/soc\/files\/2026\/03\/Deliberacao-60-CONSU-2026-1.pdf\">Delibera\u00e7\u00e3o 60 CONSU 2026<\/a><\/strong><\/p>\n<p>Homologar a altera\u00e7\u00e3o do nome da Unidade Organizacional (UORG) &#8220;PR\u00d3-REITORIA DE PESQUISA E P\u00d3S-GRADUA\u00c7\u00c3O&#8221; para &#8220;PR\u00d3-REITORIA DE PESQUISA, P\u00d3S-GRADUA\u00c7\u00c3O E INOVA\u00c7\u00c3O&#8221; &#8211; PROPPGI<\/p>\n<hr \/>\n<p><strong><a href=\"https:\/\/institucional.ufrrj.br\/soc\/files\/2026\/03\/Deliberacao-61-CONSU-2026.pdf\">Delibera\u00e7\u00e3o 61 CONSU 2026<\/a><\/strong><\/p>\n<p>Homologar o ato <em>ad referendum<\/em> do Magn\u00edfico Reitor e Presidente do Conselho Universit\u00e1rio, Professor Roberto de Souza Rodrigues, que aprovou a cria\u00e7\u00e3o do Programa de P\u00f3s-Gradua\u00e7\u00e3o, Mestrado em Direito, Meio Ambiente e Cidadania<\/p>\n<hr \/>\n<p><strong><a href=\"https:\/\/institucional.ufrrj.br\/soc\/files\/2026\/04\/Deliberacao-101-CONSU-2026.pdf\">Delibera\u00e7\u00e3o 101 CONSU 2026<\/a><\/strong><\/p>\n<p>Aprovar a retifica\u00e7\u00e3o da delimita\u00e7\u00e3o da \u00e1rea destinada \u00e0 execu\u00e7\u00e3o do acordo de parceira entre a UFRRJ e a Empresa Agropecu\u00e1ria Quiss\u00e1 Xer\u00e9m Ltda, conforme o documento anexo \u00e0 esta delibera\u00e7\u00e3o<\/p>\n<hr \/>\n<p><strong><a href=\"https:\/\/institucional.ufrrj.br\/soc\/files\/2026\/04\/Deliberacao-102-CONSU-2026.pdf\">Delibera\u00e7\u00e3o 102 CONSU 2026<\/a><\/strong><\/p>\n<p>Aprovar a cria\u00e7\u00e3o do N\u00facleo de Pr\u00e1ticas de Servi\u00e7o Social vinculado ao Departamento de Hotelaria e Servi\u00e7o Social do Instituto de Ci\u00eancias Socias Aplicadas<\/p>\n<hr \/>\n<p><strong><a href=\"https:\/\/institucional.ufrrj.br\/soc\/files\/2026\/04\/Deliberacao-103-CONSU-2026.pdf\">Delibera\u00e7\u00e3o 103 CONSU 2026<\/a><\/strong><\/p>\n<p>Aprovar a altera\u00e7\u00e3o da data da 433\u00aa Reuni\u00e3o Ordin\u00e1ria do Conselho Universit\u00e1rio, que ocorreria no dia 29\/04\/2026. para o dia 28\/04\/2026<\/p>\n<hr \/>\n<p>&nbsp;<\/p>\n","protected":false},"excerpt":{"rendered":"<p>Delibera\u00e7\u00e3o 59 CONSU 2026 Aprovar a altera\u00e7\u00e3o no\u00a0 Regimento Interno da Pr\u00f3-Reitoria de Pesquisa e P\u00f3s-Gradua\u00e7\u00e3o, conforme o documento anexo <a class=\"read-more\" style=\"font-size:12px;\" href=\"https:\/\/institucional.ufrrj.br\/soc\/conselho-universitario-2\/deliberacoes-2026\/\">&#8230; Continue lendo <i class=\"fa fa-long-arrow-right\"><\/i><\/a><\/p>\n","protected":false},"author":900,"featured_media":0,"parent":187,"menu_order":0,"comment_status":"closed","ping_status":"closed","template":"","meta":{"_acf_changed":false,"footnotes":"","_links_to":"","_links_to_target":""},"class_list":["post-10077","page","type-page","status-publish","hentry"],"yoast_head":"<!-- This site is optimized with the Yoast SEO plugin v27.2 - https:\/\/yoast.com\/product\/yoast-seo-wordpress\/ -->\n<title>DELIBERA\u00c7\u00d5ES 2026 - SOC<\/title>\n<meta name=\"robots\" content=\"index, follow, max-snippet:-1, max-image-preview:large, max-video-preview:-1\" \/>\n<link rel=\"canonical\" href=\"https:\/\/institucional.ufrrj.br\/soc\/conselho-universitario-2\/deliberacoes-2026\/\" \/>\n<meta property=\"og:locale\" content=\"pt_BR\" \/>\n<meta property=\"og:type\" content=\"article\" \/>\n<meta property=\"og:title\" content=\"DELIBERA\u00c7\u00d5ES 2026 - SOC\" \/>\n<meta property=\"og:description\" content=\"Delibera\u00e7\u00e3o 59 CONSU 2026 Aprovar a altera\u00e7\u00e3o no\u00a0 Regimento Interno da Pr\u00f3-Reitoria de Pesquisa e P\u00f3s-Gradua\u00e7\u00e3o, conforme o documento anexo ... Continue lendo\" \/>\n<meta property=\"og:url\" content=\"https:\/\/institucional.ufrrj.br\/soc\/conselho-universitario-2\/deliberacoes-2026\/\" \/>\n<meta property=\"og:site_name\" content=\"SOC\" \/>\n<meta property=\"article:modified_time\" content=\"2026-04-08T13:22:57+00:00\" \/>\n<meta name=\"twitter:card\" content=\"summary_large_image\" \/>\n<meta name=\"twitter:label1\" content=\"Est. tempo de leitura\" \/>\n\t<meta name=\"twitter:data1\" content=\"1 minuto\" \/>\n<script type=\"application\/ld+json\" class=\"yoast-schema-graph\">{\"@context\":\"https:\/\/schema.org\",\"@graph\":[{\"@type\":\"WebPage\",\"@id\":\"https:\/\/institucional.ufrrj.br\/soc\/conselho-universitario-2\/deliberacoes-2026\/\",\"url\":\"https:\/\/institucional.ufrrj.br\/soc\/conselho-universitario-2\/deliberacoes-2026\/\",\"name\":\"DELIBERA\u00c7\u00d5ES 2026 - SOC\",\"isPartOf\":{\"@id\":\"https:\/\/institucional.ufrrj.br\/soc\/#website\"},\"datePublished\":\"2026-02-26T20:28:38+00:00\",\"dateModified\":\"2026-04-08T13:22:57+00:00\",\"breadcrumb\":{\"@id\":\"https:\/\/institucional.ufrrj.br\/soc\/conselho-universitario-2\/deliberacoes-2026\/#breadcrumb\"},\"inLanguage\":\"pt-BR\",\"potentialAction\":[{\"@type\":\"ReadAction\",\"target\":[\"https:\/\/institucional.ufrrj.br\/soc\/conselho-universitario-2\/deliberacoes-2026\/\"]}]},{\"@type\":\"BreadcrumbList\",\"@id\":\"https:\/\/institucional.ufrrj.br\/soc\/conselho-universitario-2\/deliberacoes-2026\/#breadcrumb\",\"itemListElement\":[{\"@type\":\"ListItem\",\"position\":1,\"name\":\"In\u00edcio\",\"item\":\"https:\/\/institucional.ufrrj.br\/soc\/\"},{\"@type\":\"ListItem\",\"position\":2,\"name\":\"CONSELHO UNIVERSIT\u00c1RIO\",\"item\":\"https:\/\/institucional.ufrrj.br\/soc\/conselho-universitario-2\/\"},{\"@type\":\"ListItem\",\"position\":3,\"name\":\"DELIBERA\u00c7\u00d5ES 2026\"}]},{\"@type\":\"WebSite\",\"@id\":\"https:\/\/institucional.ufrrj.br\/soc\/#website\",\"url\":\"https:\/\/institucional.ufrrj.br\/soc\/\",\"name\":\"SOC\",\"description\":\"Secretaria dos \u00d3rg\u00e3os Colegiados - UFRRJ\",\"potentialAction\":[{\"@type\":\"SearchAction\",\"target\":{\"@type\":\"EntryPoint\",\"urlTemplate\":\"https:\/\/institucional.ufrrj.br\/soc\/?s={search_term_string}\"},\"query-input\":{\"@type\":\"PropertyValueSpecification\",\"valueRequired\":true,\"valueName\":\"search_term_string\"}}],\"inLanguage\":\"pt-BR\"}]}<\/script>\n<!-- \/ Yoast SEO plugin. -->","yoast_head_json":{"title":"DELIBERA\u00c7\u00d5ES 2026 - SOC","robots":{"index":"index","follow":"follow","max-snippet":"max-snippet:-1","max-image-preview":"max-image-preview:large","max-video-preview":"max-video-preview:-1"},"canonical":"https:\/\/institucional.ufrrj.br\/soc\/conselho-universitario-2\/deliberacoes-2026\/","og_locale":"pt_BR","og_type":"article","og_title":"DELIBERA\u00c7\u00d5ES 2026 - SOC","og_description":"Delibera\u00e7\u00e3o 59 CONSU 2026 Aprovar a altera\u00e7\u00e3o no\u00a0 Regimento Interno da Pr\u00f3-Reitoria de Pesquisa e P\u00f3s-Gradua\u00e7\u00e3o, conforme o documento anexo ... Continue lendo","og_url":"https:\/\/institucional.ufrrj.br\/soc\/conselho-universitario-2\/deliberacoes-2026\/","og_site_name":"SOC","article_modified_time":"2026-04-08T13:22:57+00:00","twitter_card":"summary_large_image","twitter_misc":{"Est. tempo de leitura":"1 minuto"},"schema":{"@context":"https:\/\/schema.org","@graph":[{"@type":"WebPage","@id":"https:\/\/institucional.ufrrj.br\/soc\/conselho-universitario-2\/deliberacoes-2026\/","url":"https:\/\/institucional.ufrrj.br\/soc\/conselho-universitario-2\/deliberacoes-2026\/","name":"DELIBERA\u00c7\u00d5ES 2026 - SOC","isPartOf":{"@id":"https:\/\/institucional.ufrrj.br\/soc\/#website"},"datePublished":"2026-02-26T20:28:38+00:00","dateModified":"2026-04-08T13:22:57+00:00","breadcrumb":{"@id":"https:\/\/institucional.ufrrj.br\/soc\/conselho-universitario-2\/deliberacoes-2026\/#breadcrumb"},"inLanguage":"pt-BR","potentialAction":[{"@type":"ReadAction","target":["https:\/\/institucional.ufrrj.br\/soc\/conselho-universitario-2\/deliberacoes-2026\/"]}]},{"@type":"BreadcrumbList","@id":"https:\/\/institucional.ufrrj.br\/soc\/conselho-universitario-2\/deliberacoes-2026\/#breadcrumb","itemListElement":[{"@type":"ListItem","position":1,"name":"In\u00edcio","item":"https:\/\/institucional.ufrrj.br\/soc\/"},{"@type":"ListItem","position":2,"name":"CONSELHO UNIVERSIT\u00c1RIO","item":"https:\/\/institucional.ufrrj.br\/soc\/conselho-universitario-2\/"},{"@type":"ListItem","position":3,"name":"DELIBERA\u00c7\u00d5ES 2026"}]},{"@type":"WebSite","@id":"https:\/\/institucional.ufrrj.br\/soc\/#website","url":"https:\/\/institucional.ufrrj.br\/soc\/","name":"SOC","description":"Secretaria dos \u00d3rg\u00e3os Colegiados - UFRRJ","potentialAction":[{"@type":"SearchAction","target":{"@type":"EntryPoint","urlTemplate":"https:\/\/institucional.ufrrj.br\/soc\/?s={search_term_string}"},"query-input":{"@type":"PropertyValueSpecification","valueRequired":true,"valueName":"search_term_string"}}],"inLanguage":"pt-BR"}]}},"acf":[],"_links":{"self":[{"href":"https:\/\/institucional.ufrrj.br\/soc\/wp-json\/wp\/v2\/pages\/10077","targetHints":{"allow":["GET"]}}],"collection":[{"href":"https:\/\/institucional.ufrrj.br\/soc\/wp-json\/wp\/v2\/pages"}],"about":[{"href":"https:\/\/institucional.ufrrj.br\/soc\/wp-json\/wp\/v2\/types\/page"}],"author":[{"embeddable":true,"href":"https:\/\/institucional.ufrrj.br\/soc\/wp-json\/wp\/v2\/users\/900"}],"replies":[{"embeddable":true,"href":"https:\/\/institucional.ufrrj.br\/soc\/wp-json\/wp\/v2\/comments?post=10077"}],"version-history":[{"count":2,"href":"https:\/\/institucional.ufrrj.br\/soc\/wp-json\/wp\/v2\/pages\/10077\/revisions"}],"predecessor-version":[{"id":10127,"href":"https:\/\/institucional.ufrrj.br\/soc\/wp-json\/wp\/v2\/pages\/10077\/revisions\/10127"}],"up":[{"embeddable":true,"href":"https:\/\/institucional.ufrrj.br\/soc\/wp-json\/wp\/v2\/pages\/187"}],"wp:attachment":[{"href":"https:\/\/institucional.ufrrj.br\/soc\/wp-json\/wp\/v2\/media?parent=10077"}],"curies":[{"name":"wp","href":"https:\/\/api.w.org\/{rel}","templated":true}]}}