{"id":18,"date":"2018-03-28T15:36:06","date_gmt":"2018-03-28T18:36:06","guid":{"rendered":"http:\/\/institucional.ufrrj.br\/sisgen\/?page_id=18"},"modified":"2022-06-07T11:41:41","modified_gmt":"2022-06-07T14:41:41","slug":"formularios","status":"publish","type":"page","link":"https:\/\/institucional.ufrrj.br\/sisgen\/formularios\/","title":{"rendered":"Formul\u00e1rios"},"content":{"rendered":"<h4><\/h4>\n<h4><\/h4>\n<p>&nbsp;<\/p>\n<p>&nbsp;<\/p>\n<h4><strong>REGULARIZA\u00c7\u00c3O DE CADASTRO DE ACESSO OCORRIDO NO PER\u00cdODO DE 30 DE JUNHO DE 2000 A 16 DE NOVEMBRO DE 2015<\/strong><\/h4>\n<p>&nbsp;<\/p>\n<p>Para regulariza\u00e7\u00e3o das atividades de pesquisa ou bioprospe\u00e7\u00e3o (sem explora\u00e7\u00e3o econ\u00f4mica) desenvolvidas por pesquisadores da UFRRJ com acesso ao patrim\u00f4nio gen\u00e9tico (PG) e\/ou ao conhecimento tradicional associado (CTA) desenvolvidas no per\u00edodo de <strong>30 de junho de 2000 a 16 de novembro de 2015<\/strong> deve ser realizado o cadastro na plataforma SisGen (<a href=\"https:\/\/sisgen.gov.br\/paginas\/login.aspx\">https:\/\/sisgen.gov.br\/paginas\/login.aspx<\/a>) anexando o Termo de Compromisso (TC) da UFRRJ cadastrado junto ao MMA.<\/p>\n<p><strong>ESTA REGULARIZA\u00c7\u00c3O N\u00c3O DEVE SER FEITA PELO PORTAL DO CNPq.<\/strong><\/p>\n<p>O prazo m\u00e1ximo para regulariza\u00e7\u00e3o deste cadastro finaliza em <strong>10 de novembro de 2022<\/strong>.<\/p>\n<p>O acesso a PG e\/ou CTA sem cadastro declarado pode acarretar a multa para a UFRRJ e ao PESQUISADOR AUTOMATICAMENTE! Os valores variam de R$ 1.000,00 a R$ 10 milh\u00f5es dependendo da infra\u00e7\u00e3o conforme LEI 13.123\/15 e Decreto 8772\/16.<\/p>\n<p>\u00c9 obrigat\u00f3rio que o cadastro seja realizado por um servidor da UFRRJ. Multas j\u00e1 foram aplicadas conjuntamente a institui\u00e7\u00e3o e ao pesquisador!!!!<\/p>\n<p><strong>N\u00e3o deixe de se regularizar!!!<\/strong><\/p>\n<p>&nbsp;<\/p>\n<p>Para ter acesso ao TC da UFRRJ preencha o formul\u00e1rio dispon\u00edvel no link: <a href=\"https:\/\/forms.gle\/ZBz9YyXEf8iFQpsR6\">https:\/\/forms.gle\/ZBz9YyXEf8iFQpsR6<\/a><\/p>\n<p>&nbsp;<\/p>\n<p>&nbsp;<\/p>\n<h4><strong>TERMO DE TRANSFER\u00caNCIA DE MATERIAL REFERENTE \u00c0 REMESSA DE AMOSTRA DE COMPONENTE DO PATRIM\u00d4NIO GEN\u00c9TICO PARA FINS DE PESQUISA CIENT\u00cdFICA SEM POTENCIAL COMERCIAL<\/strong><\/h4>\n<p>O Termo de Transfer\u00eancia de Material &#8211; TTM foi institu\u00eddo para controlar as remessas de patrim\u00f4nio gen\u00e9tico existente em condi\u00e7\u00e3o in situ no territ\u00f3rio nacional, na plataforma continental e zona econ\u00f4mica exclusiva, e mantidas em condi\u00e7\u00f5es ex situ, destinadas a institui\u00e7\u00f5es de pesquisa nacionais ou estrangeiras, com base nas seguintes premissas:<\/p>\n<p>&#8211; o reconhecimento de que o interc\u00e2mbio do patrim\u00f4nio gen\u00e9tico realizado entre institui\u00e7\u00f5es de pesquisa nas \u00e1reas biol\u00f3gicas e afins, sediadas no Brasil e no exterior, \u00e9 fundamental para o avan\u00e7o do conhecimento sobre a biodiversidade brasileira;<\/p>\n<p>&#8211; a necessidade de garantir o cumprimento do disposto na Conven\u00e7\u00e3o sobre Diversidade Biol\u00f3gica &#8211; CDB, em especial, a soberania nacional sobre a biodiversidade, o consentimento pr\u00e9vio fundamentado e a reparti\u00e7\u00e3o de benef\u00edcios, decorrentes do uso do patrim\u00f4nio gen\u00e9tico.<\/p>\n<p>&nbsp;<\/p>\n<h4><strong>A\u00a0Comiss\u00e3o de Gest\u00e3o do Patrim\u00f4nio Gen\u00e9tico e de Conhecimento Tradicional Associado da UFRRJ disponibiliza o <a href=\"https:\/\/institucional.ufrrj.br\/sisgen\/files\/2019\/03\/Novo-TTM-UFRRJ-baseado-na-resolu\u00e7\u00e3o-12-CGEN_english-version_vers\u00e3o-site-UFRRJ_25.03.2019.pdf\">modelo de Termo de Transfer\u00eancia de Material <\/a><\/strong><span style=\"color: #993300\">(atualizado em mar\u00e7o\/2019)<\/span><strong> que deve ser utilizado pela Comunidade Acad\u00eamica da UFRRJ antes do envio de amostras de PG para o exterior.<\/strong><\/h4>\n<p>&nbsp;<\/p>\n<h4><em><strong>Documenta\u00e7\u00e3o necess\u00e1ria para aprecia\u00e7\u00e3o do processo de pedido de remessa de patri<\/strong><\/em><em><strong>m\u00f4nio gen\u00e9tico objeto de estudo realizado na UFRRJ:<\/strong><\/em><\/h4>\n<h4>Encaminhamento do processo individual \u00e0 PROPPG aos cuidados do representante legal da UFRRJ (atualmente a Pr\u00f3-reitora de Pesquisa e P\u00f3s-Gradua\u00e7\u00e3o Dra. L\u00facia Helena Cunha dos Anjos) junto ao SisGen contendo:<\/h4>\n<p>1. Memorando de encaminhamento.<\/p>\n<p>2. C\u00f3pia do projeto de pesquisa contendo o objetivo da pesquisa envolvendo o patrim\u00f4nio gen\u00e9tico objeto do estudo.<\/p>\n<p>3. Comprovante de cadastro do acesso ao Patrim\u00f4nio Gen\u00e9tico (PG) e\/ou Conhecimento Tradicional Associado (CTA). Ap\u00f3s conclu\u00eddo um cadastro de acesso, o SisGen disponibilizara\u0301 automaticamente o respectivo comprovante no menu \u2018Acessos Cadastrados\u2019.<\/p>\n<p>4. Termo de Transfer\u00eancia de Material (Material Transfer Agreement) em ingl\u00eas, datado e assinado pelo pesquisador remetente, pesquisador destinat\u00e1rio e representante legal da institui\u00e7\u00e3o destinat\u00e1ria.<\/p>\n<p>&nbsp;<\/p>\n<p><strong>Aten\u00e7\u00e3o<\/strong>: antes do envio das amostras para o exterior, tamb\u00e9m \u00e9 necess\u00e1ria a autoriza\u00e7\u00e3o pr\u00e9via do CNPq, ou seja, uma c\u00f3pia dos termos de transfer\u00eancia do CNPq deve ser enviada ao CNPq e, somente ap\u00f3s sua autoriza\u00e7\u00e3o, a amostra poder\u00e1 ser enviada ao exterior. Os termos e mais informa\u00e7\u00f5es no link: <a href=\"http:\/\/cnpq.br\/remessa-e-transporte\">http:\/\/cnpq.br\/remessa-e-transporte<\/a> .<\/p>\n<p>&nbsp;<\/p>\n<p>&nbsp;<\/p>\n<p>&nbsp;<\/p>\n<p>&nbsp;<\/p>\n<p>&nbsp;<\/p>\n<p>&nbsp;<\/p>\n<p>&nbsp;<\/p>\n","protected":false},"excerpt":{"rendered":"<p>&nbsp; &nbsp; REGULARIZA\u00c7\u00c3O DE CADASTRO DE ACESSO OCORRIDO NO PER\u00cdODO DE 30 DE JUNHO DE 2000 A 16 DE NOVEMBRO <a class=\"read-more leiamais\" href=\"https:\/\/institucional.ufrrj.br\/sisgen\/formularios\/ \">&#8230; leia mais<\/a><\/p>\n","protected":false},"author":634,"featured_media":0,"parent":0,"menu_order":0,"comment_status":"closed","ping_status":"closed","template":"","meta":{"_acf_changed":false,"footnotes":""},"class_list":["post-18","page","type-page","status-publish","hentry"],"yoast_head":"<!-- This site is optimized with the Yoast SEO plugin v27.2 - https:\/\/yoast.com\/product\/yoast-seo-wordpress\/ -->\n<title>Formul\u00e1rios - Site da Comiss\u00e3o de Patrim\u00f4nio Gen\u00e9tico e do Conhecimento Tradicional Associado<\/title>\n<meta name=\"robots\" content=\"index, follow, max-snippet:-1, max-image-preview:large, max-video-preview:-1\" \/>\n<link rel=\"canonical\" href=\"https:\/\/institucional.ufrrj.br\/sisgen\/formularios\/\" \/>\n<meta property=\"og:locale\" content=\"pt_BR\" \/>\n<meta property=\"og:type\" content=\"article\" \/>\n<meta property=\"og:title\" content=\"Formul\u00e1rios - Site da Comiss\u00e3o de Patrim\u00f4nio Gen\u00e9tico e do Conhecimento Tradicional Associado\" \/>\n<meta property=\"og:description\" content=\"&nbsp; &nbsp; REGULARIZA\u00c7\u00c3O DE CADASTRO DE ACESSO OCORRIDO NO PER\u00cdODO DE 30 DE JUNHO DE 2000 A 16 DE NOVEMBRO ... leia mais\" \/>\n<meta property=\"og:url\" content=\"https:\/\/institucional.ufrrj.br\/sisgen\/formularios\/\" \/>\n<meta property=\"og:site_name\" content=\"Site da Comiss\u00e3o de Patrim\u00f4nio Gen\u00e9tico e do Conhecimento Tradicional Associado\" \/>\n<meta property=\"article:modified_time\" content=\"2022-06-07T14:41:41+00:00\" \/>\n<meta name=\"twitter:card\" content=\"summary_large_image\" \/>\n<meta name=\"twitter:label1\" content=\"Est. tempo de leitura\" \/>\n\t<meta name=\"twitter:data1\" content=\"3 minutos\" \/>\n<script type=\"application\/ld+json\" class=\"yoast-schema-graph\">{\"@context\":\"https:\/\/schema.org\",\"@graph\":[{\"@type\":\"WebPage\",\"@id\":\"https:\/\/institucional.ufrrj.br\/sisgen\/formularios\/\",\"url\":\"https:\/\/institucional.ufrrj.br\/sisgen\/formularios\/\",\"name\":\"Formul\u00e1rios - Site da Comiss\u00e3o de Patrim\u00f4nio Gen\u00e9tico e do Conhecimento Tradicional Associado\",\"isPartOf\":{\"@id\":\"https:\/\/institucional.ufrrj.br\/sisgen\/#website\"},\"datePublished\":\"2018-03-28T18:36:06+00:00\",\"dateModified\":\"2022-06-07T14:41:41+00:00\",\"breadcrumb\":{\"@id\":\"https:\/\/institucional.ufrrj.br\/sisgen\/formularios\/#breadcrumb\"},\"inLanguage\":\"pt-BR\",\"potentialAction\":[{\"@type\":\"ReadAction\",\"target\":[\"https:\/\/institucional.ufrrj.br\/sisgen\/formularios\/\"]}]},{\"@type\":\"BreadcrumbList\",\"@id\":\"https:\/\/institucional.ufrrj.br\/sisgen\/formularios\/#breadcrumb\",\"itemListElement\":[{\"@type\":\"ListItem\",\"position\":1,\"name\":\"In\u00edcio\",\"item\":\"https:\/\/institucional.ufrrj.br\/sisgen\/\"},{\"@type\":\"ListItem\",\"position\":2,\"name\":\"Formul\u00e1rios\"}]},{\"@type\":\"WebSite\",\"@id\":\"https:\/\/institucional.ufrrj.br\/sisgen\/#website\",\"url\":\"https:\/\/institucional.ufrrj.br\/sisgen\/\",\"name\":\"Site da Comiss\u00e3o de Patrim\u00f4nio Gen\u00e9tico e do Conhecimento Tradicional Associado\",\"description\":\"S\u00f3 mais um site institucional.ufrrj.br\",\"potentialAction\":[{\"@type\":\"SearchAction\",\"target\":{\"@type\":\"EntryPoint\",\"urlTemplate\":\"https:\/\/institucional.ufrrj.br\/sisgen\/?s={search_term_string}\"},\"query-input\":{\"@type\":\"PropertyValueSpecification\",\"valueRequired\":true,\"valueName\":\"search_term_string\"}}],\"inLanguage\":\"pt-BR\"}]}<\/script>\n<!-- \/ Yoast SEO plugin. -->","yoast_head_json":{"title":"Formul\u00e1rios - Site da Comiss\u00e3o de Patrim\u00f4nio Gen\u00e9tico e do Conhecimento Tradicional Associado","robots":{"index":"index","follow":"follow","max-snippet":"max-snippet:-1","max-image-preview":"max-image-preview:large","max-video-preview":"max-video-preview:-1"},"canonical":"https:\/\/institucional.ufrrj.br\/sisgen\/formularios\/","og_locale":"pt_BR","og_type":"article","og_title":"Formul\u00e1rios - Site da Comiss\u00e3o de Patrim\u00f4nio Gen\u00e9tico e do Conhecimento Tradicional Associado","og_description":"&nbsp; &nbsp; REGULARIZA\u00c7\u00c3O DE CADASTRO DE ACESSO OCORRIDO NO PER\u00cdODO DE 30 DE JUNHO DE 2000 A 16 DE NOVEMBRO ... leia mais","og_url":"https:\/\/institucional.ufrrj.br\/sisgen\/formularios\/","og_site_name":"Site da Comiss\u00e3o de Patrim\u00f4nio Gen\u00e9tico e do Conhecimento Tradicional Associado","article_modified_time":"2022-06-07T14:41:41+00:00","twitter_card":"summary_large_image","twitter_misc":{"Est. tempo de leitura":"3 minutos"},"schema":{"@context":"https:\/\/schema.org","@graph":[{"@type":"WebPage","@id":"https:\/\/institucional.ufrrj.br\/sisgen\/formularios\/","url":"https:\/\/institucional.ufrrj.br\/sisgen\/formularios\/","name":"Formul\u00e1rios - Site da Comiss\u00e3o de Patrim\u00f4nio Gen\u00e9tico e do Conhecimento Tradicional Associado","isPartOf":{"@id":"https:\/\/institucional.ufrrj.br\/sisgen\/#website"},"datePublished":"2018-03-28T18:36:06+00:00","dateModified":"2022-06-07T14:41:41+00:00","breadcrumb":{"@id":"https:\/\/institucional.ufrrj.br\/sisgen\/formularios\/#breadcrumb"},"inLanguage":"pt-BR","potentialAction":[{"@type":"ReadAction","target":["https:\/\/institucional.ufrrj.br\/sisgen\/formularios\/"]}]},{"@type":"BreadcrumbList","@id":"https:\/\/institucional.ufrrj.br\/sisgen\/formularios\/#breadcrumb","itemListElement":[{"@type":"ListItem","position":1,"name":"In\u00edcio","item":"https:\/\/institucional.ufrrj.br\/sisgen\/"},{"@type":"ListItem","position":2,"name":"Formul\u00e1rios"}]},{"@type":"WebSite","@id":"https:\/\/institucional.ufrrj.br\/sisgen\/#website","url":"https:\/\/institucional.ufrrj.br\/sisgen\/","name":"Site da Comiss\u00e3o de Patrim\u00f4nio Gen\u00e9tico e do Conhecimento Tradicional Associado","description":"S\u00f3 mais um site institucional.ufrrj.br","potentialAction":[{"@type":"SearchAction","target":{"@type":"EntryPoint","urlTemplate":"https:\/\/institucional.ufrrj.br\/sisgen\/?s={search_term_string}"},"query-input":{"@type":"PropertyValueSpecification","valueRequired":true,"valueName":"search_term_string"}}],"inLanguage":"pt-BR"}]}},"acf":[],"_links":{"self":[{"href":"https:\/\/institucional.ufrrj.br\/sisgen\/wp-json\/wp\/v2\/pages\/18","targetHints":{"allow":["GET"]}}],"collection":[{"href":"https:\/\/institucional.ufrrj.br\/sisgen\/wp-json\/wp\/v2\/pages"}],"about":[{"href":"https:\/\/institucional.ufrrj.br\/sisgen\/wp-json\/wp\/v2\/types\/page"}],"author":[{"embeddable":true,"href":"https:\/\/institucional.ufrrj.br\/sisgen\/wp-json\/wp\/v2\/users\/634"}],"replies":[{"embeddable":true,"href":"https:\/\/institucional.ufrrj.br\/sisgen\/wp-json\/wp\/v2\/comments?post=18"}],"version-history":[{"count":47,"href":"https:\/\/institucional.ufrrj.br\/sisgen\/wp-json\/wp\/v2\/pages\/18\/revisions"}],"predecessor-version":[{"id":522,"href":"https:\/\/institucional.ufrrj.br\/sisgen\/wp-json\/wp\/v2\/pages\/18\/revisions\/522"}],"wp:attachment":[{"href":"https:\/\/institucional.ufrrj.br\/sisgen\/wp-json\/wp\/v2\/media?parent=18"}],"curies":[{"name":"wp","href":"https:\/\/api.w.org\/{rel}","templated":true}]}}