{"id":1049,"date":"2026-03-13T07:17:29","date_gmt":"2026-03-13T10:17:29","guid":{"rendered":"https:\/\/institucional.ufrrj.br\/sisgen\/?page_id=1049"},"modified":"2026-03-20T17:01:41","modified_gmt":"2026-03-20T20:01:41","slug":"mapa-sensitivo-2026","status":"publish","type":"page","link":"https:\/\/institucional.ufrrj.br\/sisgen\/mapa-sensitivo-2026\/","title":{"rendered":"Mapa Sensitivo 2026"},"content":{"rendered":"<p>Nesta p\u00e1gina, est\u00e3o listados os projetos da UFRRJ que se encontram cadastrados no Sistema Nacional de Gest\u00e3o do Patrim\u00f4nio Gen\u00e9tico e do Conhecimento Tradicional Associado \u2013 <b>SisGen.<\/b><\/p>\n<p>No final da p\u00e1gina encontra-se o mapa com o indicativo das unidades (departamentos ou institutos acad\u00eamicos) onde se originaram os projetos e seus respectivos pesquisadores respons\u00e1veis. Os n\u00fameros constantes no interior de casa c\u00edrculo indicam o n\u00famero total de projetos cadastrados na respectiva unidade acad\u00eamica. Clique no c\u00edrculo colorido para visualizar informa\u00e7\u00f5es adicionais sobre cada projeto, como nome e pesquisadores respons\u00e1veis.. Os projetos podem estar com <em>status<\/em> &#8220;Em Execu\u00e7\u00e3o&#8221; ou &#8220;Finalizado&#8221;, de acordo com a situa\u00e7\u00e3o.<\/p>\n<p>Abaixo do mapa, \u00e9 poss\u00edvel utilizar o menu para filtrar e visualizar os t\u00edtulos e pesquisadores dos diferentes projetos, escolhendo o <em>campus\u00a0<\/em>(Serop\u00e9dica, Tr\u00eas Rios ou Nova Igua\u00e7u) e seus respectivos\u00a0<em>status\u00a0<\/em>(\u201cEm execu\u00e7\u00e3o\u201d ou \u201cFinalizado\u201d). Assim, os projetos ser\u00e3o mostrados de acordo com as classifica\u00e7\u00f5es realizadas.<\/p>\n","protected":false},"excerpt":{"rendered":"<p>Nesta p\u00e1gina, est\u00e3o listados os projetos da UFRRJ que se encontram cadastrados no Sistema Nacional de Gest\u00e3o do Patrim\u00f4nio Gen\u00e9tico <a class=\"read-more leiamais\" href=\"https:\/\/institucional.ufrrj.br\/sisgen\/mapa-sensitivo-2026\/ \">&#8230; leia mais<\/a><\/p>\n","protected":false},"author":634,"featured_media":0,"parent":0,"menu_order":0,"comment_status":"closed","ping_status":"closed","template":"page-mapasensitivo2026.php","meta":{"_acf_changed":false,"footnotes":""},"class_list":["post-1049","page","type-page","status-publish","hentry"],"yoast_head":"<!-- This site is optimized with the Yoast SEO plugin v27.2 - https:\/\/yoast.com\/product\/yoast-seo-wordpress\/ -->\n<title>Mapa Sensitivo 2026 - Site da Comiss\u00e3o de Patrim\u00f4nio Gen\u00e9tico e do Conhecimento Tradicional Associado<\/title>\n<meta name=\"robots\" content=\"index, follow, max-snippet:-1, max-image-preview:large, max-video-preview:-1\" \/>\n<link rel=\"canonical\" href=\"https:\/\/institucional.ufrrj.br\/sisgen\/mapa-sensitivo-2026\/\" \/>\n<meta property=\"og:locale\" content=\"pt_BR\" \/>\n<meta property=\"og:type\" content=\"article\" \/>\n<meta property=\"og:title\" content=\"Mapa Sensitivo 2026 - Site da Comiss\u00e3o de Patrim\u00f4nio Gen\u00e9tico e do Conhecimento Tradicional Associado\" \/>\n<meta property=\"og:description\" content=\"Nesta p\u00e1gina, est\u00e3o listados os projetos da UFRRJ que se encontram cadastrados no Sistema Nacional de Gest\u00e3o do Patrim\u00f4nio Gen\u00e9tico ... leia mais\" \/>\n<meta property=\"og:url\" content=\"https:\/\/institucional.ufrrj.br\/sisgen\/mapa-sensitivo-2026\/\" \/>\n<meta property=\"og:site_name\" content=\"Site da Comiss\u00e3o de Patrim\u00f4nio Gen\u00e9tico e do Conhecimento Tradicional Associado\" \/>\n<meta property=\"article:modified_time\" content=\"2026-03-20T20:01:41+00:00\" \/>\n<meta name=\"twitter:card\" content=\"summary_large_image\" \/>\n<meta name=\"twitter:label1\" content=\"Est. tempo de leitura\" \/>\n\t<meta name=\"twitter:data1\" content=\"1 minuto\" \/>\n<script type=\"application\/ld+json\" class=\"yoast-schema-graph\">{\"@context\":\"https:\/\/schema.org\",\"@graph\":[{\"@type\":\"WebPage\",\"@id\":\"https:\/\/institucional.ufrrj.br\/sisgen\/mapa-sensitivo-2026\/\",\"url\":\"https:\/\/institucional.ufrrj.br\/sisgen\/mapa-sensitivo-2026\/\",\"name\":\"Mapa Sensitivo 2026 - Site da Comiss\u00e3o de Patrim\u00f4nio Gen\u00e9tico e do Conhecimento Tradicional Associado\",\"isPartOf\":{\"@id\":\"https:\/\/institucional.ufrrj.br\/sisgen\/#website\"},\"datePublished\":\"2026-03-13T10:17:29+00:00\",\"dateModified\":\"2026-03-20T20:01:41+00:00\",\"breadcrumb\":{\"@id\":\"https:\/\/institucional.ufrrj.br\/sisgen\/mapa-sensitivo-2026\/#breadcrumb\"},\"inLanguage\":\"pt-BR\",\"potentialAction\":[{\"@type\":\"ReadAction\",\"target\":[\"https:\/\/institucional.ufrrj.br\/sisgen\/mapa-sensitivo-2026\/\"]}]},{\"@type\":\"BreadcrumbList\",\"@id\":\"https:\/\/institucional.ufrrj.br\/sisgen\/mapa-sensitivo-2026\/#breadcrumb\",\"itemListElement\":[{\"@type\":\"ListItem\",\"position\":1,\"name\":\"In\u00edcio\",\"item\":\"https:\/\/institucional.ufrrj.br\/sisgen\/\"},{\"@type\":\"ListItem\",\"position\":2,\"name\":\"Mapa Sensitivo 2026\"}]},{\"@type\":\"WebSite\",\"@id\":\"https:\/\/institucional.ufrrj.br\/sisgen\/#website\",\"url\":\"https:\/\/institucional.ufrrj.br\/sisgen\/\",\"name\":\"Site da Comiss\u00e3o de Patrim\u00f4nio Gen\u00e9tico e do Conhecimento Tradicional Associado\",\"description\":\"S\u00f3 mais um site institucional.ufrrj.br\",\"potentialAction\":[{\"@type\":\"SearchAction\",\"target\":{\"@type\":\"EntryPoint\",\"urlTemplate\":\"https:\/\/institucional.ufrrj.br\/sisgen\/?s={search_term_string}\"},\"query-input\":{\"@type\":\"PropertyValueSpecification\",\"valueRequired\":true,\"valueName\":\"search_term_string\"}}],\"inLanguage\":\"pt-BR\"}]}<\/script>\n<!-- \/ Yoast SEO plugin. -->","yoast_head_json":{"title":"Mapa Sensitivo 2026 - Site da Comiss\u00e3o de Patrim\u00f4nio Gen\u00e9tico e do Conhecimento Tradicional Associado","robots":{"index":"index","follow":"follow","max-snippet":"max-snippet:-1","max-image-preview":"max-image-preview:large","max-video-preview":"max-video-preview:-1"},"canonical":"https:\/\/institucional.ufrrj.br\/sisgen\/mapa-sensitivo-2026\/","og_locale":"pt_BR","og_type":"article","og_title":"Mapa Sensitivo 2026 - Site da Comiss\u00e3o de Patrim\u00f4nio Gen\u00e9tico e do Conhecimento Tradicional Associado","og_description":"Nesta p\u00e1gina, est\u00e3o listados os projetos da UFRRJ que se encontram cadastrados no Sistema Nacional de Gest\u00e3o do Patrim\u00f4nio Gen\u00e9tico ... leia mais","og_url":"https:\/\/institucional.ufrrj.br\/sisgen\/mapa-sensitivo-2026\/","og_site_name":"Site da Comiss\u00e3o de Patrim\u00f4nio Gen\u00e9tico e do Conhecimento Tradicional Associado","article_modified_time":"2026-03-20T20:01:41+00:00","twitter_card":"summary_large_image","twitter_misc":{"Est. tempo de leitura":"1 minuto"},"schema":{"@context":"https:\/\/schema.org","@graph":[{"@type":"WebPage","@id":"https:\/\/institucional.ufrrj.br\/sisgen\/mapa-sensitivo-2026\/","url":"https:\/\/institucional.ufrrj.br\/sisgen\/mapa-sensitivo-2026\/","name":"Mapa Sensitivo 2026 - Site da Comiss\u00e3o de Patrim\u00f4nio Gen\u00e9tico e do Conhecimento Tradicional Associado","isPartOf":{"@id":"https:\/\/institucional.ufrrj.br\/sisgen\/#website"},"datePublished":"2026-03-13T10:17:29+00:00","dateModified":"2026-03-20T20:01:41+00:00","breadcrumb":{"@id":"https:\/\/institucional.ufrrj.br\/sisgen\/mapa-sensitivo-2026\/#breadcrumb"},"inLanguage":"pt-BR","potentialAction":[{"@type":"ReadAction","target":["https:\/\/institucional.ufrrj.br\/sisgen\/mapa-sensitivo-2026\/"]}]},{"@type":"BreadcrumbList","@id":"https:\/\/institucional.ufrrj.br\/sisgen\/mapa-sensitivo-2026\/#breadcrumb","itemListElement":[{"@type":"ListItem","position":1,"name":"In\u00edcio","item":"https:\/\/institucional.ufrrj.br\/sisgen\/"},{"@type":"ListItem","position":2,"name":"Mapa Sensitivo 2026"}]},{"@type":"WebSite","@id":"https:\/\/institucional.ufrrj.br\/sisgen\/#website","url":"https:\/\/institucional.ufrrj.br\/sisgen\/","name":"Site da Comiss\u00e3o de Patrim\u00f4nio Gen\u00e9tico e do Conhecimento Tradicional Associado","description":"S\u00f3 mais um site institucional.ufrrj.br","potentialAction":[{"@type":"SearchAction","target":{"@type":"EntryPoint","urlTemplate":"https:\/\/institucional.ufrrj.br\/sisgen\/?s={search_term_string}"},"query-input":{"@type":"PropertyValueSpecification","valueRequired":true,"valueName":"search_term_string"}}],"inLanguage":"pt-BR"}]}},"acf":[],"_links":{"self":[{"href":"https:\/\/institucional.ufrrj.br\/sisgen\/wp-json\/wp\/v2\/pages\/1049","targetHints":{"allow":["GET"]}}],"collection":[{"href":"https:\/\/institucional.ufrrj.br\/sisgen\/wp-json\/wp\/v2\/pages"}],"about":[{"href":"https:\/\/institucional.ufrrj.br\/sisgen\/wp-json\/wp\/v2\/types\/page"}],"author":[{"embeddable":true,"href":"https:\/\/institucional.ufrrj.br\/sisgen\/wp-json\/wp\/v2\/users\/634"}],"replies":[{"embeddable":true,"href":"https:\/\/institucional.ufrrj.br\/sisgen\/wp-json\/wp\/v2\/comments?post=1049"}],"version-history":[{"count":2,"href":"https:\/\/institucional.ufrrj.br\/sisgen\/wp-json\/wp\/v2\/pages\/1049\/revisions"}],"predecessor-version":[{"id":1239,"href":"https:\/\/institucional.ufrrj.br\/sisgen\/wp-json\/wp\/v2\/pages\/1049\/revisions\/1239"}],"wp:attachment":[{"href":"https:\/\/institucional.ufrrj.br\/sisgen\/wp-json\/wp\/v2\/media?parent=1049"}],"curies":[{"name":"wp","href":"https:\/\/api.w.org\/{rel}","templated":true}]}}