{"id":1531,"date":"2021-07-12T12:10:15","date_gmt":"2021-07-12T15:10:15","guid":{"rendered":"http:\/\/institucional.ufrrj.br\/sepsi\/?page_id=1531"},"modified":"2021-08-30T15:38:44","modified_gmt":"2021-08-30T18:38:44","slug":"o-que-e-estagio","status":"publish","type":"page","link":"https:\/\/institucional.ufrrj.br\/sepsi\/o-que-e-estagio\/","title":{"rendered":"O est\u00e1gio em psicologia"},"content":{"rendered":"\n<p>De acordo com a <strong>Lei 11.788\/ 008 (Lei do Est\u00e1gio)<\/strong>, est\u00e1gio \u00e9 o ato educativo escolar supervisionado, desenvolvido no ambiente de trabalho, que visa \u00e0 prepara\u00e7\u00e3o para o trabalho produtivo de educandos que estejam frequentando o ensino regular em institui\u00e7\u00f5es de educa\u00e7\u00e3o superior, de educa\u00e7\u00e3o profissional, de ensino m\u00e9dio, da educa\u00e7\u00e3o especial e dos anos finais do ensino fundamental, na modalidade profissional da educa\u00e7\u00e3o de jovens e adultos.&nbsp;O est\u00e1gio faz parte do projeto pedag\u00f3gico do curso e integra o itiner\u00e1rio formativo do educando.&nbsp;Al\u00e9m disso, visa ao aprendizado de compet\u00eancias pr\u00f3prias da atividade profissional e \u00e0 contextualiza\u00e7\u00e3o curricular, objetivando o desenvolvimento do educando para a vida cidad\u00e3 e para o trabalho (Brasil, 2008).<br>O <strong>est\u00e1gio em psicologia<\/strong> \u00e9 um conjunto de atividades supervisionadas realizadas em situa\u00e7\u00f5es reais de vida e de trabalho, por um estudante regularmente matriculado em curso de gradua\u00e7\u00e3o nessa \u00e1rea. Tem por objetivo desenvolver a aprendizagem profissional e sociocultural da(o) estudante, sob a responsabilidade e coordena\u00e7\u00e3o da institui\u00e7\u00e3o de ensino. Oferece a possibilidade de problematizar a realidade, sendo espa\u00e7o privilegiado para o exerc\u00edcio profissional supervisionado, para a interven\u00e7\u00e3o em novos campos de atua\u00e7\u00e3o, bem como para o levantamento de quest\u00f5es de pesquisa (CFP\/ABEP\/CRP-SP, 2013).&nbsp; <\/p>\n","protected":false},"excerpt":{"rendered":"<p>De acordo com a Lei 11.788\/ 008 (Lei do Est\u00e1gio), est\u00e1gio \u00e9 o ato educativo escolar supervisionado, desenvolvido no ambiente <a class=\"read-more\" href=\"https:\/\/institucional.ufrrj.br\/sepsi\/o-que-e-estagio\/ \" >&#8230; <span class=\"font-italic\">leia mais <i class=\"fas fa-angle-right\"><\/i><\/span><\/a><\/p>\n","protected":false},"author":634,"featured_media":0,"parent":0,"menu_order":0,"comment_status":"closed","ping_status":"closed","template":"","meta":{"_acf_changed":false,"footnotes":""},"class_list":["post-1531","page","type-page","status-publish","hentry"],"yoast_head":"<!-- This site is optimized with the Yoast SEO plugin v27.2 - https:\/\/yoast.com\/product\/yoast-seo-wordpress\/ -->\n<title>O est\u00e1gio em psicologia - Servi\u00e7o de Psicologia Aplicada (SPA)<\/title>\n<meta name=\"robots\" content=\"index, follow, max-snippet:-1, max-image-preview:large, max-video-preview:-1\" \/>\n<link rel=\"canonical\" href=\"https:\/\/institucional.ufrrj.br\/sepsi\/o-que-e-estagio\/\" \/>\n<meta property=\"og:locale\" content=\"pt_BR\" \/>\n<meta property=\"og:type\" content=\"article\" \/>\n<meta property=\"og:title\" content=\"O est\u00e1gio em psicologia - Servi\u00e7o de Psicologia Aplicada (SPA)\" \/>\n<meta property=\"og:description\" content=\"De acordo com a Lei 11.788\/ 008 (Lei do Est\u00e1gio), est\u00e1gio \u00e9 o ato educativo escolar supervisionado, desenvolvido no ambiente ... leia mais\" \/>\n<meta property=\"og:url\" content=\"https:\/\/institucional.ufrrj.br\/sepsi\/o-que-e-estagio\/\" \/>\n<meta property=\"og:site_name\" content=\"Servi\u00e7o de Psicologia Aplicada (SPA)\" \/>\n<meta property=\"article:modified_time\" content=\"2021-08-30T18:38:44+00:00\" \/>\n<meta name=\"twitter:card\" content=\"summary_large_image\" \/>\n<meta name=\"twitter:label1\" content=\"Est. tempo de leitura\" \/>\n\t<meta name=\"twitter:data1\" content=\"1 minuto\" \/>\n<script type=\"application\/ld+json\" class=\"yoast-schema-graph\">{\"@context\":\"https:\/\/schema.org\",\"@graph\":[{\"@type\":\"WebPage\",\"@id\":\"https:\/\/institucional.ufrrj.br\/sepsi\/o-que-e-estagio\/\",\"url\":\"https:\/\/institucional.ufrrj.br\/sepsi\/o-que-e-estagio\/\",\"name\":\"O est\u00e1gio em psicologia - Servi\u00e7o de Psicologia Aplicada (SPA)\",\"isPartOf\":{\"@id\":\"https:\/\/institucional.ufrrj.br\/sepsi\/#website\"},\"datePublished\":\"2021-07-12T15:10:15+00:00\",\"dateModified\":\"2021-08-30T18:38:44+00:00\",\"breadcrumb\":{\"@id\":\"https:\/\/institucional.ufrrj.br\/sepsi\/o-que-e-estagio\/#breadcrumb\"},\"inLanguage\":\"pt-BR\",\"potentialAction\":[{\"@type\":\"ReadAction\",\"target\":[\"https:\/\/institucional.ufrrj.br\/sepsi\/o-que-e-estagio\/\"]}]},{\"@type\":\"BreadcrumbList\",\"@id\":\"https:\/\/institucional.ufrrj.br\/sepsi\/o-que-e-estagio\/#breadcrumb\",\"itemListElement\":[{\"@type\":\"ListItem\",\"position\":1,\"name\":\"In\u00edcio\",\"item\":\"https:\/\/institucional.ufrrj.br\/sepsi\/\"},{\"@type\":\"ListItem\",\"position\":2,\"name\":\"O est\u00e1gio em psicologia\"}]},{\"@type\":\"WebSite\",\"@id\":\"https:\/\/institucional.ufrrj.br\/sepsi\/#website\",\"url\":\"https:\/\/institucional.ufrrj.br\/sepsi\/\",\"name\":\"Servi\u00e7o de Psicologia Aplicada (SPA)\",\"description\":\"S\u00f3 mais um site institucional.ufrrj.br\",\"potentialAction\":[{\"@type\":\"SearchAction\",\"target\":{\"@type\":\"EntryPoint\",\"urlTemplate\":\"https:\/\/institucional.ufrrj.br\/sepsi\/?s={search_term_string}\"},\"query-input\":{\"@type\":\"PropertyValueSpecification\",\"valueRequired\":true,\"valueName\":\"search_term_string\"}}],\"inLanguage\":\"pt-BR\"}]}<\/script>\n<!-- \/ Yoast SEO plugin. -->","yoast_head_json":{"title":"O est\u00e1gio em psicologia - Servi\u00e7o de Psicologia Aplicada (SPA)","robots":{"index":"index","follow":"follow","max-snippet":"max-snippet:-1","max-image-preview":"max-image-preview:large","max-video-preview":"max-video-preview:-1"},"canonical":"https:\/\/institucional.ufrrj.br\/sepsi\/o-que-e-estagio\/","og_locale":"pt_BR","og_type":"article","og_title":"O est\u00e1gio em psicologia - Servi\u00e7o de Psicologia Aplicada (SPA)","og_description":"De acordo com a Lei 11.788\/ 008 (Lei do Est\u00e1gio), est\u00e1gio \u00e9 o ato educativo escolar supervisionado, desenvolvido no ambiente ... leia mais","og_url":"https:\/\/institucional.ufrrj.br\/sepsi\/o-que-e-estagio\/","og_site_name":"Servi\u00e7o de Psicologia Aplicada (SPA)","article_modified_time":"2021-08-30T18:38:44+00:00","twitter_card":"summary_large_image","twitter_misc":{"Est. tempo de leitura":"1 minuto"},"schema":{"@context":"https:\/\/schema.org","@graph":[{"@type":"WebPage","@id":"https:\/\/institucional.ufrrj.br\/sepsi\/o-que-e-estagio\/","url":"https:\/\/institucional.ufrrj.br\/sepsi\/o-que-e-estagio\/","name":"O est\u00e1gio em psicologia - Servi\u00e7o de Psicologia Aplicada (SPA)","isPartOf":{"@id":"https:\/\/institucional.ufrrj.br\/sepsi\/#website"},"datePublished":"2021-07-12T15:10:15+00:00","dateModified":"2021-08-30T18:38:44+00:00","breadcrumb":{"@id":"https:\/\/institucional.ufrrj.br\/sepsi\/o-que-e-estagio\/#breadcrumb"},"inLanguage":"pt-BR","potentialAction":[{"@type":"ReadAction","target":["https:\/\/institucional.ufrrj.br\/sepsi\/o-que-e-estagio\/"]}]},{"@type":"BreadcrumbList","@id":"https:\/\/institucional.ufrrj.br\/sepsi\/o-que-e-estagio\/#breadcrumb","itemListElement":[{"@type":"ListItem","position":1,"name":"In\u00edcio","item":"https:\/\/institucional.ufrrj.br\/sepsi\/"},{"@type":"ListItem","position":2,"name":"O est\u00e1gio em psicologia"}]},{"@type":"WebSite","@id":"https:\/\/institucional.ufrrj.br\/sepsi\/#website","url":"https:\/\/institucional.ufrrj.br\/sepsi\/","name":"Servi\u00e7o de Psicologia Aplicada (SPA)","description":"S\u00f3 mais um site institucional.ufrrj.br","potentialAction":[{"@type":"SearchAction","target":{"@type":"EntryPoint","urlTemplate":"https:\/\/institucional.ufrrj.br\/sepsi\/?s={search_term_string}"},"query-input":{"@type":"PropertyValueSpecification","valueRequired":true,"valueName":"search_term_string"}}],"inLanguage":"pt-BR"}]}},"acf":[],"_links":{"self":[{"href":"https:\/\/institucional.ufrrj.br\/sepsi\/wp-json\/wp\/v2\/pages\/1531","targetHints":{"allow":["GET"]}}],"collection":[{"href":"https:\/\/institucional.ufrrj.br\/sepsi\/wp-json\/wp\/v2\/pages"}],"about":[{"href":"https:\/\/institucional.ufrrj.br\/sepsi\/wp-json\/wp\/v2\/types\/page"}],"author":[{"embeddable":true,"href":"https:\/\/institucional.ufrrj.br\/sepsi\/wp-json\/wp\/v2\/users\/634"}],"replies":[{"embeddable":true,"href":"https:\/\/institucional.ufrrj.br\/sepsi\/wp-json\/wp\/v2\/comments?post=1531"}],"version-history":[{"count":6,"href":"https:\/\/institucional.ufrrj.br\/sepsi\/wp-json\/wp\/v2\/pages\/1531\/revisions"}],"predecessor-version":[{"id":1661,"href":"https:\/\/institucional.ufrrj.br\/sepsi\/wp-json\/wp\/v2\/pages\/1531\/revisions\/1661"}],"wp:attachment":[{"href":"https:\/\/institucional.ufrrj.br\/sepsi\/wp-json\/wp\/v2\/media?parent=1531"}],"curies":[{"name":"wp","href":"https:\/\/api.w.org\/{rel}","templated":true}]}}

O estágio em psicologia

<p>De acordo com a <strong>Lei 11.788/ 008 (Lei do Estágio)</strong>, estágio é o ato educativo escolar supervisionado, desenvolvido no ambiente de trabalho, que visa à preparação para o trabalho produtivo de educandos que estejam frequentando o ensino regular em instituições de educação superior, de educação profissional, de ensino médio, da educação especial e dos anos finais do ensino fundamental, na modalidade profissional da educação de jovens e adultos.&nbsp;O estágio faz parte do projeto pedagógico do curso e integra o itinerário formativo do educando.&nbsp;Além disso, visa ao aprendizado de competências próprias da atividade profissional e à contextualização curricular, objetivando o desenvolvimento do educando para a vida cidadã e para o trabalho (Brasil, 2008).<br>O <strong>estágio em psicologia</strong> é um conjunto de atividades supervisionadas realizadas em situações reais de vida e de trabalho, por um estudante regularmente matriculado em curso de graduação nessa área. Tem por objetivo desenvolver a aprendizagem profissional e sociocultural da(o) estudante, sob a responsabilidade e coordenação da instituição de ensino. Oferece a possibilidade de problematizar a realidade, sendo espaço privilegiado para o exercício profissional supervisionado, para a intervenção em novos campos de atuação, bem como para o levantamento de questões de pesquisa (CFP/ABEP/CRP-SP, 2013).&nbsp; </p>

<p>De acordo com a Lei 11.788/ 008 (Lei do Estágio), estágio é o ato educativo escolar supervisionado, desenvolvido no ambiente <a class="read-more" href="https://institucional.ufrrj.br/sepsi/o-que-e-estagio/ " >&#8230; <span class="font-italic">leia mais <i class="fas fa-angle-right"></i></span></a></p>

<!-- This site is optimized with the Yoast SEO plugin v27.2 - https://yoast.com/product/yoast-seo-wordpress/ -->
<title>O estágio em psicologia - Serviço de Psicologia Aplicada (SPA)</title>
<meta name="robots" content="index, follow, max-snippet:-1, max-image-preview:large, max-video-preview:-1" />
<link rel="canonical" href="https://institucional.ufrrj.br/sepsi/o-que-e-estagio/" />
<meta property="og:locale" content="pt_BR" />
<meta property="og:type" content="article" />
<meta property="og:title" content="O estágio em psicologia - Serviço de Psicologia Aplicada (SPA)" />
<meta property="og:description" content="De acordo com a Lei 11.788/ 008 (Lei do Estágio), estágio é o ato educativo escolar supervisionado, desenvolvido no ambiente ... leia mais" />
<meta property="og:url" content="https://institucional.ufrrj.br/sepsi/o-que-e-estagio/" />
<meta property="og:site_name" content="Serviço de Psicologia Aplicada (SPA)" />
<meta property="article:modified_time" content="2021-08-30T18:38:44+00:00" />
<meta name="twitter:card" content="summary_large_image" />
<meta name="twitter:label1" content="Est. tempo de leitura" />
	<meta name="twitter:data1" content="1 minuto" />
<script type="application/ld+json" class="yoast-schema-graph">{"@context":"https://schema.org","@graph":[{"@type":"WebPage","@id":"https://institucional.ufrrj.br/sepsi/o-que-e-estagio/","url":"https://institucional.ufrrj.br/sepsi/o-que-e-estagio/","name":"O estágio em psicologia - Serviço de Psicologia Aplicada (SPA)","isPartOf":{"@id":"https://institucional.ufrrj.br/sepsi/#website"},"datePublished":"2021-07-12T15:10:15+00:00","dateModified":"2021-08-30T18:38:44+00:00","breadcrumb":{"@id":"https://institucional.ufrrj.br/sepsi/o-que-e-estagio/#breadcrumb"},"inLanguage":"pt-BR","potentialAction":[{"@type":"ReadAction","target":["https://institucional.ufrrj.br/sepsi/o-que-e-estagio/"]}]},{"@type":"BreadcrumbList","@id":"https://institucional.ufrrj.br/sepsi/o-que-e-estagio/#breadcrumb","itemListElement":[{"@type":"ListItem","position":1,"name":"Início","item":"https://institucional.ufrrj.br/sepsi/"},{"@type":"ListItem","position":2,"name":"O estágio em psicologia"}]},{"@type":"WebSite","@id":"https://institucional.ufrrj.br/sepsi/#website","url":"https://institucional.ufrrj.br/sepsi/","name":"Serviço de Psicologia Aplicada (SPA)","description":"Só mais um site institucional.ufrrj.br","potentialAction":[{"@type":"SearchAction","target":{"@type":"EntryPoint","urlTemplate":"https://institucional.ufrrj.br/sepsi/?s={search_term_string}"},"query-input":{"@type":"PropertyValueSpecification","valueRequired":true,"valueName":"search_term_string"}}],"inLanguage":"pt-BR"}]}</script>
<!-- / Yoast SEO plugin. -->

O estágio em psicologia - Serviço de Psicologia Aplicada (SPA)

De acordo com a Lei 11.788/ 008 (Lei do Estágio), estágio é o ato educativo escolar supervisionado, desenvolvido no ambiente ... leia mais

Serviço de Psicologia Aplicada (SPA)

Início

Só mais um site institucional.ufrrj.br
