{"id":1523,"date":"2021-07-12T12:09:35","date_gmt":"2021-07-12T15:09:35","guid":{"rendered":"http:\/\/institucional.ufrrj.br\/sepsi\/?page_id=1523"},"modified":"2021-07-20T16:06:54","modified_gmt":"2021-07-20T19:06:54","slug":"coordenacoes-anteriores","status":"publish","type":"page","link":"https:\/\/institucional.ufrrj.br\/sepsi\/coordenacoes-anteriores\/","title":{"rendered":"Coordena\u00e7\u00f5es anteriores"},"content":{"rendered":"\n<p>Ana Cla\u00fadia de Azevedo Peixoto \/ Marcus Vin\u00edcius de Ara\u00fajo C\u00e2mara (2013 &#8211; 2015)<\/p>\n\n\n\n<p>Carla Cristine Vicente \/ Luciene de F\u00e1tima Rocinholi (2015 &#8211; 2017)<\/p>\n\n\n\n<p>Deborah Uhr \/ Luna Rodrigues de Freitas Silva (2017 &#8211; 2019)<\/p>\n\n\n\n<p>Deborah Uhr (2019 &#8211; 2021)<br><\/p>\n","protected":false},"excerpt":{"rendered":"<p>Ana Cla\u00fadia de Azevedo Peixoto \/ Marcus Vin\u00edcius de Ara\u00fajo C\u00e2mara (2013 &#8211; 2015) Carla Cristine Vicente \/ Luciene de <a class=\"read-more\" href=\"https:\/\/institucional.ufrrj.br\/sepsi\/coordenacoes-anteriores\/ \" >&#8230; <span class=\"font-italic\">leia mais <i class=\"fas fa-angle-right\"><\/i><\/span><\/a><\/p>\n","protected":false},"author":634,"featured_media":0,"parent":0,"menu_order":0,"comment_status":"closed","ping_status":"closed","template":"","meta":{"_acf_changed":false,"footnotes":""},"class_list":["post-1523","page","type-page","status-publish","hentry"],"yoast_head":"<!-- This site is optimized with the Yoast SEO plugin v27.2 - https:\/\/yoast.com\/product\/yoast-seo-wordpress\/ -->\n<title>Coordena\u00e7\u00f5es anteriores - Servi\u00e7o de Psicologia Aplicada (SPA)<\/title>\n<meta name=\"robots\" content=\"index, follow, max-snippet:-1, max-image-preview:large, max-video-preview:-1\" \/>\n<link rel=\"canonical\" href=\"https:\/\/institucional.ufrrj.br\/sepsi\/coordenacoes-anteriores\/\" \/>\n<meta property=\"og:locale\" content=\"pt_BR\" \/>\n<meta property=\"og:type\" content=\"article\" \/>\n<meta property=\"og:title\" content=\"Coordena\u00e7\u00f5es anteriores - Servi\u00e7o de Psicologia Aplicada (SPA)\" \/>\n<meta property=\"og:description\" content=\"Ana Cla\u00fadia de Azevedo Peixoto \/ Marcus Vin\u00edcius de Ara\u00fajo C\u00e2mara (2013 &#8211; 2015) Carla Cristine Vicente \/ Luciene de ... leia mais\" \/>\n<meta property=\"og:url\" content=\"https:\/\/institucional.ufrrj.br\/sepsi\/coordenacoes-anteriores\/\" \/>\n<meta property=\"og:site_name\" content=\"Servi\u00e7o de Psicologia Aplicada (SPA)\" \/>\n<meta property=\"article:modified_time\" content=\"2021-07-20T19:06:54+00:00\" \/>\n<meta name=\"twitter:card\" content=\"summary_large_image\" \/>\n<script type=\"application\/ld+json\" class=\"yoast-schema-graph\">{\"@context\":\"https:\/\/schema.org\",\"@graph\":[{\"@type\":\"WebPage\",\"@id\":\"https:\/\/institucional.ufrrj.br\/sepsi\/coordenacoes-anteriores\/\",\"url\":\"https:\/\/institucional.ufrrj.br\/sepsi\/coordenacoes-anteriores\/\",\"name\":\"Coordena\u00e7\u00f5es anteriores - Servi\u00e7o de Psicologia Aplicada (SPA)\",\"isPartOf\":{\"@id\":\"https:\/\/institucional.ufrrj.br\/sepsi\/#website\"},\"datePublished\":\"2021-07-12T15:09:35+00:00\",\"dateModified\":\"2021-07-20T19:06:54+00:00\",\"breadcrumb\":{\"@id\":\"https:\/\/institucional.ufrrj.br\/sepsi\/coordenacoes-anteriores\/#breadcrumb\"},\"inLanguage\":\"pt-BR\",\"potentialAction\":[{\"@type\":\"ReadAction\",\"target\":[\"https:\/\/institucional.ufrrj.br\/sepsi\/coordenacoes-anteriores\/\"]}]},{\"@type\":\"BreadcrumbList\",\"@id\":\"https:\/\/institucional.ufrrj.br\/sepsi\/coordenacoes-anteriores\/#breadcrumb\",\"itemListElement\":[{\"@type\":\"ListItem\",\"position\":1,\"name\":\"In\u00edcio\",\"item\":\"https:\/\/institucional.ufrrj.br\/sepsi\/\"},{\"@type\":\"ListItem\",\"position\":2,\"name\":\"Coordena\u00e7\u00f5es anteriores\"}]},{\"@type\":\"WebSite\",\"@id\":\"https:\/\/institucional.ufrrj.br\/sepsi\/#website\",\"url\":\"https:\/\/institucional.ufrrj.br\/sepsi\/\",\"name\":\"Servi\u00e7o de Psicologia Aplicada (SPA)\",\"description\":\"S\u00f3 mais um site institucional.ufrrj.br\",\"potentialAction\":[{\"@type\":\"SearchAction\",\"target\":{\"@type\":\"EntryPoint\",\"urlTemplate\":\"https:\/\/institucional.ufrrj.br\/sepsi\/?s={search_term_string}\"},\"query-input\":{\"@type\":\"PropertyValueSpecification\",\"valueRequired\":true,\"valueName\":\"search_term_string\"}}],\"inLanguage\":\"pt-BR\"}]}<\/script>\n<!-- \/ Yoast SEO plugin. -->","yoast_head_json":{"title":"Coordena\u00e7\u00f5es anteriores - Servi\u00e7o de Psicologia Aplicada (SPA)","robots":{"index":"index","follow":"follow","max-snippet":"max-snippet:-1","max-image-preview":"max-image-preview:large","max-video-preview":"max-video-preview:-1"},"canonical":"https:\/\/institucional.ufrrj.br\/sepsi\/coordenacoes-anteriores\/","og_locale":"pt_BR","og_type":"article","og_title":"Coordena\u00e7\u00f5es anteriores - Servi\u00e7o de Psicologia Aplicada (SPA)","og_description":"Ana Cla\u00fadia de Azevedo Peixoto \/ Marcus Vin\u00edcius de Ara\u00fajo C\u00e2mara (2013 &#8211; 2015) Carla Cristine Vicente \/ Luciene de ... leia mais","og_url":"https:\/\/institucional.ufrrj.br\/sepsi\/coordenacoes-anteriores\/","og_site_name":"Servi\u00e7o de Psicologia Aplicada (SPA)","article_modified_time":"2021-07-20T19:06:54+00:00","twitter_card":"summary_large_image","schema":{"@context":"https:\/\/schema.org","@graph":[{"@type":"WebPage","@id":"https:\/\/institucional.ufrrj.br\/sepsi\/coordenacoes-anteriores\/","url":"https:\/\/institucional.ufrrj.br\/sepsi\/coordenacoes-anteriores\/","name":"Coordena\u00e7\u00f5es anteriores - Servi\u00e7o de Psicologia Aplicada (SPA)","isPartOf":{"@id":"https:\/\/institucional.ufrrj.br\/sepsi\/#website"},"datePublished":"2021-07-12T15:09:35+00:00","dateModified":"2021-07-20T19:06:54+00:00","breadcrumb":{"@id":"https:\/\/institucional.ufrrj.br\/sepsi\/coordenacoes-anteriores\/#breadcrumb"},"inLanguage":"pt-BR","potentialAction":[{"@type":"ReadAction","target":["https:\/\/institucional.ufrrj.br\/sepsi\/coordenacoes-anteriores\/"]}]},{"@type":"BreadcrumbList","@id":"https:\/\/institucional.ufrrj.br\/sepsi\/coordenacoes-anteriores\/#breadcrumb","itemListElement":[{"@type":"ListItem","position":1,"name":"In\u00edcio","item":"https:\/\/institucional.ufrrj.br\/sepsi\/"},{"@type":"ListItem","position":2,"name":"Coordena\u00e7\u00f5es anteriores"}]},{"@type":"WebSite","@id":"https:\/\/institucional.ufrrj.br\/sepsi\/#website","url":"https:\/\/institucional.ufrrj.br\/sepsi\/","name":"Servi\u00e7o de Psicologia Aplicada (SPA)","description":"S\u00f3 mais um site institucional.ufrrj.br","potentialAction":[{"@type":"SearchAction","target":{"@type":"EntryPoint","urlTemplate":"https:\/\/institucional.ufrrj.br\/sepsi\/?s={search_term_string}"},"query-input":{"@type":"PropertyValueSpecification","valueRequired":true,"valueName":"search_term_string"}}],"inLanguage":"pt-BR"}]}},"acf":[],"_links":{"self":[{"href":"https:\/\/institucional.ufrrj.br\/sepsi\/wp-json\/wp\/v2\/pages\/1523","targetHints":{"allow":["GET"]}}],"collection":[{"href":"https:\/\/institucional.ufrrj.br\/sepsi\/wp-json\/wp\/v2\/pages"}],"about":[{"href":"https:\/\/institucional.ufrrj.br\/sepsi\/wp-json\/wp\/v2\/types\/page"}],"author":[{"embeddable":true,"href":"https:\/\/institucional.ufrrj.br\/sepsi\/wp-json\/wp\/v2\/users\/634"}],"replies":[{"embeddable":true,"href":"https:\/\/institucional.ufrrj.br\/sepsi\/wp-json\/wp\/v2\/comments?post=1523"}],"version-history":[{"count":2,"href":"https:\/\/institucional.ufrrj.br\/sepsi\/wp-json\/wp\/v2\/pages\/1523\/revisions"}],"predecessor-version":[{"id":1573,"href":"https:\/\/institucional.ufrrj.br\/sepsi\/wp-json\/wp\/v2\/pages\/1523\/revisions\/1573"}],"wp:attachment":[{"href":"https:\/\/institucional.ufrrj.br\/sepsi\/wp-json\/wp\/v2\/media?parent=1523"}],"curies":[{"name":"wp","href":"https:\/\/api.w.org\/{rel}","templated":true}]}}

Coordenações anteriores

<p>Ana Claúdia de Azevedo Peixoto / Marcus Vinícius de Araújo Câmara (2013 &#8211; 2015)</p>



<p>Carla Cristine Vicente / Luciene de Fátima Rocinholi (2015 &#8211; 2017)</p>



<p>Deborah Uhr / Luna Rodrigues de Freitas Silva (2017 &#8211; 2019)</p>



<p>Deborah Uhr (2019 &#8211; 2021)<br></p>

<p>Ana Claúdia de Azevedo Peixoto / Marcus Vinícius de Araújo Câmara (2013 &#8211; 2015) Carla Cristine Vicente / Luciene de <a class="read-more" href="https://institucional.ufrrj.br/sepsi/coordenacoes-anteriores/ " >&#8230; <span class="font-italic">leia mais <i class="fas fa-angle-right"></i></span></a></p>

<!-- This site is optimized with the Yoast SEO plugin v27.2 - https://yoast.com/product/yoast-seo-wordpress/ -->
<title>Coordenações anteriores - Serviço de Psicologia Aplicada (SPA)</title>
<meta name="robots" content="index, follow, max-snippet:-1, max-image-preview:large, max-video-preview:-1" />
<link rel="canonical" href="https://institucional.ufrrj.br/sepsi/coordenacoes-anteriores/" />
<meta property="og:locale" content="pt_BR" />
<meta property="og:type" content="article" />
<meta property="og:title" content="Coordenações anteriores - Serviço de Psicologia Aplicada (SPA)" />
<meta property="og:description" content="Ana Claúdia de Azevedo Peixoto / Marcus Vinícius de Araújo Câmara (2013 &#8211; 2015) Carla Cristine Vicente / Luciene de ... leia mais" />
<meta property="og:url" content="https://institucional.ufrrj.br/sepsi/coordenacoes-anteriores/" />
<meta property="og:site_name" content="Serviço de Psicologia Aplicada (SPA)" />
<meta property="article:modified_time" content="2021-07-20T19:06:54+00:00" />
<meta name="twitter:card" content="summary_large_image" />
<script type="application/ld+json" class="yoast-schema-graph">{"@context":"https://schema.org","@graph":[{"@type":"WebPage","@id":"https://institucional.ufrrj.br/sepsi/coordenacoes-anteriores/","url":"https://institucional.ufrrj.br/sepsi/coordenacoes-anteriores/","name":"Coordenações anteriores - Serviço de Psicologia Aplicada (SPA)","isPartOf":{"@id":"https://institucional.ufrrj.br/sepsi/#website"},"datePublished":"2021-07-12T15:09:35+00:00","dateModified":"2021-07-20T19:06:54+00:00","breadcrumb":{"@id":"https://institucional.ufrrj.br/sepsi/coordenacoes-anteriores/#breadcrumb"},"inLanguage":"pt-BR","potentialAction":[{"@type":"ReadAction","target":["https://institucional.ufrrj.br/sepsi/coordenacoes-anteriores/"]}]},{"@type":"BreadcrumbList","@id":"https://institucional.ufrrj.br/sepsi/coordenacoes-anteriores/#breadcrumb","itemListElement":[{"@type":"ListItem","position":1,"name":"Início","item":"https://institucional.ufrrj.br/sepsi/"},{"@type":"ListItem","position":2,"name":"Coordenações anteriores"}]},{"@type":"WebSite","@id":"https://institucional.ufrrj.br/sepsi/#website","url":"https://institucional.ufrrj.br/sepsi/","name":"Serviço de Psicologia Aplicada (SPA)","description":"Só mais um site institucional.ufrrj.br","potentialAction":[{"@type":"SearchAction","target":{"@type":"EntryPoint","urlTemplate":"https://institucional.ufrrj.br/sepsi/?s={search_term_string}"},"query-input":{"@type":"PropertyValueSpecification","valueRequired":true,"valueName":"search_term_string"}}],"inLanguage":"pt-BR"}]}</script>
<!-- / Yoast SEO plugin. -->

Coordenações anteriores - Serviço de Psicologia Aplicada (SPA)

Ana Claúdia de Azevedo Peixoto / Marcus Vinícius de Araújo Câmara (2013 &#8211; 2015) Carla Cristine Vicente / Luciene de ... leia mais

Serviço de Psicologia Aplicada (SPA)

Início

Só mais um site institucional.ufrrj.br
