{"id":36,"date":"2017-05-03T15:55:19","date_gmt":"2017-05-03T18:55:19","guid":{"rendered":"http:\/\/institucional.ufrrj.br\/sec-reitoria\/?page_id=36"},"modified":"2018-08-03T13:38:29","modified_gmt":"2018-08-03T16:38:29","slug":"equipe","status":"publish","type":"page","link":"https:\/\/institucional.ufrrj.br\/sec-reitoria\/equipe\/","title":{"rendered":"Equipe"},"content":{"rendered":"<p><strong><span style=\"color: #0000ff\">Andr\u00e9 Concei\u00e7\u00e3o de Meireles &#8211; Funcion\u00e1rio NTL &#8211; Assistente de Log\u00edstica<\/span><\/strong><\/p>\n<p>&nbsp;<\/p>\n<p><strong><span style=\"color: #0000ff\">Eliezer Rangel da Concei\u00e7\u00e3o &#8211; Assistente em Administra\u00e7\u00e3o<\/span><\/strong><\/p>\n<p>&nbsp;<\/p>\n<p><strong><span style=\"color: #0000ff\">Fernanda da Silva Moreira &#8211; Funcion\u00e1ria Obra Prima &#8211; Recepcionista<\/span><\/strong><\/p>\n<p>&nbsp;<\/p>\n<p><strong><span style=\"color: #0000ff\">M\u00e1rio Elias de Almeida &#8211; Servidor Reintegrado (ELETROBRAS) &#8211; Recepcionista<\/span><\/strong><\/p>\n<p>&nbsp;<\/p>\n<p><strong><span style=\"color: #0000ff\">Roberto Vieira dos Santos &#8211; Servidor Reintegrado (CBTU) &#8211; Cont\u00ednuo<\/span><\/strong><\/p>\n<p>&nbsp;<\/p>\n<p><span style=\"color: #0000ff\"><strong>Samara dos Santos Pimentel &#8211; Secret\u00e1ria<\/strong><\/span><\/p>\n","protected":false},"excerpt":{"rendered":"<p>Andr\u00e9 Concei\u00e7\u00e3o de Meireles &#8211; Funcion\u00e1rio NTL &#8211; Assistente de Log\u00edstica &nbsp; Eliezer Rangel da Concei\u00e7\u00e3o &#8211; Assistente em Administra\u00e7\u00e3o <a class=\"read-more\" href=\"https:\/\/institucional.ufrrj.br\/sec-reitoria\/equipe\/ \">&#8230;<\/a><\/p>\n","protected":false},"author":319,"featured_media":0,"parent":0,"menu_order":0,"comment_status":"closed","ping_status":"closed","template":"","meta":{"_acf_changed":false,"footnotes":""},"class_list":["post-36","page","type-page","status-publish","hentry"],"yoast_head":"<!-- This site is optimized with the Yoast SEO plugin v27.2 - https:\/\/yoast.com\/product\/yoast-seo-wordpress\/ -->\n<title>Equipe - Secretaria Administrativa do Gabinete da Reitoria<\/title>\n<meta name=\"robots\" content=\"index, follow, max-snippet:-1, max-image-preview:large, max-video-preview:-1\" \/>\n<link rel=\"canonical\" href=\"https:\/\/institucional.ufrrj.br\/sec-reitoria\/equipe\/\" \/>\n<meta property=\"og:locale\" content=\"pt_BR\" \/>\n<meta property=\"og:type\" content=\"article\" \/>\n<meta property=\"og:title\" content=\"Equipe - Secretaria Administrativa do Gabinete da Reitoria\" \/>\n<meta property=\"og:description\" content=\"Andr\u00e9 Concei\u00e7\u00e3o de Meireles &#8211; Funcion\u00e1rio NTL &#8211; Assistente de Log\u00edstica &nbsp; Eliezer Rangel da Concei\u00e7\u00e3o &#8211; Assistente em Administra\u00e7\u00e3o ...\" \/>\n<meta property=\"og:url\" content=\"https:\/\/institucional.ufrrj.br\/sec-reitoria\/equipe\/\" \/>\n<meta property=\"og:site_name\" content=\"Secretaria Administrativa do Gabinete da Reitoria\" \/>\n<meta property=\"article:modified_time\" content=\"2018-08-03T16:38:29+00:00\" \/>\n<meta name=\"twitter:card\" content=\"summary_large_image\" \/>\n<script type=\"application\/ld+json\" class=\"yoast-schema-graph\">{\"@context\":\"https:\/\/schema.org\",\"@graph\":[{\"@type\":\"WebPage\",\"@id\":\"https:\/\/institucional.ufrrj.br\/sec-reitoria\/equipe\/\",\"url\":\"https:\/\/institucional.ufrrj.br\/sec-reitoria\/equipe\/\",\"name\":\"Equipe - Secretaria Administrativa do Gabinete da Reitoria\",\"isPartOf\":{\"@id\":\"https:\/\/institucional.ufrrj.br\/sec-reitoria\/#website\"},\"datePublished\":\"2017-05-03T18:55:19+00:00\",\"dateModified\":\"2018-08-03T16:38:29+00:00\",\"breadcrumb\":{\"@id\":\"https:\/\/institucional.ufrrj.br\/sec-reitoria\/equipe\/#breadcrumb\"},\"inLanguage\":\"pt-BR\",\"potentialAction\":[{\"@type\":\"ReadAction\",\"target\":[\"https:\/\/institucional.ufrrj.br\/sec-reitoria\/equipe\/\"]}]},{\"@type\":\"BreadcrumbList\",\"@id\":\"https:\/\/institucional.ufrrj.br\/sec-reitoria\/equipe\/#breadcrumb\",\"itemListElement\":[{\"@type\":\"ListItem\",\"position\":1,\"name\":\"In\u00edcio\",\"item\":\"https:\/\/institucional.ufrrj.br\/sec-reitoria\/\"},{\"@type\":\"ListItem\",\"position\":2,\"name\":\"Equipe\"}]},{\"@type\":\"WebSite\",\"@id\":\"https:\/\/institucional.ufrrj.br\/sec-reitoria\/#website\",\"url\":\"https:\/\/institucional.ufrrj.br\/sec-reitoria\/\",\"name\":\"Secretaria Administrativa do Gabinete da Reitoria\",\"description\":\"S\u00f3 mais um site institucional.ufrrj.br\",\"potentialAction\":[{\"@type\":\"SearchAction\",\"target\":{\"@type\":\"EntryPoint\",\"urlTemplate\":\"https:\/\/institucional.ufrrj.br\/sec-reitoria\/?s={search_term_string}\"},\"query-input\":{\"@type\":\"PropertyValueSpecification\",\"valueRequired\":true,\"valueName\":\"search_term_string\"}}],\"inLanguage\":\"pt-BR\"}]}<\/script>\n<!-- \/ Yoast SEO plugin. -->","yoast_head_json":{"title":"Equipe - Secretaria Administrativa do Gabinete da Reitoria","robots":{"index":"index","follow":"follow","max-snippet":"max-snippet:-1","max-image-preview":"max-image-preview:large","max-video-preview":"max-video-preview:-1"},"canonical":"https:\/\/institucional.ufrrj.br\/sec-reitoria\/equipe\/","og_locale":"pt_BR","og_type":"article","og_title":"Equipe - Secretaria Administrativa do Gabinete da Reitoria","og_description":"Andr\u00e9 Concei\u00e7\u00e3o de Meireles &#8211; Funcion\u00e1rio NTL &#8211; Assistente de Log\u00edstica &nbsp; Eliezer Rangel da Concei\u00e7\u00e3o &#8211; Assistente em Administra\u00e7\u00e3o ...","og_url":"https:\/\/institucional.ufrrj.br\/sec-reitoria\/equipe\/","og_site_name":"Secretaria Administrativa do Gabinete da Reitoria","article_modified_time":"2018-08-03T16:38:29+00:00","twitter_card":"summary_large_image","schema":{"@context":"https:\/\/schema.org","@graph":[{"@type":"WebPage","@id":"https:\/\/institucional.ufrrj.br\/sec-reitoria\/equipe\/","url":"https:\/\/institucional.ufrrj.br\/sec-reitoria\/equipe\/","name":"Equipe - Secretaria Administrativa do Gabinete da Reitoria","isPartOf":{"@id":"https:\/\/institucional.ufrrj.br\/sec-reitoria\/#website"},"datePublished":"2017-05-03T18:55:19+00:00","dateModified":"2018-08-03T16:38:29+00:00","breadcrumb":{"@id":"https:\/\/institucional.ufrrj.br\/sec-reitoria\/equipe\/#breadcrumb"},"inLanguage":"pt-BR","potentialAction":[{"@type":"ReadAction","target":["https:\/\/institucional.ufrrj.br\/sec-reitoria\/equipe\/"]}]},{"@type":"BreadcrumbList","@id":"https:\/\/institucional.ufrrj.br\/sec-reitoria\/equipe\/#breadcrumb","itemListElement":[{"@type":"ListItem","position":1,"name":"In\u00edcio","item":"https:\/\/institucional.ufrrj.br\/sec-reitoria\/"},{"@type":"ListItem","position":2,"name":"Equipe"}]},{"@type":"WebSite","@id":"https:\/\/institucional.ufrrj.br\/sec-reitoria\/#website","url":"https:\/\/institucional.ufrrj.br\/sec-reitoria\/","name":"Secretaria Administrativa do Gabinete da Reitoria","description":"S\u00f3 mais um site institucional.ufrrj.br","potentialAction":[{"@type":"SearchAction","target":{"@type":"EntryPoint","urlTemplate":"https:\/\/institucional.ufrrj.br\/sec-reitoria\/?s={search_term_string}"},"query-input":{"@type":"PropertyValueSpecification","valueRequired":true,"valueName":"search_term_string"}}],"inLanguage":"pt-BR"}]}},"acf":[],"_links":{"self":[{"href":"https:\/\/institucional.ufrrj.br\/sec-reitoria\/wp-json\/wp\/v2\/pages\/36","targetHints":{"allow":["GET"]}}],"collection":[{"href":"https:\/\/institucional.ufrrj.br\/sec-reitoria\/wp-json\/wp\/v2\/pages"}],"about":[{"href":"https:\/\/institucional.ufrrj.br\/sec-reitoria\/wp-json\/wp\/v2\/types\/page"}],"author":[{"embeddable":true,"href":"https:\/\/institucional.ufrrj.br\/sec-reitoria\/wp-json\/wp\/v2\/users\/319"}],"replies":[{"embeddable":true,"href":"https:\/\/institucional.ufrrj.br\/sec-reitoria\/wp-json\/wp\/v2\/comments?post=36"}],"version-history":[{"count":13,"href":"https:\/\/institucional.ufrrj.br\/sec-reitoria\/wp-json\/wp\/v2\/pages\/36\/revisions"}],"predecessor-version":[{"id":17979,"href":"https:\/\/institucional.ufrrj.br\/sec-reitoria\/wp-json\/wp\/v2\/pages\/36\/revisions\/17979"}],"wp:attachment":[{"href":"https:\/\/institucional.ufrrj.br\/sec-reitoria\/wp-json\/wp\/v2\/media?parent=36"}],"curies":[{"name":"wp","href":"https:\/\/api.w.org\/{rel}","templated":true}]}}