{"id":660,"date":"2020-12-14T13:06:46","date_gmt":"2020-12-14T13:06:46","guid":{"rendered":"http:\/\/institucional.ufrrj.br\/sap\/?page_id=660"},"modified":"2025-08-01T19:54:46","modified_gmt":"2025-08-01T22:54:46","slug":"sistema-urinario-2","status":"publish","type":"page","link":"https:\/\/institucional.ufrrj.br\/sap\/sistema-urinario-2\/","title":{"rendered":"Sistema Urin\u00e1rio"},"content":{"rendered":"\n<p>Esta se\u00e7\u00e3o apresenta as fichas t\u00e9cnicas dos esp\u00e9cimes do Acervo de Sistema Urin\u00e1rio do Museu Carlos Tokarnia, reunindo informa\u00e7\u00f5es detalhadas sobre altera\u00e7\u00f5es morfol\u00f3gicas cong\u00eanitas e adquiridas que acometem os \u00f3rg\u00e3os urin\u00e1rios de diferentes esp\u00e9cies animais. As descri\u00e7\u00f5es aqui disponibilizadas, acompanhadas de registros fotogr\u00e1ficos e dados anat\u00f4mico-patol\u00f3gicos, t\u00eam por objetivo subsidiar atividades de ensino, pesquisa e extens\u00e3o nas \u00e1reas de Anatomia Patol\u00f3gica, Cl\u00ednica Veterin\u00e1ria e Ci\u00eancias Morfofuncionais, contribuindo para a compreens\u00e3o das enfermidades que afetam esse sistema vital.<\/p>\n\n\n\n<p><strong>RIM POLIC\u00cdSTICO<\/strong><\/p>\n\n\n\n<p>Este exemplar representa um caso de rim polic\u00edstico, afec\u00e7\u00e3o caracterizada pela presen\u00e7a de m\u00faltiplos cistos renais de origem cong\u00eanita ou adquirida, observada em diversas esp\u00e9cies dom\u00e9sticas e silvestres. Trata-se de uma condi\u00e7\u00e3o de relev\u00e2ncia cl\u00ednica e morfol\u00f3gica, frequentemente associada a altera\u00e7\u00f5es gen\u00e9ticas, como muta\u00e7\u00f5es nos genes <em>PKD1<\/em> e <em>PKD2<\/em>, e que pode evoluir para comprometimento funcional renal significativo, sendo de especial interesse nos estudos de nefropatias heredit\u00e1rias e processos degenerativos do sistema urin\u00e1rio.<\/p>\n\n\n\n<div data-wp-interactive=\"core\/file\" class=\"wp-block-file\"><object data-wp-bind--hidden=\"!state.hasPdfPreview\" hidden class=\"wp-block-file__embed\" data=\"https:\/\/institucional.ufrrj.br\/sap\/files\/2025\/08\/2-7-2025-RIM-POLICISTICO-FICHA-TECNICA.pdf\" type=\"application\/pdf\" style=\"width:100%;height:600px\" aria-label=\"Incorporado de 2-7-2025 RIM POLIC\u00cdSTICO FICHA T\u00c9CNICA.\"><\/object><a id=\"wp-block-file--media-6f9e04f2-136f-464a-a258-2f03a48f95f1\" href=\"https:\/\/institucional.ufrrj.br\/sap\/files\/2025\/08\/2-7-2025-RIM-POLICISTICO-FICHA-TECNICA.pdf\">2-7-2025 RIM POLIC\u00cdSTICO FICHA T\u00c9CNICA<\/a><a href=\"https:\/\/institucional.ufrrj.br\/sap\/files\/2025\/08\/2-7-2025-RIM-POLICISTICO-FICHA-TECNICA.pdf\" class=\"wp-block-file__button wp-element-button\" download aria-describedby=\"wp-block-file--media-6f9e04f2-136f-464a-a258-2f03a48f95f1\">Baixar<\/a><\/div>\n","protected":false},"excerpt":{"rendered":"<p>Esta se\u00e7\u00e3o apresenta as fichas t\u00e9cnicas dos esp\u00e9cimes do Acervo de Sistema Urin\u00e1rio do Museu Carlos Tokarnia, reunindo informa\u00e7\u00f5es detalhadas <a class=\"read-more\" href=\"https:\/\/institucional.ufrrj.br\/sap\/sistema-urinario-2\/ \" >&#8230; <span class=\"font-italic\">leia mais <i class=\"fas fa-angle-right\"><\/i><\/span><\/a><\/p>\n","protected":false},"author":229,"featured_media":0,"parent":0,"menu_order":0,"comment_status":"closed","ping_status":"closed","template":"","meta":{"_acf_changed":false,"footnotes":"","_links_to":"","_links_to_target":""},"class_list":["post-660","page","type-page","status-publish","hentry"],"yoast_head":"<!-- This site is optimized with the Yoast SEO plugin v27.2 - https:\/\/yoast.com\/product\/yoast-seo-wordpress\/ -->\n<title>Sistema Urin\u00e1rio - SAP<\/title>\n<meta name=\"robots\" content=\"index, follow, max-snippet:-1, max-image-preview:large, max-video-preview:-1\" \/>\n<link rel=\"canonical\" href=\"https:\/\/institucional.ufrrj.br\/sap\/sistema-urinario-2\/\" \/>\n<meta property=\"og:locale\" content=\"pt_BR\" \/>\n<meta property=\"og:type\" content=\"article\" \/>\n<meta property=\"og:title\" content=\"Sistema Urin\u00e1rio - SAP\" \/>\n<meta property=\"og:description\" content=\"Esta se\u00e7\u00e3o apresenta as fichas t\u00e9cnicas dos esp\u00e9cimes do Acervo de Sistema Urin\u00e1rio do Museu Carlos Tokarnia, reunindo informa\u00e7\u00f5es detalhadas ... leia mais\" \/>\n<meta property=\"og:url\" content=\"https:\/\/institucional.ufrrj.br\/sap\/sistema-urinario-2\/\" \/>\n<meta property=\"og:site_name\" content=\"SAP\" \/>\n<meta property=\"article:modified_time\" content=\"2025-08-01T22:54:46+00:00\" \/>\n<meta name=\"twitter:card\" content=\"summary_large_image\" \/>\n<meta name=\"twitter:label1\" content=\"Est. tempo de leitura\" \/>\n\t<meta name=\"twitter:data1\" content=\"1 minuto\" \/>\n<script type=\"application\/ld+json\" class=\"yoast-schema-graph\">{\"@context\":\"https:\/\/schema.org\",\"@graph\":[{\"@type\":\"WebPage\",\"@id\":\"https:\/\/institucional.ufrrj.br\/sap\/sistema-urinario-2\/\",\"url\":\"https:\/\/institucional.ufrrj.br\/sap\/sistema-urinario-2\/\",\"name\":\"Sistema Urin\u00e1rio - SAP\",\"isPartOf\":{\"@id\":\"https:\/\/institucional.ufrrj.br\/sap\/#website\"},\"datePublished\":\"2020-12-14T13:06:46+00:00\",\"dateModified\":\"2025-08-01T22:54:46+00:00\",\"breadcrumb\":{\"@id\":\"https:\/\/institucional.ufrrj.br\/sap\/sistema-urinario-2\/#breadcrumb\"},\"inLanguage\":\"pt-BR\",\"potentialAction\":[{\"@type\":\"ReadAction\",\"target\":[\"https:\/\/institucional.ufrrj.br\/sap\/sistema-urinario-2\/\"]}]},{\"@type\":\"BreadcrumbList\",\"@id\":\"https:\/\/institucional.ufrrj.br\/sap\/sistema-urinario-2\/#breadcrumb\",\"itemListElement\":[{\"@type\":\"ListItem\",\"position\":1,\"name\":\"In\u00edcio\",\"item\":\"https:\/\/institucional.ufrrj.br\/sap\/\"},{\"@type\":\"ListItem\",\"position\":2,\"name\":\"Sistema Urin\u00e1rio\"}]},{\"@type\":\"WebSite\",\"@id\":\"https:\/\/institucional.ufrrj.br\/sap\/#website\",\"url\":\"https:\/\/institucional.ufrrj.br\/sap\/\",\"name\":\"SAP\",\"description\":\"Setor de Anatomia Pat\u00f3logica\",\"potentialAction\":[{\"@type\":\"SearchAction\",\"target\":{\"@type\":\"EntryPoint\",\"urlTemplate\":\"https:\/\/institucional.ufrrj.br\/sap\/?s={search_term_string}\"},\"query-input\":{\"@type\":\"PropertyValueSpecification\",\"valueRequired\":true,\"valueName\":\"search_term_string\"}}],\"inLanguage\":\"pt-BR\"}]}<\/script>\n<!-- \/ Yoast SEO plugin. -->","yoast_head_json":{"title":"Sistema Urin\u00e1rio - SAP","robots":{"index":"index","follow":"follow","max-snippet":"max-snippet:-1","max-image-preview":"max-image-preview:large","max-video-preview":"max-video-preview:-1"},"canonical":"https:\/\/institucional.ufrrj.br\/sap\/sistema-urinario-2\/","og_locale":"pt_BR","og_type":"article","og_title":"Sistema Urin\u00e1rio - SAP","og_description":"Esta se\u00e7\u00e3o apresenta as fichas t\u00e9cnicas dos esp\u00e9cimes do Acervo de Sistema Urin\u00e1rio do Museu Carlos Tokarnia, reunindo informa\u00e7\u00f5es detalhadas ... leia mais","og_url":"https:\/\/institucional.ufrrj.br\/sap\/sistema-urinario-2\/","og_site_name":"SAP","article_modified_time":"2025-08-01T22:54:46+00:00","twitter_card":"summary_large_image","twitter_misc":{"Est. tempo de leitura":"1 minuto"},"schema":{"@context":"https:\/\/schema.org","@graph":[{"@type":"WebPage","@id":"https:\/\/institucional.ufrrj.br\/sap\/sistema-urinario-2\/","url":"https:\/\/institucional.ufrrj.br\/sap\/sistema-urinario-2\/","name":"Sistema Urin\u00e1rio - SAP","isPartOf":{"@id":"https:\/\/institucional.ufrrj.br\/sap\/#website"},"datePublished":"2020-12-14T13:06:46+00:00","dateModified":"2025-08-01T22:54:46+00:00","breadcrumb":{"@id":"https:\/\/institucional.ufrrj.br\/sap\/sistema-urinario-2\/#breadcrumb"},"inLanguage":"pt-BR","potentialAction":[{"@type":"ReadAction","target":["https:\/\/institucional.ufrrj.br\/sap\/sistema-urinario-2\/"]}]},{"@type":"BreadcrumbList","@id":"https:\/\/institucional.ufrrj.br\/sap\/sistema-urinario-2\/#breadcrumb","itemListElement":[{"@type":"ListItem","position":1,"name":"In\u00edcio","item":"https:\/\/institucional.ufrrj.br\/sap\/"},{"@type":"ListItem","position":2,"name":"Sistema Urin\u00e1rio"}]},{"@type":"WebSite","@id":"https:\/\/institucional.ufrrj.br\/sap\/#website","url":"https:\/\/institucional.ufrrj.br\/sap\/","name":"SAP","description":"Setor de Anatomia Pat\u00f3logica","potentialAction":[{"@type":"SearchAction","target":{"@type":"EntryPoint","urlTemplate":"https:\/\/institucional.ufrrj.br\/sap\/?s={search_term_string}"},"query-input":{"@type":"PropertyValueSpecification","valueRequired":true,"valueName":"search_term_string"}}],"inLanguage":"pt-BR"}]}},"acf":[],"_links":{"self":[{"href":"https:\/\/institucional.ufrrj.br\/sap\/wp-json\/wp\/v2\/pages\/660","targetHints":{"allow":["GET"]}}],"collection":[{"href":"https:\/\/institucional.ufrrj.br\/sap\/wp-json\/wp\/v2\/pages"}],"about":[{"href":"https:\/\/institucional.ufrrj.br\/sap\/wp-json\/wp\/v2\/types\/page"}],"author":[{"embeddable":true,"href":"https:\/\/institucional.ufrrj.br\/sap\/wp-json\/wp\/v2\/users\/229"}],"replies":[{"embeddable":true,"href":"https:\/\/institucional.ufrrj.br\/sap\/wp-json\/wp\/v2\/comments?post=660"}],"version-history":[{"count":2,"href":"https:\/\/institucional.ufrrj.br\/sap\/wp-json\/wp\/v2\/pages\/660\/revisions"}],"predecessor-version":[{"id":1910,"href":"https:\/\/institucional.ufrrj.br\/sap\/wp-json\/wp\/v2\/pages\/660\/revisions\/1910"}],"wp:attachment":[{"href":"https:\/\/institucional.ufrrj.br\/sap\/wp-json\/wp\/v2\/media?parent=660"}],"curies":[{"name":"wp","href":"https:\/\/api.w.org\/{rel}","templated":true}]}}