{"id":75,"date":"2016-11-01T16:11:10","date_gmt":"2016-11-01T18:11:10","guid":{"rendered":"http:\/\/institucional.ufrrj.br\/ruralnumeros\/?page_id=75"},"modified":"2025-02-11T15:13:50","modified_gmt":"2025-02-11T18:13:50","slug":"home","status":"publish","type":"page","link":"https:\/\/institucional.ufrrj.br\/ruralnumeros\/","title":{"rendered":"Home"},"content":{"rendered":"<h4><span style=\"color: #0000ff\"><strong>APRESENTA\u00c7\u00c3O<\/strong><\/span><\/h4>\n<p style=\"text-align: justify\">O <strong>RURAL EM N\u00daMEROS<\/strong> \u00e9 uma iniciativa da <strong>COORDENADORIA DE DESENVOLVIMENTO INSTITUCIONAL &#8211; CODIN<\/strong>, na perspectiva de oferecer um instrumento de consulta r\u00e1pido, seguro e atualizado das a\u00e7\u00f5es universit\u00e1rias, permitindo melhorar a busca de informa\u00e7\u00f5es e a visibilidade da <strong>UFRRJ<\/strong>.<\/p>\n<p style=\"text-align: justify\">A partir da Delibera\u00e7\u00e3o CONSU n\u00ba 29, de 06 de maio de 2014, que trata da cria\u00e7\u00e3o das unidades vinculadas \u00e0 Pr\u00f3-Reitoria de Planejamento, Avalia\u00e7\u00e3o e Desenvolvimento Institucional, a CODIN\u00a0 absorveu as atividades exercidas pela COORDENA\u00c7\u00c3O DE PLANEJAMENTO &#8211; COPLAN &#8211; at\u00e9 aquela data. Desta forma, o N\u00facleo de Tratamento de Dados Institucionais da CODIN \u2013 NTDI &#8211; se tornou respons\u00e1vel pela edi\u00e7\u00e3o da p\u00e1gina RURAL EM N\u00daMEROS, o que inclui a capta\u00e7\u00e3o, o tratamento e a publica\u00e7\u00e3o dos dados institucionais nas \u00e1reas de Ensino, Pesquisa, Extens\u00e3o, Assist\u00eancia e Gest\u00e3o.<\/p>\n<p style=\"text-align: justify\">Espera-se, com este trabalho, contribuir para a transpar\u00eancia dos dados institucionais e, tamb\u00e9m, para a gera\u00e7\u00e3o de conhecimento acad\u00eamico e gerencial, de modo a auxiliar as tomadas de decis\u00e3o da Comunidade Universit\u00e1ria em prol do desenvolvimento da Universidade.<\/p>\n<p style=\"text-align: right\">NTDI\/CODIN\/PROPLADI<\/p>\n","protected":false},"excerpt":{"rendered":"<p>APRESENTA\u00c7\u00c3O O RURAL EM N\u00daMEROS \u00e9 uma iniciativa da COORDENADORIA DE DESENVOLVIMENTO INSTITUCIONAL &#8211; CODIN, na perspectiva de oferecer um instrumento de [&hellip;]<\/p>\n","protected":false},"author":578,"featured_media":0,"parent":0,"menu_order":0,"comment_status":"closed","ping_status":"closed","template":"","meta":{"footnotes":""},"class_list":["post-75","page","type-page","status-publish","hentry"],"yoast_head":"<!-- This site is optimized with the Yoast SEO plugin v27.2 - https:\/\/yoast.com\/product\/yoast-seo-wordpress\/ -->\n<title>Home - Rural em N\u00fameros<\/title>\n<meta name=\"robots\" content=\"index, follow, max-snippet:-1, max-image-preview:large, max-video-preview:-1\" \/>\n<link rel=\"canonical\" href=\"https:\/\/institucional.ufrrj.br\/ruralnumeros\/\" \/>\n<meta property=\"og:locale\" content=\"pt_BR\" \/>\n<meta property=\"og:type\" content=\"article\" \/>\n<meta property=\"og:title\" content=\"Home - Rural em N\u00fameros\" \/>\n<meta property=\"og:description\" content=\"APRESENTA\u00c7\u00c3O O RURAL EM N\u00daMEROS \u00e9 uma iniciativa da COORDENADORIA DE DESENVOLVIMENTO INSTITUCIONAL &#8211; CODIN, na perspectiva de oferecer um instrumento de [&hellip;]\" \/>\n<meta property=\"og:url\" content=\"https:\/\/institucional.ufrrj.br\/ruralnumeros\/\" \/>\n<meta property=\"og:site_name\" content=\"Rural em N\u00fameros\" \/>\n<meta property=\"article:modified_time\" content=\"2025-02-11T18:13:50+00:00\" \/>\n<meta name=\"twitter:card\" content=\"summary_large_image\" \/>\n<meta name=\"twitter:label1\" content=\"Est. tempo de leitura\" \/>\n\t<meta name=\"twitter:data1\" content=\"1 minuto\" \/>\n<script type=\"application\/ld+json\" class=\"yoast-schema-graph\">{\"@context\":\"https:\/\/schema.org\",\"@graph\":[{\"@type\":\"WebPage\",\"@id\":\"https:\/\/institucional.ufrrj.br\/ruralnumeros\/\",\"url\":\"https:\/\/institucional.ufrrj.br\/ruralnumeros\/\",\"name\":\"Home - Rural em N\u00fameros\",\"isPartOf\":{\"@id\":\"https:\/\/institucional.ufrrj.br\/ruralnumeros\/#website\"},\"datePublished\":\"2016-11-01T18:11:10+00:00\",\"dateModified\":\"2025-02-11T18:13:50+00:00\",\"breadcrumb\":{\"@id\":\"https:\/\/institucional.ufrrj.br\/ruralnumeros\/#breadcrumb\"},\"inLanguage\":\"pt-BR\",\"potentialAction\":[{\"@type\":\"ReadAction\",\"target\":[\"https:\/\/institucional.ufrrj.br\/ruralnumeros\/\"]}]},{\"@type\":\"BreadcrumbList\",\"@id\":\"https:\/\/institucional.ufrrj.br\/ruralnumeros\/#breadcrumb\",\"itemListElement\":[{\"@type\":\"ListItem\",\"position\":1,\"name\":\"In\u00edcio\",\"item\":\"https:\/\/institucional.ufrrj.br\/ruralnumeros\/\"},{\"@type\":\"ListItem\",\"position\":2,\"name\":\"Home\"}]},{\"@type\":\"WebSite\",\"@id\":\"https:\/\/institucional.ufrrj.br\/ruralnumeros\/#website\",\"url\":\"https:\/\/institucional.ufrrj.br\/ruralnumeros\/\",\"name\":\"Rural em N\u00fameros\",\"description\":\"CAMPUS SEROP\u00c9DICA \u2013 UFRRJ\",\"potentialAction\":[{\"@type\":\"SearchAction\",\"target\":{\"@type\":\"EntryPoint\",\"urlTemplate\":\"https:\/\/institucional.ufrrj.br\/ruralnumeros\/?s={search_term_string}\"},\"query-input\":{\"@type\":\"PropertyValueSpecification\",\"valueRequired\":true,\"valueName\":\"search_term_string\"}}],\"inLanguage\":\"pt-BR\"}]}<\/script>\n<!-- \/ Yoast SEO plugin. -->","yoast_head_json":{"title":"Home - Rural em N\u00fameros","robots":{"index":"index","follow":"follow","max-snippet":"max-snippet:-1","max-image-preview":"max-image-preview:large","max-video-preview":"max-video-preview:-1"},"canonical":"https:\/\/institucional.ufrrj.br\/ruralnumeros\/","og_locale":"pt_BR","og_type":"article","og_title":"Home - Rural em N\u00fameros","og_description":"APRESENTA\u00c7\u00c3O O RURAL EM N\u00daMEROS \u00e9 uma iniciativa da COORDENADORIA DE DESENVOLVIMENTO INSTITUCIONAL &#8211; CODIN, na perspectiva de oferecer um instrumento de [&hellip;]","og_url":"https:\/\/institucional.ufrrj.br\/ruralnumeros\/","og_site_name":"Rural em N\u00fameros","article_modified_time":"2025-02-11T18:13:50+00:00","twitter_card":"summary_large_image","twitter_misc":{"Est. tempo de leitura":"1 minuto"},"schema":{"@context":"https:\/\/schema.org","@graph":[{"@type":"WebPage","@id":"https:\/\/institucional.ufrrj.br\/ruralnumeros\/","url":"https:\/\/institucional.ufrrj.br\/ruralnumeros\/","name":"Home - Rural em N\u00fameros","isPartOf":{"@id":"https:\/\/institucional.ufrrj.br\/ruralnumeros\/#website"},"datePublished":"2016-11-01T18:11:10+00:00","dateModified":"2025-02-11T18:13:50+00:00","breadcrumb":{"@id":"https:\/\/institucional.ufrrj.br\/ruralnumeros\/#breadcrumb"},"inLanguage":"pt-BR","potentialAction":[{"@type":"ReadAction","target":["https:\/\/institucional.ufrrj.br\/ruralnumeros\/"]}]},{"@type":"BreadcrumbList","@id":"https:\/\/institucional.ufrrj.br\/ruralnumeros\/#breadcrumb","itemListElement":[{"@type":"ListItem","position":1,"name":"In\u00edcio","item":"https:\/\/institucional.ufrrj.br\/ruralnumeros\/"},{"@type":"ListItem","position":2,"name":"Home"}]},{"@type":"WebSite","@id":"https:\/\/institucional.ufrrj.br\/ruralnumeros\/#website","url":"https:\/\/institucional.ufrrj.br\/ruralnumeros\/","name":"Rural em N\u00fameros","description":"CAMPUS SEROP\u00c9DICA \u2013 UFRRJ","potentialAction":[{"@type":"SearchAction","target":{"@type":"EntryPoint","urlTemplate":"https:\/\/institucional.ufrrj.br\/ruralnumeros\/?s={search_term_string}"},"query-input":{"@type":"PropertyValueSpecification","valueRequired":true,"valueName":"search_term_string"}}],"inLanguage":"pt-BR"}]}},"_links":{"self":[{"href":"https:\/\/institucional.ufrrj.br\/ruralnumeros\/wp-json\/wp\/v2\/pages\/75","targetHints":{"allow":["GET"]}}],"collection":[{"href":"https:\/\/institucional.ufrrj.br\/ruralnumeros\/wp-json\/wp\/v2\/pages"}],"about":[{"href":"https:\/\/institucional.ufrrj.br\/ruralnumeros\/wp-json\/wp\/v2\/types\/page"}],"author":[{"embeddable":true,"href":"https:\/\/institucional.ufrrj.br\/ruralnumeros\/wp-json\/wp\/v2\/users\/578"}],"replies":[{"embeddable":true,"href":"https:\/\/institucional.ufrrj.br\/ruralnumeros\/wp-json\/wp\/v2\/comments?post=75"}],"version-history":[{"count":9,"href":"https:\/\/institucional.ufrrj.br\/ruralnumeros\/wp-json\/wp\/v2\/pages\/75\/revisions"}],"predecessor-version":[{"id":1927,"href":"https:\/\/institucional.ufrrj.br\/ruralnumeros\/wp-json\/wp\/v2\/pages\/75\/revisions\/1927"}],"wp:attachment":[{"href":"https:\/\/institucional.ufrrj.br\/ruralnumeros\/wp-json\/wp\/v2\/media?parent=75"}],"curies":[{"name":"wp","href":"https:\/\/api.w.org\/{rel}","templated":true}]}}