{"id":64,"date":"2015-06-11T10:59:16","date_gmt":"2015-06-11T13:59:16","guid":{"rendered":"http:\/\/institucional.ufrrj.br\/protocolo\/?page_id=64"},"modified":"2020-09-07T14:40:20","modified_gmt":"2020-09-07T17:40:20","slug":"normas","status":"publish","type":"page","link":"https:\/\/institucional.ufrrj.br\/protocolo\/normas\/","title":{"rendered":"Normas"},"content":{"rendered":"<h4 style=\"text-align: center\"><\/h4>\n<p>&nbsp;<\/p>\n<p><span style=\"color: #0000ff\"><a style=\"color: #0000ff\" href=\"http:\/\/conarq.arquivonacional.gov.br\/images\/publicacoes_textos\/nobrade.pdf\" target=\"_blank\" rel=\"noopener noreferrer\">Norma brasileira de descri\u00e7\u00e3o arquiv\u00edstica- NOBRADE<\/a><\/span><\/p>\n<p><a href=\"http:\/\/conarq.gov.br\/images\/publicacoes_textos\/isad_g_2001.pdf\" target=\"_blank\" rel=\"noopener noreferrer\"><span style=\"color: #0000ff\">Norma geral internacional de descri\u00e7\u00e3o arquiv\u00edstica \u2013 ISAD-G<\/span><\/a><\/p>\n<p><span style=\"color: #0000ff\"><a style=\"color: #0000ff\" href=\"http:\/\/conarq.gov.br\/images\/publicacoes_textos\/isaar_cpf.pdf\" target=\"_blank\" rel=\"noopener noreferrer\">Norma internacional de registro de autoridade arquiv\u00edstica para entidades coletivas, pessoas e fam\u00edlias \u2013 ISAAR-CPF<\/a><\/span><\/p>\n<p><span style=\"color: #0000ff\"><a style=\"color: #0000ff\" href=\"http:\/\/conarq.gov.br\/images\/publicacoes_textos\/ISDF.pdf\" target=\"_blank\" rel=\"noopener noreferrer\">Norma internacional para descri\u00e7\u00e3o de fundos \u2013 ISDF<\/a><\/span><\/p>\n<p><span style=\"color: #0000ff\"><a style=\"color: #0000ff\" href=\"http:\/\/conarq.gov.br\/images\/publicacoes_textos\/isdiah.pdf\" target=\"_blank\" rel=\"noopener noreferrer\">Norma internacional para descri\u00e7\u00e3o de institui\u00e7\u00f5es com acervo arquiv\u00edstico \u2013 ISDIAH<\/a><\/span><\/p>\n<p><span style=\"color: #0000ff\"><a style=\"color: #0000ff\" href=\"http:\/\/conarq.gov.br\/images\/publicacoes_textos\/principios_acesso_arquivos.pdf\" target=\"_blank\" rel=\"noopener noreferrer\">Princ\u00edpios de acesso aos arquivos<\/a><\/span><\/p>\n<p><a style=\"color: #0000ff\" href=\"http:\/\/conarq.gov.br\/images\/publicacoes_textos\/earqbrasil_model_requisitos_2009.pdf\" target=\"_blank\" rel=\"noopener noreferrer\">Modelo de requisitos para sistemas informatizados de gest\u00e3o arquiv\u00edstica de documentos \u2013 E-ARQ Brasil<\/a><\/p>\n<p><span style=\"color: #0000ff\"><a style=\"color: #0000ff\" href=\"http:\/\/conarq.gov.br\/images\/publicacoes_textos\/Analise_papel_reciclado_com_capa.pdf\" target=\"_blank\" rel=\"noopener noreferrer\">An\u00e1lise do papel reciclado fabricado no Brasil para produ\u00e7\u00e3o de documentos arquiv\u00edsticos<\/a><\/span><\/p>\n<p>&nbsp;<\/p>\n<hr \/>\n<p style=\"text-align: left\">\n","protected":false},"excerpt":{"rendered":"<p>&nbsp; Norma brasileira de descri\u00e7\u00e3o arquiv\u00edstica- NOBRADE Norma geral internacional de descri\u00e7\u00e3o arquiv\u00edstica \u2013 ISAD-G Norma internacional de registro de <a class=\"read-more leiamais\" href=\"https:\/\/institucional.ufrrj.br\/protocolo\/normas\/ \">&#8230; leia mais<\/a><\/p>\n","protected":false},"author":634,"featured_media":0,"parent":0,"menu_order":0,"comment_status":"open","ping_status":"open","template":"","meta":{"footnotes":""},"class_list":["post-64","page","type-page","status-publish","hentry"],"yoast_head":"<!-- This site is optimized with the Yoast SEO plugin v27.2 - https:\/\/yoast.com\/product\/yoast-seo-wordpress\/ -->\n<title>Normas - Se\u00e7\u00e3o de Arquivo e Protocolo Geral<\/title>\n<meta name=\"robots\" content=\"index, follow, max-snippet:-1, max-image-preview:large, max-video-preview:-1\" \/>\n<link rel=\"canonical\" href=\"https:\/\/institucional.ufrrj.br\/protocolo\/normas\/\" \/>\n<meta property=\"og:locale\" content=\"pt_BR\" \/>\n<meta property=\"og:type\" content=\"article\" \/>\n<meta property=\"og:title\" content=\"Normas - Se\u00e7\u00e3o de Arquivo e Protocolo Geral\" \/>\n<meta property=\"og:description\" content=\"&nbsp; Norma brasileira de descri\u00e7\u00e3o arquiv\u00edstica- NOBRADE Norma geral internacional de descri\u00e7\u00e3o arquiv\u00edstica \u2013 ISAD-G Norma internacional de registro de ... leia mais\" \/>\n<meta property=\"og:url\" content=\"https:\/\/institucional.ufrrj.br\/protocolo\/normas\/\" \/>\n<meta property=\"og:site_name\" content=\"Se\u00e7\u00e3o de Arquivo e Protocolo Geral\" \/>\n<meta property=\"article:modified_time\" content=\"2020-09-07T17:40:20+00:00\" \/>\n<meta name=\"twitter:card\" content=\"summary_large_image\" \/>\n<script type=\"application\/ld+json\" class=\"yoast-schema-graph\">{\"@context\":\"https:\/\/schema.org\",\"@graph\":[{\"@type\":\"WebPage\",\"@id\":\"https:\/\/institucional.ufrrj.br\/protocolo\/normas\/\",\"url\":\"https:\/\/institucional.ufrrj.br\/protocolo\/normas\/\",\"name\":\"Normas - Se\u00e7\u00e3o de Arquivo e Protocolo Geral\",\"isPartOf\":{\"@id\":\"https:\/\/institucional.ufrrj.br\/protocolo\/#website\"},\"datePublished\":\"2015-06-11T13:59:16+00:00\",\"dateModified\":\"2020-09-07T17:40:20+00:00\",\"breadcrumb\":{\"@id\":\"https:\/\/institucional.ufrrj.br\/protocolo\/normas\/#breadcrumb\"},\"inLanguage\":\"pt-BR\",\"potentialAction\":[{\"@type\":\"ReadAction\",\"target\":[\"https:\/\/institucional.ufrrj.br\/protocolo\/normas\/\"]}]},{\"@type\":\"BreadcrumbList\",\"@id\":\"https:\/\/institucional.ufrrj.br\/protocolo\/normas\/#breadcrumb\",\"itemListElement\":[{\"@type\":\"ListItem\",\"position\":1,\"name\":\"In\u00edcio\",\"item\":\"https:\/\/institucional.ufrrj.br\/protocolo\/\"},{\"@type\":\"ListItem\",\"position\":2,\"name\":\"Normas\"}]},{\"@type\":\"WebSite\",\"@id\":\"https:\/\/institucional.ufrrj.br\/protocolo\/#website\",\"url\":\"https:\/\/institucional.ufrrj.br\/protocolo\/\",\"name\":\"Se\u00e7\u00e3o de Arquivo e Protocolo Geral\",\"description\":\"Universidade Ferderal Rural do Rio de Janeiro \u2013 UFRRJ\",\"potentialAction\":[{\"@type\":\"SearchAction\",\"target\":{\"@type\":\"EntryPoint\",\"urlTemplate\":\"https:\/\/institucional.ufrrj.br\/protocolo\/?s={search_term_string}\"},\"query-input\":{\"@type\":\"PropertyValueSpecification\",\"valueRequired\":true,\"valueName\":\"search_term_string\"}}],\"inLanguage\":\"pt-BR\"}]}<\/script>\n<!-- \/ Yoast SEO plugin. -->","yoast_head_json":{"title":"Normas - Se\u00e7\u00e3o de Arquivo e Protocolo Geral","robots":{"index":"index","follow":"follow","max-snippet":"max-snippet:-1","max-image-preview":"max-image-preview:large","max-video-preview":"max-video-preview:-1"},"canonical":"https:\/\/institucional.ufrrj.br\/protocolo\/normas\/","og_locale":"pt_BR","og_type":"article","og_title":"Normas - Se\u00e7\u00e3o de Arquivo e Protocolo Geral","og_description":"&nbsp; Norma brasileira de descri\u00e7\u00e3o arquiv\u00edstica- NOBRADE Norma geral internacional de descri\u00e7\u00e3o arquiv\u00edstica \u2013 ISAD-G Norma internacional de registro de ... leia mais","og_url":"https:\/\/institucional.ufrrj.br\/protocolo\/normas\/","og_site_name":"Se\u00e7\u00e3o de Arquivo e Protocolo Geral","article_modified_time":"2020-09-07T17:40:20+00:00","twitter_card":"summary_large_image","schema":{"@context":"https:\/\/schema.org","@graph":[{"@type":"WebPage","@id":"https:\/\/institucional.ufrrj.br\/protocolo\/normas\/","url":"https:\/\/institucional.ufrrj.br\/protocolo\/normas\/","name":"Normas - Se\u00e7\u00e3o de Arquivo e Protocolo Geral","isPartOf":{"@id":"https:\/\/institucional.ufrrj.br\/protocolo\/#website"},"datePublished":"2015-06-11T13:59:16+00:00","dateModified":"2020-09-07T17:40:20+00:00","breadcrumb":{"@id":"https:\/\/institucional.ufrrj.br\/protocolo\/normas\/#breadcrumb"},"inLanguage":"pt-BR","potentialAction":[{"@type":"ReadAction","target":["https:\/\/institucional.ufrrj.br\/protocolo\/normas\/"]}]},{"@type":"BreadcrumbList","@id":"https:\/\/institucional.ufrrj.br\/protocolo\/normas\/#breadcrumb","itemListElement":[{"@type":"ListItem","position":1,"name":"In\u00edcio","item":"https:\/\/institucional.ufrrj.br\/protocolo\/"},{"@type":"ListItem","position":2,"name":"Normas"}]},{"@type":"WebSite","@id":"https:\/\/institucional.ufrrj.br\/protocolo\/#website","url":"https:\/\/institucional.ufrrj.br\/protocolo\/","name":"Se\u00e7\u00e3o de Arquivo e Protocolo Geral","description":"Universidade Ferderal Rural do Rio de Janeiro \u2013 UFRRJ","potentialAction":[{"@type":"SearchAction","target":{"@type":"EntryPoint","urlTemplate":"https:\/\/institucional.ufrrj.br\/protocolo\/?s={search_term_string}"},"query-input":{"@type":"PropertyValueSpecification","valueRequired":true,"valueName":"search_term_string"}}],"inLanguage":"pt-BR"}]}},"_links":{"self":[{"href":"https:\/\/institucional.ufrrj.br\/protocolo\/wp-json\/wp\/v2\/pages\/64","targetHints":{"allow":["GET"]}}],"collection":[{"href":"https:\/\/institucional.ufrrj.br\/protocolo\/wp-json\/wp\/v2\/pages"}],"about":[{"href":"https:\/\/institucional.ufrrj.br\/protocolo\/wp-json\/wp\/v2\/types\/page"}],"author":[{"embeddable":true,"href":"https:\/\/institucional.ufrrj.br\/protocolo\/wp-json\/wp\/v2\/users\/634"}],"replies":[{"embeddable":true,"href":"https:\/\/institucional.ufrrj.br\/protocolo\/wp-json\/wp\/v2\/comments?post=64"}],"version-history":[{"count":29,"href":"https:\/\/institucional.ufrrj.br\/protocolo\/wp-json\/wp\/v2\/pages\/64\/revisions"}],"predecessor-version":[{"id":570,"href":"https:\/\/institucional.ufrrj.br\/protocolo\/wp-json\/wp\/v2\/pages\/64\/revisions\/570"}],"wp:attachment":[{"href":"https:\/\/institucional.ufrrj.br\/protocolo\/wp-json\/wp\/v2\/media?parent=64"}],"curies":[{"name":"wp","href":"https:\/\/api.w.org\/{rel}","templated":true}]}}