{"id":36,"date":"2015-05-27T18:29:40","date_gmt":"2015-05-27T18:29:40","guid":{"rendered":"http:\/\/institucional.ufrrj.br\/protocolo\/?page_id=36"},"modified":"2020-09-11T14:55:09","modified_gmt":"2020-09-11T17:55:09","slug":"protocolo-im","status":"publish","type":"page","link":"https:\/\/institucional.ufrrj.br\/protocolo\/protocolo-im\/","title":{"rendered":"Protocolo Instituto Multidisciplinar"},"content":{"rendered":"<p>&nbsp;<\/p>\n<p style=\"text-align: left\">O Protocolo do Campus Nova Igua\u00e7u \u00e9 respons\u00e1vel pela triagem de documentos, abertura e acompanhamento de processos no Instituto Multidisciplinar.<\/p>\n<p>&nbsp;<\/p>\n<h4 style=\"text-align: center\"><\/h4>\n<h4 style=\"text-align: left\"><strong>Respons\u00e1vel:<\/strong><\/h4>\n<p style=\"text-align: left\">Ramon dos Santos de Souza<\/p>\n<p>&nbsp;<\/p>\n<h4 style=\"text-align: left\"><strong>Hor\u00e1rio de atendimento<\/strong>:<\/h4>\n<p style=\"text-align: left\">9h \u00e0s 17h<\/p>\n<p>&nbsp;<\/p>\n<h4 style=\"text-align: left\"><strong>Telefone:<\/strong><\/h4>\n<p style=\"text-align: left\">(21) 3812-9541 \u2013 Ramal: 9541<\/p>\n<p>&nbsp;<\/p>\n<h4 style=\"text-align: left\"><strong>Localiza\u00e7\u00e3o<\/strong>:<\/h4>\n<p style=\"text-align: left\">Sala 212 do Bloco Inform\u00e1tica<\/p>\n<p>&nbsp;<\/p>\n<h4 style=\"text-align: center\"><strong>Site:<\/strong><\/h4>\n<h4 style=\"text-align: center\"><span style=\"color: #0000ff\"><a style=\"color: #0000ff\" href=\"http:\/\/www.ni.ufrrj.br\/protocolo\/\" target=\"_blank\" rel=\"noopener noreferrer\">Protocolo do Instituto Multidisciplinar<\/a><\/span><\/h4>\n","protected":false},"excerpt":{"rendered":"<p>&nbsp; O Protocolo do Campus Nova Igua\u00e7u \u00e9 respons\u00e1vel pela triagem de documentos, abertura e acompanhamento de processos no Instituto <a class=\"read-more leiamais\" href=\"https:\/\/institucional.ufrrj.br\/protocolo\/protocolo-im\/ \">&#8230; leia mais<\/a><\/p>\n","protected":false},"author":634,"featured_media":0,"parent":0,"menu_order":0,"comment_status":"open","ping_status":"open","template":"","meta":{"footnotes":""},"class_list":["post-36","page","type-page","status-publish","hentry"],"yoast_head":"<!-- This site is optimized with the Yoast SEO plugin v27.2 - https:\/\/yoast.com\/product\/yoast-seo-wordpress\/ -->\n<title>Protocolo Instituto Multidisciplinar - Se\u00e7\u00e3o de Arquivo e Protocolo Geral<\/title>\n<meta name=\"robots\" content=\"index, follow, max-snippet:-1, max-image-preview:large, max-video-preview:-1\" \/>\n<link rel=\"canonical\" href=\"https:\/\/institucional.ufrrj.br\/protocolo\/protocolo-im\/\" \/>\n<meta property=\"og:locale\" content=\"pt_BR\" \/>\n<meta property=\"og:type\" content=\"article\" \/>\n<meta property=\"og:title\" content=\"Protocolo Instituto Multidisciplinar - Se\u00e7\u00e3o de Arquivo e Protocolo Geral\" \/>\n<meta property=\"og:description\" content=\"&nbsp; O Protocolo do Campus Nova Igua\u00e7u \u00e9 respons\u00e1vel pela triagem de documentos, abertura e acompanhamento de processos no Instituto ... leia mais\" \/>\n<meta property=\"og:url\" content=\"https:\/\/institucional.ufrrj.br\/protocolo\/protocolo-im\/\" \/>\n<meta property=\"og:site_name\" content=\"Se\u00e7\u00e3o de Arquivo e Protocolo Geral\" \/>\n<meta property=\"article:modified_time\" content=\"2020-09-11T17:55:09+00:00\" \/>\n<meta name=\"twitter:card\" content=\"summary_large_image\" \/>\n<script type=\"application\/ld+json\" class=\"yoast-schema-graph\">{\"@context\":\"https:\/\/schema.org\",\"@graph\":[{\"@type\":\"WebPage\",\"@id\":\"https:\/\/institucional.ufrrj.br\/protocolo\/protocolo-im\/\",\"url\":\"https:\/\/institucional.ufrrj.br\/protocolo\/protocolo-im\/\",\"name\":\"Protocolo Instituto Multidisciplinar - Se\u00e7\u00e3o de Arquivo e Protocolo Geral\",\"isPartOf\":{\"@id\":\"https:\/\/institucional.ufrrj.br\/protocolo\/#website\"},\"datePublished\":\"2015-05-27T18:29:40+00:00\",\"dateModified\":\"2020-09-11T17:55:09+00:00\",\"breadcrumb\":{\"@id\":\"https:\/\/institucional.ufrrj.br\/protocolo\/protocolo-im\/#breadcrumb\"},\"inLanguage\":\"pt-BR\",\"potentialAction\":[{\"@type\":\"ReadAction\",\"target\":[\"https:\/\/institucional.ufrrj.br\/protocolo\/protocolo-im\/\"]}]},{\"@type\":\"BreadcrumbList\",\"@id\":\"https:\/\/institucional.ufrrj.br\/protocolo\/protocolo-im\/#breadcrumb\",\"itemListElement\":[{\"@type\":\"ListItem\",\"position\":1,\"name\":\"In\u00edcio\",\"item\":\"https:\/\/institucional.ufrrj.br\/protocolo\/\"},{\"@type\":\"ListItem\",\"position\":2,\"name\":\"Protocolo Instituto Multidisciplinar\"}]},{\"@type\":\"WebSite\",\"@id\":\"https:\/\/institucional.ufrrj.br\/protocolo\/#website\",\"url\":\"https:\/\/institucional.ufrrj.br\/protocolo\/\",\"name\":\"Se\u00e7\u00e3o de Arquivo e Protocolo Geral\",\"description\":\"Universidade Ferderal Rural do Rio de Janeiro \u2013 UFRRJ\",\"potentialAction\":[{\"@type\":\"SearchAction\",\"target\":{\"@type\":\"EntryPoint\",\"urlTemplate\":\"https:\/\/institucional.ufrrj.br\/protocolo\/?s={search_term_string}\"},\"query-input\":{\"@type\":\"PropertyValueSpecification\",\"valueRequired\":true,\"valueName\":\"search_term_string\"}}],\"inLanguage\":\"pt-BR\"}]}<\/script>\n<!-- \/ Yoast SEO plugin. -->","yoast_head_json":{"title":"Protocolo Instituto Multidisciplinar - Se\u00e7\u00e3o de Arquivo e Protocolo Geral","robots":{"index":"index","follow":"follow","max-snippet":"max-snippet:-1","max-image-preview":"max-image-preview:large","max-video-preview":"max-video-preview:-1"},"canonical":"https:\/\/institucional.ufrrj.br\/protocolo\/protocolo-im\/","og_locale":"pt_BR","og_type":"article","og_title":"Protocolo Instituto Multidisciplinar - Se\u00e7\u00e3o de Arquivo e Protocolo Geral","og_description":"&nbsp; O Protocolo do Campus Nova Igua\u00e7u \u00e9 respons\u00e1vel pela triagem de documentos, abertura e acompanhamento de processos no Instituto ... leia mais","og_url":"https:\/\/institucional.ufrrj.br\/protocolo\/protocolo-im\/","og_site_name":"Se\u00e7\u00e3o de Arquivo e Protocolo Geral","article_modified_time":"2020-09-11T17:55:09+00:00","twitter_card":"summary_large_image","schema":{"@context":"https:\/\/schema.org","@graph":[{"@type":"WebPage","@id":"https:\/\/institucional.ufrrj.br\/protocolo\/protocolo-im\/","url":"https:\/\/institucional.ufrrj.br\/protocolo\/protocolo-im\/","name":"Protocolo Instituto Multidisciplinar - Se\u00e7\u00e3o de Arquivo e Protocolo Geral","isPartOf":{"@id":"https:\/\/institucional.ufrrj.br\/protocolo\/#website"},"datePublished":"2015-05-27T18:29:40+00:00","dateModified":"2020-09-11T17:55:09+00:00","breadcrumb":{"@id":"https:\/\/institucional.ufrrj.br\/protocolo\/protocolo-im\/#breadcrumb"},"inLanguage":"pt-BR","potentialAction":[{"@type":"ReadAction","target":["https:\/\/institucional.ufrrj.br\/protocolo\/protocolo-im\/"]}]},{"@type":"BreadcrumbList","@id":"https:\/\/institucional.ufrrj.br\/protocolo\/protocolo-im\/#breadcrumb","itemListElement":[{"@type":"ListItem","position":1,"name":"In\u00edcio","item":"https:\/\/institucional.ufrrj.br\/protocolo\/"},{"@type":"ListItem","position":2,"name":"Protocolo Instituto Multidisciplinar"}]},{"@type":"WebSite","@id":"https:\/\/institucional.ufrrj.br\/protocolo\/#website","url":"https:\/\/institucional.ufrrj.br\/protocolo\/","name":"Se\u00e7\u00e3o de Arquivo e Protocolo Geral","description":"Universidade Ferderal Rural do Rio de Janeiro \u2013 UFRRJ","potentialAction":[{"@type":"SearchAction","target":{"@type":"EntryPoint","urlTemplate":"https:\/\/institucional.ufrrj.br\/protocolo\/?s={search_term_string}"},"query-input":{"@type":"PropertyValueSpecification","valueRequired":true,"valueName":"search_term_string"}}],"inLanguage":"pt-BR"}]}},"_links":{"self":[{"href":"https:\/\/institucional.ufrrj.br\/protocolo\/wp-json\/wp\/v2\/pages\/36","targetHints":{"allow":["GET"]}}],"collection":[{"href":"https:\/\/institucional.ufrrj.br\/protocolo\/wp-json\/wp\/v2\/pages"}],"about":[{"href":"https:\/\/institucional.ufrrj.br\/protocolo\/wp-json\/wp\/v2\/types\/page"}],"author":[{"embeddable":true,"href":"https:\/\/institucional.ufrrj.br\/protocolo\/wp-json\/wp\/v2\/users\/634"}],"replies":[{"embeddable":true,"href":"https:\/\/institucional.ufrrj.br\/protocolo\/wp-json\/wp\/v2\/comments?post=36"}],"version-history":[{"count":11,"href":"https:\/\/institucional.ufrrj.br\/protocolo\/wp-json\/wp\/v2\/pages\/36\/revisions"}],"predecessor-version":[{"id":609,"href":"https:\/\/institucional.ufrrj.br\/protocolo\/wp-json\/wp\/v2\/pages\/36\/revisions\/609"}],"wp:attachment":[{"href":"https:\/\/institucional.ufrrj.br\/protocolo\/wp-json\/wp\/v2\/media?parent=36"}],"curies":[{"name":"wp","href":"https:\/\/api.w.org\/{rel}","templated":true}]}}