{"id":60,"date":"2019-02-14T10:55:29","date_gmt":"2019-02-14T12:55:29","guid":{"rendered":"http:\/\/institucional.ufrrj.br\/prefeiturauniversitaria\/?page_id=60"},"modified":"2025-09-26T07:22:35","modified_gmt":"2025-09-26T10:22:35","slug":"setor-de-servicos-comunitarios","status":"publish","type":"page","link":"https:\/\/institucional.ufrrj.br\/prefeiturauniversitaria\/setores\/setor-de-servicos-comunitarios\/","title":{"rendered":"Setor de Servi\u00e7os Comunit\u00e1rios"},"content":{"rendered":"\n<p><strong>Ao Setor de Servi\u00e7os Comunit\u00e1rios compete:<\/strong><\/p>\n\n\n\n<ul class=\"wp-block-list\">\n<li>Dirigir e executar os servi\u00e7os de manuten\u00e7\u00e3o e reparos e conserva\u00e7\u00e3o das redes internas de luz, for\u00e7a e telefonia;<\/li>\n\n\n\n<li>Manuten\u00e7\u00e3o e gest\u00e3o do contrato dos geradores.<\/li>\n<\/ul>\n\n\n\n<p><\/p>\n\n\n\n<h5 class=\"wp-block-heading\">Servi\u00e7os \u00e0 comunidade da UFRRJ:<\/h5>\n\n\n\n<ul class=\"wp-block-list\">\n<li>Conserto e reparos de tomadas, l\u00e2mpadas, telefones;<\/li>\n\n\n\n<li>Problemas com curto;<\/li>\n\n\n\n<li>Falta de luz por problema el\u00e9trico;<\/li>\n\n\n\n<li>Instala\u00e7\u00e3o de equipamentos;<\/li>\n\n\n\n<li>Problemas de ilumina\u00e7\u00e3o de ruas.<\/li>\n<\/ul>\n\n\n\n<p>A solicita\u00e7\u00e3o dos servi\u00e7os do Setor de Servi\u00e7os Comunit\u00e1rios \u00e9 realizada atrav\u00e9s da Prefeitura Universit\u00e1ria.<\/p>\n\n\n\n<p><strong>Telefone<\/strong>: (21) 2682-1130<\/p>\n\n\n\n<p><strong>E-mail<\/strong>: prefeitura@ufrrj.br <\/p>\n\n\n\n<p>O interessado tamb\u00e9m pode ir&nbsp;<strong>pessoalmente<\/strong>&nbsp;at\u00e9 a Secretaria da Prefeitura Universit\u00e1ria ou enviar comunicado interno, via&nbsp;<strong>Sipac<\/strong>.<\/p>\n","protected":false},"excerpt":{"rendered":"<p>Ao Setor de Servi\u00e7os Comunit\u00e1rios compete: Servi\u00e7os \u00e0 comunidade da UFRRJ: A solicita\u00e7\u00e3o dos servi\u00e7os do Setor de Servi\u00e7os Comunit\u00e1rios <a class=\"read-more\" href=\"https:\/\/institucional.ufrrj.br\/prefeiturauniversitaria\/setores\/setor-de-servicos-comunitarios\/ \" >&#8230; <span class=\"font-italic\">leia mais <i class=\"fas fa-angle-right\"><\/i><\/span><\/a><\/p>\n","protected":false},"author":634,"featured_media":0,"parent":281,"menu_order":0,"comment_status":"closed","ping_status":"closed","template":"","meta":{"_acf_changed":false,"footnotes":""},"class_list":["post-60","page","type-page","status-publish","hentry"],"yoast_head":"<!-- This site is optimized with the Yoast SEO plugin v27.2 - https:\/\/yoast.com\/product\/yoast-seo-wordpress\/ -->\n<title>Setor de Servi\u00e7os Comunit\u00e1rios - Prefeitura Universit\u00e1ria<\/title>\n<meta name=\"robots\" content=\"index, follow, max-snippet:-1, max-image-preview:large, max-video-preview:-1\" \/>\n<link rel=\"canonical\" href=\"https:\/\/institucional.ufrrj.br\/prefeiturauniversitaria\/setores\/setor-de-servicos-comunitarios\/\" \/>\n<meta property=\"og:locale\" content=\"pt_BR\" \/>\n<meta property=\"og:type\" content=\"article\" \/>\n<meta property=\"og:title\" content=\"Setor de Servi\u00e7os Comunit\u00e1rios - Prefeitura Universit\u00e1ria\" \/>\n<meta property=\"og:description\" content=\"Ao Setor de Servi\u00e7os Comunit\u00e1rios compete: Servi\u00e7os \u00e0 comunidade da UFRRJ: A solicita\u00e7\u00e3o dos servi\u00e7os do Setor de Servi\u00e7os Comunit\u00e1rios ... leia mais\" \/>\n<meta property=\"og:url\" content=\"https:\/\/institucional.ufrrj.br\/prefeiturauniversitaria\/setores\/setor-de-servicos-comunitarios\/\" \/>\n<meta property=\"og:site_name\" content=\"Prefeitura Universit\u00e1ria\" \/>\n<meta property=\"article:modified_time\" content=\"2025-09-26T10:22:35+00:00\" \/>\n<meta name=\"twitter:card\" content=\"summary_large_image\" \/>\n<meta name=\"twitter:label1\" content=\"Est. tempo de leitura\" \/>\n\t<meta name=\"twitter:data1\" content=\"1 minuto\" \/>\n<script type=\"application\/ld+json\" class=\"yoast-schema-graph\">{\"@context\":\"https:\/\/schema.org\",\"@graph\":[{\"@type\":\"WebPage\",\"@id\":\"https:\/\/institucional.ufrrj.br\/prefeiturauniversitaria\/setores\/setor-de-servicos-comunitarios\/\",\"url\":\"https:\/\/institucional.ufrrj.br\/prefeiturauniversitaria\/setores\/setor-de-servicos-comunitarios\/\",\"name\":\"Setor de Servi\u00e7os Comunit\u00e1rios - Prefeitura Universit\u00e1ria\",\"isPartOf\":{\"@id\":\"https:\/\/institucional.ufrrj.br\/prefeiturauniversitaria\/#website\"},\"datePublished\":\"2019-02-14T12:55:29+00:00\",\"dateModified\":\"2025-09-26T10:22:35+00:00\",\"breadcrumb\":{\"@id\":\"https:\/\/institucional.ufrrj.br\/prefeiturauniversitaria\/setores\/setor-de-servicos-comunitarios\/#breadcrumb\"},\"inLanguage\":\"pt-BR\",\"potentialAction\":[{\"@type\":\"ReadAction\",\"target\":[\"https:\/\/institucional.ufrrj.br\/prefeiturauniversitaria\/setores\/setor-de-servicos-comunitarios\/\"]}]},{\"@type\":\"BreadcrumbList\",\"@id\":\"https:\/\/institucional.ufrrj.br\/prefeiturauniversitaria\/setores\/setor-de-servicos-comunitarios\/#breadcrumb\",\"itemListElement\":[{\"@type\":\"ListItem\",\"position\":1,\"name\":\"In\u00edcio\",\"item\":\"https:\/\/institucional.ufrrj.br\/prefeiturauniversitaria\/\"},{\"@type\":\"ListItem\",\"position\":2,\"name\":\"Setores\",\"item\":\"https:\/\/institucional.ufrrj.br\/prefeiturauniversitaria\/setores\/\"},{\"@type\":\"ListItem\",\"position\":3,\"name\":\"Setor de Servi\u00e7os Comunit\u00e1rios\"}]},{\"@type\":\"WebSite\",\"@id\":\"https:\/\/institucional.ufrrj.br\/prefeiturauniversitaria\/#website\",\"url\":\"https:\/\/institucional.ufrrj.br\/prefeiturauniversitaria\/\",\"name\":\"Prefeitura Universit\u00e1ria\",\"description\":\"CAMPUS SEROP\u00c9DICA \u2013 UFRRJ\",\"potentialAction\":[{\"@type\":\"SearchAction\",\"target\":{\"@type\":\"EntryPoint\",\"urlTemplate\":\"https:\/\/institucional.ufrrj.br\/prefeiturauniversitaria\/?s={search_term_string}\"},\"query-input\":{\"@type\":\"PropertyValueSpecification\",\"valueRequired\":true,\"valueName\":\"search_term_string\"}}],\"inLanguage\":\"pt-BR\"}]}<\/script>\n<!-- \/ Yoast SEO plugin. -->","yoast_head_json":{"title":"Setor de Servi\u00e7os Comunit\u00e1rios - Prefeitura Universit\u00e1ria","robots":{"index":"index","follow":"follow","max-snippet":"max-snippet:-1","max-image-preview":"max-image-preview:large","max-video-preview":"max-video-preview:-1"},"canonical":"https:\/\/institucional.ufrrj.br\/prefeiturauniversitaria\/setores\/setor-de-servicos-comunitarios\/","og_locale":"pt_BR","og_type":"article","og_title":"Setor de Servi\u00e7os Comunit\u00e1rios - Prefeitura Universit\u00e1ria","og_description":"Ao Setor de Servi\u00e7os Comunit\u00e1rios compete: Servi\u00e7os \u00e0 comunidade da UFRRJ: A solicita\u00e7\u00e3o dos servi\u00e7os do Setor de Servi\u00e7os Comunit\u00e1rios ... leia mais","og_url":"https:\/\/institucional.ufrrj.br\/prefeiturauniversitaria\/setores\/setor-de-servicos-comunitarios\/","og_site_name":"Prefeitura Universit\u00e1ria","article_modified_time":"2025-09-26T10:22:35+00:00","twitter_card":"summary_large_image","twitter_misc":{"Est. tempo de leitura":"1 minuto"},"schema":{"@context":"https:\/\/schema.org","@graph":[{"@type":"WebPage","@id":"https:\/\/institucional.ufrrj.br\/prefeiturauniversitaria\/setores\/setor-de-servicos-comunitarios\/","url":"https:\/\/institucional.ufrrj.br\/prefeiturauniversitaria\/setores\/setor-de-servicos-comunitarios\/","name":"Setor de Servi\u00e7os Comunit\u00e1rios - Prefeitura Universit\u00e1ria","isPartOf":{"@id":"https:\/\/institucional.ufrrj.br\/prefeiturauniversitaria\/#website"},"datePublished":"2019-02-14T12:55:29+00:00","dateModified":"2025-09-26T10:22:35+00:00","breadcrumb":{"@id":"https:\/\/institucional.ufrrj.br\/prefeiturauniversitaria\/setores\/setor-de-servicos-comunitarios\/#breadcrumb"},"inLanguage":"pt-BR","potentialAction":[{"@type":"ReadAction","target":["https:\/\/institucional.ufrrj.br\/prefeiturauniversitaria\/setores\/setor-de-servicos-comunitarios\/"]}]},{"@type":"BreadcrumbList","@id":"https:\/\/institucional.ufrrj.br\/prefeiturauniversitaria\/setores\/setor-de-servicos-comunitarios\/#breadcrumb","itemListElement":[{"@type":"ListItem","position":1,"name":"In\u00edcio","item":"https:\/\/institucional.ufrrj.br\/prefeiturauniversitaria\/"},{"@type":"ListItem","position":2,"name":"Setores","item":"https:\/\/institucional.ufrrj.br\/prefeiturauniversitaria\/setores\/"},{"@type":"ListItem","position":3,"name":"Setor de Servi\u00e7os Comunit\u00e1rios"}]},{"@type":"WebSite","@id":"https:\/\/institucional.ufrrj.br\/prefeiturauniversitaria\/#website","url":"https:\/\/institucional.ufrrj.br\/prefeiturauniversitaria\/","name":"Prefeitura Universit\u00e1ria","description":"CAMPUS SEROP\u00c9DICA \u2013 UFRRJ","potentialAction":[{"@type":"SearchAction","target":{"@type":"EntryPoint","urlTemplate":"https:\/\/institucional.ufrrj.br\/prefeiturauniversitaria\/?s={search_term_string}"},"query-input":{"@type":"PropertyValueSpecification","valueRequired":true,"valueName":"search_term_string"}}],"inLanguage":"pt-BR"}]}},"acf":[],"_links":{"self":[{"href":"https:\/\/institucional.ufrrj.br\/prefeiturauniversitaria\/wp-json\/wp\/v2\/pages\/60","targetHints":{"allow":["GET"]}}],"collection":[{"href":"https:\/\/institucional.ufrrj.br\/prefeiturauniversitaria\/wp-json\/wp\/v2\/pages"}],"about":[{"href":"https:\/\/institucional.ufrrj.br\/prefeiturauniversitaria\/wp-json\/wp\/v2\/types\/page"}],"author":[{"embeddable":true,"href":"https:\/\/institucional.ufrrj.br\/prefeiturauniversitaria\/wp-json\/wp\/v2\/users\/634"}],"replies":[{"embeddable":true,"href":"https:\/\/institucional.ufrrj.br\/prefeiturauniversitaria\/wp-json\/wp\/v2\/comments?post=60"}],"version-history":[{"count":14,"href":"https:\/\/institucional.ufrrj.br\/prefeiturauniversitaria\/wp-json\/wp\/v2\/pages\/60\/revisions"}],"predecessor-version":[{"id":1150,"href":"https:\/\/institucional.ufrrj.br\/prefeiturauniversitaria\/wp-json\/wp\/v2\/pages\/60\/revisions\/1150"}],"up":[{"embeddable":true,"href":"https:\/\/institucional.ufrrj.br\/prefeiturauniversitaria\/wp-json\/wp\/v2\/pages\/281"}],"wp:attachment":[{"href":"https:\/\/institucional.ufrrj.br\/prefeiturauniversitaria\/wp-json\/wp\/v2\/media?parent=60"}],"curies":[{"name":"wp","href":"https:\/\/api.w.org\/{rel}","templated":true}]}}

Setor de Serviços Comunitários

<p><strong>Ao Setor de Serviços Comunitários compete:</strong></p>



<ul class="wp-block-list">
<li>Dirigir e executar os serviços de manutenção e reparos e conservação das redes internas de luz, força e telefonia;</li>



<li>Manutenção e gestão do contrato dos geradores.</li>
</ul>



<p></p>



<h5 class="wp-block-heading">Serviços à comunidade da UFRRJ:</h5>



<ul class="wp-block-list">
<li>Conserto e reparos de tomadas, lâmpadas, telefones;</li>



<li>Problemas com curto;</li>



<li>Falta de luz por problema elétrico;</li>



<li>Instalação de equipamentos;</li>



<li>Problemas de iluminação de ruas.</li>
</ul>



<p>A solicitação dos serviços do Setor de Serviços Comunitários é realizada através da Prefeitura Universitária.</p>



<p><strong>Telefone</strong>: (21) 2682-1130</p>



<p><strong>E-mail</strong>: prefeitura@ufrrj.br </p>



<p>O interessado também pode ir&nbsp;<strong>pessoalmente</strong>&nbsp;até a Secretaria da Prefeitura Universitária ou enviar comunicado interno, via&nbsp;<strong>Sipac</strong>.</p>

<p>Ao Setor de Serviços Comunitários compete: Serviços à comunidade da UFRRJ: A solicitação dos serviços do Setor de Serviços Comunitários <a class="read-more" href="https://institucional.ufrrj.br/prefeiturauniversitaria/setores/setor-de-servicos-comunitarios/ " >&#8230; <span class="font-italic">leia mais <i class="fas fa-angle-right"></i></span></a></p>

<!-- This site is optimized with the Yoast SEO plugin v27.2 - https://yoast.com/product/yoast-seo-wordpress/ -->
<title>Setor de Serviços Comunitários - Prefeitura Universitária</title>
<meta name="robots" content="index, follow, max-snippet:-1, max-image-preview:large, max-video-preview:-1" />
<link rel="canonical" href="https://institucional.ufrrj.br/prefeiturauniversitaria/setores/setor-de-servicos-comunitarios/" />
<meta property="og:locale" content="pt_BR" />
<meta property="og:type" content="article" />
<meta property="og:title" content="Setor de Serviços Comunitários - Prefeitura Universitária" />
<meta property="og:description" content="Ao Setor de Serviços Comunitários compete: Serviços à comunidade da UFRRJ: A solicitação dos serviços do Setor de Serviços Comunitários ... leia mais" />
<meta property="og:url" content="https://institucional.ufrrj.br/prefeiturauniversitaria/setores/setor-de-servicos-comunitarios/" />
<meta property="og:site_name" content="Prefeitura Universitária" />
<meta property="article:modified_time" content="2025-09-26T10:22:35+00:00" />
<meta name="twitter:card" content="summary_large_image" />
<meta name="twitter:label1" content="Est. tempo de leitura" />
	<meta name="twitter:data1" content="1 minuto" />
<script type="application/ld+json" class="yoast-schema-graph">{"@context":"https://schema.org","@graph":[{"@type":"WebPage","@id":"https://institucional.ufrrj.br/prefeiturauniversitaria/setores/setor-de-servicos-comunitarios/","url":"https://institucional.ufrrj.br/prefeiturauniversitaria/setores/setor-de-servicos-comunitarios/","name":"Setor de Serviços Comunitários - Prefeitura Universitária","isPartOf":{"@id":"https://institucional.ufrrj.br/prefeiturauniversitaria/#website"},"datePublished":"2019-02-14T12:55:29+00:00","dateModified":"2025-09-26T10:22:35+00:00","breadcrumb":{"@id":"https://institucional.ufrrj.br/prefeiturauniversitaria/setores/setor-de-servicos-comunitarios/#breadcrumb"},"inLanguage":"pt-BR","potentialAction":[{"@type":"ReadAction","target":["https://institucional.ufrrj.br/prefeiturauniversitaria/setores/setor-de-servicos-comunitarios/"]}]},{"@type":"BreadcrumbList","@id":"https://institucional.ufrrj.br/prefeiturauniversitaria/setores/setor-de-servicos-comunitarios/#breadcrumb","itemListElement":[{"@type":"ListItem","position":1,"name":"Início","item":"https://institucional.ufrrj.br/prefeiturauniversitaria/"},{"@type":"ListItem","position":2,"name":"Setores","item":"https://institucional.ufrrj.br/prefeiturauniversitaria/setores/"},{"@type":"ListItem","position":3,"name":"Setor de Serviços Comunitários"}]},{"@type":"WebSite","@id":"https://institucional.ufrrj.br/prefeiturauniversitaria/#website","url":"https://institucional.ufrrj.br/prefeiturauniversitaria/","name":"Prefeitura Universitária","description":"CAMPUS SEROPÉDICA – UFRRJ","potentialAction":[{"@type":"SearchAction","target":{"@type":"EntryPoint","urlTemplate":"https://institucional.ufrrj.br/prefeiturauniversitaria/?s={search_term_string}"},"query-input":{"@type":"PropertyValueSpecification","valueRequired":true,"valueName":"search_term_string"}}],"inLanguage":"pt-BR"}]}</script>
<!-- / Yoast SEO plugin. -->

Setor de Serviços Comunitários - Prefeitura Universitária

Ao Setor de Serviços Comunitários compete: Serviços à comunidade da UFRRJ: A solicitação dos serviços do Setor de Serviços Comunitários ... leia mais

Prefeitura Universitária

Início

CAMPUS SEROPÉDICA – UFRRJ
