{"id":56,"date":"2019-02-14T10:52:46","date_gmt":"2019-02-14T12:52:46","guid":{"rendered":"http:\/\/institucional.ufrrj.br\/prefeiturauniversitaria\/?page_id=56"},"modified":"2025-09-30T09:29:07","modified_gmt":"2025-09-30T12:29:07","slug":"setor-de-oficina-2","status":"publish","type":"page","link":"https:\/\/institucional.ufrrj.br\/prefeiturauniversitaria\/setores\/setor-de-oficina-2\/","title":{"rendered":"Setor de Oficina"},"content":{"rendered":"\n<p><strong>Ao Setor de Oficina compete:<\/strong><\/p>\n\n\n\n<ul class=\"wp-block-list\">\n<li>O conserto e reparos para a manuten\u00e7\u00e3o de ve\u00edculos;<\/li>\n\n\n\n<li>Lavagem e lubrifica\u00e7\u00e3o de ve\u00edculos oficiais;<\/li>\n\n\n\n<li>Servi\u00e7o de solda e serralheria.<\/li>\n<\/ul>\n\n\n\n<p><strong>Respons\u00e1vel:<\/strong>&nbsp;Dorival Carvalho de Andrade Junior<\/p>\n\n\n\n<h5 class=\"wp-block-heading\">Servi\u00e7os \u00e0 comunidade da UFRRJ:<\/h5>\n\n\n\n<ul class=\"wp-block-list\">\n<li>Libera\u00e7\u00e3o de pe\u00e7as e lubrificantes para \u00f4nibus e caminh\u00f5es;<\/li>\n\n\n\n<li>Conserto e reparos de \u00f4nibus, caminh\u00f5es e tratores;<\/li>\n\n\n\n<li>Servi\u00e7o de solda e serralheria.<\/li>\n<\/ul>\n\n\n\n<p>A\u00a0solicita\u00e7\u00e3o dos servi\u00e7os\u00a0do<strong>\u00a0<\/strong>Setor de Oficina\u00a0\u00e9 realizada atrav\u00e9s do\u00a0Setor de Transportes.\u00a0Os\u00a0outros servi\u00e7os\u00a0s\u00e3o solicitados\u00a0diretamente\u00a0no Setor de Oficinas e que fica atr\u00e1s da Prefeitura Universit\u00e1ria.<\/p>\n\n\n\n<h5 class=\"wp-block-heading\">Para entrar em contato com o Setor de Transportes : <\/h5>\n\n\n\n<p><strong>Telefone<\/strong>: (21) 2682-2803<\/p>\n\n\n\n<p><strong>E-mail<\/strong>: setordetransportes@ufrrj.br <\/p>\n\n\n\n<p>O interessado tamb\u00e9m pode ir\u00a0pessoalmente\u00a0at\u00e9 a Secretaria da Prefeitura Universit\u00e1ria ou enviar comunicado interno via e-mail. <\/p>\n","protected":false},"excerpt":{"rendered":"<p>Ao Setor de Oficina compete: Respons\u00e1vel:&nbsp;Dorival Carvalho de Andrade Junior Servi\u00e7os \u00e0 comunidade da UFRRJ: A\u00a0solicita\u00e7\u00e3o dos servi\u00e7os\u00a0do\u00a0Setor de Oficina\u00a0\u00e9 <a class=\"read-more\" href=\"https:\/\/institucional.ufrrj.br\/prefeiturauniversitaria\/setores\/setor-de-oficina-2\/ \" >&#8230; <span class=\"font-italic\">leia mais <i class=\"fas fa-angle-right\"><\/i><\/span><\/a><\/p>\n","protected":false},"author":634,"featured_media":0,"parent":281,"menu_order":0,"comment_status":"closed","ping_status":"closed","template":"","meta":{"_acf_changed":false,"footnotes":""},"class_list":["post-56","page","type-page","status-publish","hentry"],"yoast_head":"<!-- This site is optimized with the Yoast SEO plugin v27.2 - https:\/\/yoast.com\/product\/yoast-seo-wordpress\/ -->\n<title>Setor de Oficina - Prefeitura Universit\u00e1ria<\/title>\n<meta name=\"robots\" content=\"index, follow, max-snippet:-1, max-image-preview:large, max-video-preview:-1\" \/>\n<link rel=\"canonical\" href=\"https:\/\/institucional.ufrrj.br\/prefeiturauniversitaria\/setores\/setor-de-oficina-2\/\" \/>\n<meta property=\"og:locale\" content=\"pt_BR\" \/>\n<meta property=\"og:type\" content=\"article\" \/>\n<meta property=\"og:title\" content=\"Setor de Oficina - Prefeitura Universit\u00e1ria\" \/>\n<meta property=\"og:description\" content=\"Ao Setor de Oficina compete: Respons\u00e1vel:&nbsp;Dorival Carvalho de Andrade Junior Servi\u00e7os \u00e0 comunidade da UFRRJ: A\u00a0solicita\u00e7\u00e3o dos servi\u00e7os\u00a0do\u00a0Setor de Oficina\u00a0\u00e9 ... leia mais\" \/>\n<meta property=\"og:url\" content=\"https:\/\/institucional.ufrrj.br\/prefeiturauniversitaria\/setores\/setor-de-oficina-2\/\" \/>\n<meta property=\"og:site_name\" content=\"Prefeitura Universit\u00e1ria\" \/>\n<meta property=\"article:modified_time\" content=\"2025-09-30T12:29:07+00:00\" \/>\n<meta name=\"twitter:card\" content=\"summary_large_image\" \/>\n<meta name=\"twitter:label1\" content=\"Est. tempo de leitura\" \/>\n\t<meta name=\"twitter:data1\" content=\"1 minuto\" \/>\n<script type=\"application\/ld+json\" class=\"yoast-schema-graph\">{\"@context\":\"https:\/\/schema.org\",\"@graph\":[{\"@type\":\"WebPage\",\"@id\":\"https:\/\/institucional.ufrrj.br\/prefeiturauniversitaria\/setores\/setor-de-oficina-2\/\",\"url\":\"https:\/\/institucional.ufrrj.br\/prefeiturauniversitaria\/setores\/setor-de-oficina-2\/\",\"name\":\"Setor de Oficina - Prefeitura Universit\u00e1ria\",\"isPartOf\":{\"@id\":\"https:\/\/institucional.ufrrj.br\/prefeiturauniversitaria\/#website\"},\"datePublished\":\"2019-02-14T12:52:46+00:00\",\"dateModified\":\"2025-09-30T12:29:07+00:00\",\"breadcrumb\":{\"@id\":\"https:\/\/institucional.ufrrj.br\/prefeiturauniversitaria\/setores\/setor-de-oficina-2\/#breadcrumb\"},\"inLanguage\":\"pt-BR\",\"potentialAction\":[{\"@type\":\"ReadAction\",\"target\":[\"https:\/\/institucional.ufrrj.br\/prefeiturauniversitaria\/setores\/setor-de-oficina-2\/\"]}]},{\"@type\":\"BreadcrumbList\",\"@id\":\"https:\/\/institucional.ufrrj.br\/prefeiturauniversitaria\/setores\/setor-de-oficina-2\/#breadcrumb\",\"itemListElement\":[{\"@type\":\"ListItem\",\"position\":1,\"name\":\"In\u00edcio\",\"item\":\"https:\/\/institucional.ufrrj.br\/prefeiturauniversitaria\/\"},{\"@type\":\"ListItem\",\"position\":2,\"name\":\"Setores\",\"item\":\"https:\/\/institucional.ufrrj.br\/prefeiturauniversitaria\/setores\/\"},{\"@type\":\"ListItem\",\"position\":3,\"name\":\"Setor de Oficina\"}]},{\"@type\":\"WebSite\",\"@id\":\"https:\/\/institucional.ufrrj.br\/prefeiturauniversitaria\/#website\",\"url\":\"https:\/\/institucional.ufrrj.br\/prefeiturauniversitaria\/\",\"name\":\"Prefeitura Universit\u00e1ria\",\"description\":\"CAMPUS SEROP\u00c9DICA \u2013 UFRRJ\",\"potentialAction\":[{\"@type\":\"SearchAction\",\"target\":{\"@type\":\"EntryPoint\",\"urlTemplate\":\"https:\/\/institucional.ufrrj.br\/prefeiturauniversitaria\/?s={search_term_string}\"},\"query-input\":{\"@type\":\"PropertyValueSpecification\",\"valueRequired\":true,\"valueName\":\"search_term_string\"}}],\"inLanguage\":\"pt-BR\"}]}<\/script>\n<!-- \/ Yoast SEO plugin. -->","yoast_head_json":{"title":"Setor de Oficina - Prefeitura Universit\u00e1ria","robots":{"index":"index","follow":"follow","max-snippet":"max-snippet:-1","max-image-preview":"max-image-preview:large","max-video-preview":"max-video-preview:-1"},"canonical":"https:\/\/institucional.ufrrj.br\/prefeiturauniversitaria\/setores\/setor-de-oficina-2\/","og_locale":"pt_BR","og_type":"article","og_title":"Setor de Oficina - Prefeitura Universit\u00e1ria","og_description":"Ao Setor de Oficina compete: Respons\u00e1vel:&nbsp;Dorival Carvalho de Andrade Junior Servi\u00e7os \u00e0 comunidade da UFRRJ: A\u00a0solicita\u00e7\u00e3o dos servi\u00e7os\u00a0do\u00a0Setor de Oficina\u00a0\u00e9 ... leia mais","og_url":"https:\/\/institucional.ufrrj.br\/prefeiturauniversitaria\/setores\/setor-de-oficina-2\/","og_site_name":"Prefeitura Universit\u00e1ria","article_modified_time":"2025-09-30T12:29:07+00:00","twitter_card":"summary_large_image","twitter_misc":{"Est. tempo de leitura":"1 minuto"},"schema":{"@context":"https:\/\/schema.org","@graph":[{"@type":"WebPage","@id":"https:\/\/institucional.ufrrj.br\/prefeiturauniversitaria\/setores\/setor-de-oficina-2\/","url":"https:\/\/institucional.ufrrj.br\/prefeiturauniversitaria\/setores\/setor-de-oficina-2\/","name":"Setor de Oficina - Prefeitura Universit\u00e1ria","isPartOf":{"@id":"https:\/\/institucional.ufrrj.br\/prefeiturauniversitaria\/#website"},"datePublished":"2019-02-14T12:52:46+00:00","dateModified":"2025-09-30T12:29:07+00:00","breadcrumb":{"@id":"https:\/\/institucional.ufrrj.br\/prefeiturauniversitaria\/setores\/setor-de-oficina-2\/#breadcrumb"},"inLanguage":"pt-BR","potentialAction":[{"@type":"ReadAction","target":["https:\/\/institucional.ufrrj.br\/prefeiturauniversitaria\/setores\/setor-de-oficina-2\/"]}]},{"@type":"BreadcrumbList","@id":"https:\/\/institucional.ufrrj.br\/prefeiturauniversitaria\/setores\/setor-de-oficina-2\/#breadcrumb","itemListElement":[{"@type":"ListItem","position":1,"name":"In\u00edcio","item":"https:\/\/institucional.ufrrj.br\/prefeiturauniversitaria\/"},{"@type":"ListItem","position":2,"name":"Setores","item":"https:\/\/institucional.ufrrj.br\/prefeiturauniversitaria\/setores\/"},{"@type":"ListItem","position":3,"name":"Setor de Oficina"}]},{"@type":"WebSite","@id":"https:\/\/institucional.ufrrj.br\/prefeiturauniversitaria\/#website","url":"https:\/\/institucional.ufrrj.br\/prefeiturauniversitaria\/","name":"Prefeitura Universit\u00e1ria","description":"CAMPUS SEROP\u00c9DICA \u2013 UFRRJ","potentialAction":[{"@type":"SearchAction","target":{"@type":"EntryPoint","urlTemplate":"https:\/\/institucional.ufrrj.br\/prefeiturauniversitaria\/?s={search_term_string}"},"query-input":{"@type":"PropertyValueSpecification","valueRequired":true,"valueName":"search_term_string"}}],"inLanguage":"pt-BR"}]}},"acf":[],"_links":{"self":[{"href":"https:\/\/institucional.ufrrj.br\/prefeiturauniversitaria\/wp-json\/wp\/v2\/pages\/56","targetHints":{"allow":["GET"]}}],"collection":[{"href":"https:\/\/institucional.ufrrj.br\/prefeiturauniversitaria\/wp-json\/wp\/v2\/pages"}],"about":[{"href":"https:\/\/institucional.ufrrj.br\/prefeiturauniversitaria\/wp-json\/wp\/v2\/types\/page"}],"author":[{"embeddable":true,"href":"https:\/\/institucional.ufrrj.br\/prefeiturauniversitaria\/wp-json\/wp\/v2\/users\/634"}],"replies":[{"embeddable":true,"href":"https:\/\/institucional.ufrrj.br\/prefeiturauniversitaria\/wp-json\/wp\/v2\/comments?post=56"}],"version-history":[{"count":6,"href":"https:\/\/institucional.ufrrj.br\/prefeiturauniversitaria\/wp-json\/wp\/v2\/pages\/56\/revisions"}],"predecessor-version":[{"id":1230,"href":"https:\/\/institucional.ufrrj.br\/prefeiturauniversitaria\/wp-json\/wp\/v2\/pages\/56\/revisions\/1230"}],"up":[{"embeddable":true,"href":"https:\/\/institucional.ufrrj.br\/prefeiturauniversitaria\/wp-json\/wp\/v2\/pages\/281"}],"wp:attachment":[{"href":"https:\/\/institucional.ufrrj.br\/prefeiturauniversitaria\/wp-json\/wp\/v2\/media?parent=56"}],"curies":[{"name":"wp","href":"https:\/\/api.w.org\/{rel}","templated":true}]}}

<p><strong>Ao Setor de Oficina compete:</strong></p>



<ul class="wp-block-list">
<li>O conserto e reparos para a manutenção de veículos;</li>



<li>Lavagem e lubrificação de veículos oficiais;</li>



<li>Serviço de solda e serralheria.</li>
</ul>



<p><strong>Responsável:</strong>&nbsp;Dorival Carvalho de Andrade Junior</p>



<h5 class="wp-block-heading">Serviços à comunidade da UFRRJ:</h5>



<ul class="wp-block-list">
<li>Liberação de peças e lubrificantes para ônibus e caminhões;</li>



<li>Conserto e reparos de ônibus, caminhões e tratores;</li>



<li>Serviço de solda e serralheria.</li>
</ul>



<p>A solicitação dos serviços do<strong> </strong>Setor de Oficina é realizada através do Setor de Transportes. Os outros serviços são solicitados diretamente no Setor de Oficinas e que fica atrás da Prefeitura Universitária.</p>



<h5 class="wp-block-heading">Para entrar em contato com o Setor de Transportes : </h5>



<p><strong>Telefone</strong>: (21) 2682-2803</p>



<p><strong>E-mail</strong>: setordetransportes@ufrrj.br </p>



<p>O interessado também pode ir pessoalmente até a Secretaria da Prefeitura Universitária ou enviar comunicado interno via e-mail. </p>

<p>Ao Setor de Oficina compete: Responsável:&nbsp;Dorival Carvalho de Andrade Junior Serviços à comunidade da UFRRJ: A solicitação dos serviços do Setor de Oficina é <a class="read-more" href="https://institucional.ufrrj.br/prefeiturauniversitaria/setores/setor-de-oficina-2/ " >&#8230; <span class="font-italic">leia mais <i class="fas fa-angle-right"></i></span></a></p>

<!-- This site is optimized with the Yoast SEO plugin v27.2 - https://yoast.com/product/yoast-seo-wordpress/ -->
<title>Setor de Oficina - Prefeitura Universitária</title>
<meta name="robots" content="index, follow, max-snippet:-1, max-image-preview:large, max-video-preview:-1" />
<link rel="canonical" href="https://institucional.ufrrj.br/prefeiturauniversitaria/setores/setor-de-oficina-2/" />
<meta property="og:locale" content="pt_BR" />
<meta property="og:type" content="article" />
<meta property="og:title" content="Setor de Oficina - Prefeitura Universitária" />
<meta property="og:description" content="Ao Setor de Oficina compete: Responsável:&nbsp;Dorival Carvalho de Andrade Junior Serviços à comunidade da UFRRJ: A solicitação dos serviços do Setor de Oficina é ... leia mais" />
<meta property="og:url" content="https://institucional.ufrrj.br/prefeiturauniversitaria/setores/setor-de-oficina-2/" />
<meta property="og:site_name" content="Prefeitura Universitária" />
<meta property="article:modified_time" content="2025-09-30T12:29:07+00:00" />
<meta name="twitter:card" content="summary_large_image" />
<meta name="twitter:label1" content="Est. tempo de leitura" />
	<meta name="twitter:data1" content="1 minuto" />
<script type="application/ld+json" class="yoast-schema-graph">{"@context":"https://schema.org","@graph":[{"@type":"WebPage","@id":"https://institucional.ufrrj.br/prefeiturauniversitaria/setores/setor-de-oficina-2/","url":"https://institucional.ufrrj.br/prefeiturauniversitaria/setores/setor-de-oficina-2/","name":"Setor de Oficina - Prefeitura Universitária","isPartOf":{"@id":"https://institucional.ufrrj.br/prefeiturauniversitaria/#website"},"datePublished":"2019-02-14T12:52:46+00:00","dateModified":"2025-09-30T12:29:07+00:00","breadcrumb":{"@id":"https://institucional.ufrrj.br/prefeiturauniversitaria/setores/setor-de-oficina-2/#breadcrumb"},"inLanguage":"pt-BR","potentialAction":[{"@type":"ReadAction","target":["https://institucional.ufrrj.br/prefeiturauniversitaria/setores/setor-de-oficina-2/"]}]},{"@type":"BreadcrumbList","@id":"https://institucional.ufrrj.br/prefeiturauniversitaria/setores/setor-de-oficina-2/#breadcrumb","itemListElement":[{"@type":"ListItem","position":1,"name":"Início","item":"https://institucional.ufrrj.br/prefeiturauniversitaria/"},{"@type":"ListItem","position":2,"name":"Setores","item":"https://institucional.ufrrj.br/prefeiturauniversitaria/setores/"},{"@type":"ListItem","position":3,"name":"Setor de Oficina"}]},{"@type":"WebSite","@id":"https://institucional.ufrrj.br/prefeiturauniversitaria/#website","url":"https://institucional.ufrrj.br/prefeiturauniversitaria/","name":"Prefeitura Universitária","description":"CAMPUS SEROPÉDICA – UFRRJ","potentialAction":[{"@type":"SearchAction","target":{"@type":"EntryPoint","urlTemplate":"https://institucional.ufrrj.br/prefeiturauniversitaria/?s={search_term_string}"},"query-input":{"@type":"PropertyValueSpecification","valueRequired":true,"valueName":"search_term_string"}}],"inLanguage":"pt-BR"}]}</script>
<!-- / Yoast SEO plugin. -->

Setor de Oficina - Prefeitura Universitária

Ao Setor de Oficina compete: Responsável:&nbsp;Dorival Carvalho de Andrade Junior Serviços à comunidade da UFRRJ: A solicitação dos serviços do Setor de Oficina é ... leia mais

Prefeitura Universitária

Início

CAMPUS SEROPÉDICA – UFRRJ
