{"id":387,"date":"2023-01-31T09:34:27","date_gmt":"2023-01-31T12:34:27","guid":{"rendered":"https:\/\/institucional.ufrrj.br\/prefeiturauniversitaria\/?page_id=387"},"modified":"2025-09-23T11:46:47","modified_gmt":"2025-09-23T14:46:47","slug":"quem-somos","status":"publish","type":"page","link":"https:\/\/institucional.ufrrj.br\/prefeiturauniversitaria\/quem-somos\/","title":{"rendered":"Quem somos"},"content":{"rendered":"\n<figure class=\"wp-block-image size-large is-resized is-style-default\"><img loading=\"lazy\" decoding=\"async\" width=\"1024\" height=\"299\" src=\"https:\/\/institucional.ufrrj.br\/prefeiturauniversitaria\/files\/2025\/09\/MANUTENCAO-PREDIAL-4-1024x299.png\" alt=\"\" class=\"wp-image-932\" style=\"object-fit:cover;width:1200px;height:250px\" srcset=\"https:\/\/institucional.ufrrj.br\/prefeiturauniversitaria\/files\/2025\/09\/MANUTENCAO-PREDIAL-4-1024x299.png 1024w, https:\/\/institucional.ufrrj.br\/prefeiturauniversitaria\/files\/2025\/09\/MANUTENCAO-PREDIAL-4-300x88.png 300w, https:\/\/institucional.ufrrj.br\/prefeiturauniversitaria\/files\/2025\/09\/MANUTENCAO-PREDIAL-4-768x224.png 768w, https:\/\/institucional.ufrrj.br\/prefeiturauniversitaria\/files\/2025\/09\/MANUTENCAO-PREDIAL-4.png 1200w\" sizes=\"auto, (max-width: 1024px) 100vw, 1024px\" \/><\/figure>\n\n\n\n<p class=\"has-cinzaes-color has-text-color\"><strong>Prefeitura Universit\u00e1ria da UFRRJ<\/strong><\/p>\n\n\n\n<p>A Prefeitura Universit\u00e1ria da Universidade Federal Rural do Rio de Janeiro (UFRRJ) \u00e9 o setor respons\u00e1vel pela gest\u00e3o e execu\u00e7\u00e3o dos servi\u00e7os de manuten\u00e7\u00e3o da infraestrutura predial e urbana da institui\u00e7\u00e3o. Desde a cria\u00e7\u00e3o do campus-sede, em 1947, a Prefeitura Universit\u00e1ria tem exercido, de forma exclusiva, a miss\u00e3o de garantir a funcionalidade, seguran\u00e7a e preserva\u00e7\u00e3o do patrim\u00f4nio f\u00edsico e ambiental da Universidade.<\/p>\n\n\n\n<p>Com uma atua\u00e7\u00e3o abrangente e t\u00e9cnica, a Prefeitura Universit\u00e1ria coordena e realiza os servi\u00e7os de manuten\u00e7\u00e3o predial, contemplando atividades de carpintaria, alvenaria, pintura em geral, instala\u00e7\u00f5es e reparos nas redes hidr\u00e1ulicas e hidrossanit\u00e1rias, al\u00e9m dos servi\u00e7os eletromec\u00e2nicos e eletrot\u00e9cnicos. Tamb\u00e9m \u00e9 de sua responsabilidade a manuten\u00e7\u00e3o das redes de telefonia, rede estruturada e\/ou cabeada, sistemas de refrigera\u00e7\u00e3o, servi\u00e7os de serralheria, vidra\u00e7aria e dedetiza\u00e7\u00e3o.<\/p>\n\n\n\n<p>Al\u00e9m das edifica\u00e7\u00f5es, a Prefeitura Universit\u00e1ria cuida das vias internas de acesso, da ilumina\u00e7\u00e3o p\u00fablica e da conserva\u00e7\u00e3o do patrim\u00f4nio paisag\u00edstico do campus, promovendo a\u00e7\u00f5es que visam \u00e0 sustentabilidade, ao bem-estar da comunidade acad\u00eamica e \u00e0 valoriza\u00e7\u00e3o dos espa\u00e7os institucionais.<\/p>\n\n\n\n<p>Ao longo das d\u00e9cadas, a Prefeitura Universit\u00e1ria consolidou-se como pe\u00e7a fundamental na estrutura administrativa da UFRRJ, sendo respons\u00e1vel por manter a qualidade dos espa\u00e7os f\u00edsicos e por assegurar as condi\u00e7\u00f5es adequadas para o desenvolvimento das atividades de ensino, pesquisa e extens\u00e3o.<\/p>\n\n\n\n<p>Al\u00e9m da execu\u00e7\u00e3o direta de servi\u00e7os, a Prefeitura Universit\u00e1ria da UFRRJ \u00e9 tamb\u00e9m respons\u00e1vel pela gest\u00e3o e fiscaliza\u00e7\u00e3o de diversos contratos essenciais ao funcionamento do campus. Entre esses contratos, destaca-se o&nbsp;<strong>contrato de parques e jardins<\/strong>, que presta apoio operacional \u00e0s atividades paisag\u00edsticas e de manuten\u00e7\u00e3o das \u00e1reas verdes da Universidade, assegurando a preserva\u00e7\u00e3o ambiental e a est\u00e9tica dos espa\u00e7os externos.<\/p>\n\n\n\n<p>A Prefeitura tamb\u00e9m gerencia o&nbsp;<strong>contrato de asseio e conserva\u00e7\u00e3o<\/strong>, que garante a limpeza e higieniza\u00e7\u00e3o adequada dos ambientes institucionais, contribuindo para a sa\u00fade e o bem-estar de toda a comunidade acad\u00eamica. Outro contrato de grande relev\u00e2ncia \u00e9 o de&nbsp;<strong>manuten\u00e7\u00e3o predial<\/strong>, que complementa as a\u00e7\u00f5es internas da Prefeitura no cuidado com a infraestrutura dos edif\u00edcios da UFRRJ.<\/p>\n\n\n\n<p>No \u00e2mbito da mobilidade e log\u00edstica, a Prefeitura \u00e9 respons\u00e1vel pela&nbsp;<strong>gest\u00e3o, opera\u00e7\u00e3o e controle dos contratos de manuten\u00e7\u00e3o da frota institucional<\/strong>&nbsp;e do&nbsp;<strong>abastecimento de combust\u00edveis<\/strong>, assegurando o funcionamento cont\u00ednuo e eficiente dos ve\u00edculos de servi\u00e7o da Universidade.<\/p>\n\n\n\n<p>Al\u00e9m disso, a Prefeitura Universit\u00e1ria realiza o&nbsp;<strong>acompanhamento e a fiscaliza\u00e7\u00e3o dos contratos de fornecimento de \u00e1gua e energia el\u00e9trica<\/strong>, atuando de forma estrat\u00e9gica para garantir a regularidade e o uso racional desses recursos essenciais.<\/p>\n\n\n\n<p>Com esse conjunto de atribui\u00e7\u00f5es e responsabilidades, a Prefeitura Universit\u00e1ria reafirma seu papel central na infraestrutura e opera\u00e7\u00e3o da UFRRJ, atuando com efici\u00eancia, planejamento e compromisso com a qualidade dos servi\u00e7os prestados \u00e0 comunidade acad\u00eamica.<\/p>\n\n\n\n<p><strong>Equipe:<\/strong><\/p>\n\n\n\n<p><strong>Prefeito Universit\u00e1rio \u2013 Paulo Henrique Correia Chaves<\/strong><\/p>\n\n\n\n<p><strong>Divis\u00e3o de Servi\u00e7os Gerais \u2013 Edson Ricardo Ferreira Macedo<\/strong><\/p>\n\n\n\n<p><strong>Setor de Conserva\u00e7\u00e3o de Parques e Jardins \u2013 Maria Gabriela Ferreira da Mata<\/strong><\/p>\n\n\n\n<p><strong>Setor de Transportes \u2013 Dorival Carvalho de Andrade J\u00fanior<\/strong><\/p>\n\n\n\n<p><\/p>\n","protected":false},"excerpt":{"rendered":"<p>Prefeitura Universit\u00e1ria da UFRRJ A Prefeitura Universit\u00e1ria da Universidade Federal Rural do Rio de Janeiro (UFRRJ) \u00e9 o setor respons\u00e1vel <a class=\"read-more\" href=\"https:\/\/institucional.ufrrj.br\/prefeiturauniversitaria\/quem-somos\/ \" >&#8230; <span class=\"font-italic\">leia mais <i class=\"fas fa-angle-right\"><\/i><\/span><\/a><\/p>\n","protected":false},"author":634,"featured_media":0,"parent":0,"menu_order":0,"comment_status":"closed","ping_status":"closed","template":"","meta":{"_acf_changed":false,"footnotes":""},"class_list":["post-387","page","type-page","status-publish","hentry"],"yoast_head":"<!-- This site is optimized with the Yoast SEO plugin v27.2 - https:\/\/yoast.com\/product\/yoast-seo-wordpress\/ -->\n<title>Quem somos - Prefeitura Universit\u00e1ria<\/title>\n<meta name=\"robots\" content=\"index, follow, max-snippet:-1, max-image-preview:large, max-video-preview:-1\" \/>\n<link rel=\"canonical\" href=\"https:\/\/institucional.ufrrj.br\/prefeiturauniversitaria\/quem-somos\/\" \/>\n<meta property=\"og:locale\" content=\"pt_BR\" \/>\n<meta property=\"og:type\" content=\"article\" \/>\n<meta property=\"og:title\" content=\"Quem somos - Prefeitura Universit\u00e1ria\" \/>\n<meta property=\"og:description\" content=\"Prefeitura Universit\u00e1ria da UFRRJ A Prefeitura Universit\u00e1ria da Universidade Federal Rural do Rio de Janeiro (UFRRJ) \u00e9 o setor respons\u00e1vel ... leia mais\" \/>\n<meta property=\"og:url\" content=\"https:\/\/institucional.ufrrj.br\/prefeiturauniversitaria\/quem-somos\/\" \/>\n<meta property=\"og:site_name\" content=\"Prefeitura Universit\u00e1ria\" \/>\n<meta property=\"article:modified_time\" content=\"2025-09-23T14:46:47+00:00\" \/>\n<meta property=\"og:image\" content=\"https:\/\/institucional.ufrrj.br\/prefeiturauniversitaria\/files\/2025\/09\/MANUTENCAO-PREDIAL-4.png\" \/>\n\t<meta property=\"og:image:width\" content=\"1200\" \/>\n\t<meta property=\"og:image:height\" content=\"350\" \/>\n\t<meta property=\"og:image:type\" content=\"image\/png\" \/>\n<meta name=\"twitter:card\" content=\"summary_large_image\" \/>\n<meta name=\"twitter:label1\" content=\"Est. tempo de leitura\" \/>\n\t<meta name=\"twitter:data1\" content=\"3 minutos\" \/>\n<script type=\"application\/ld+json\" class=\"yoast-schema-graph\">{\"@context\":\"https:\/\/schema.org\",\"@graph\":[{\"@type\":\"WebPage\",\"@id\":\"https:\/\/institucional.ufrrj.br\/prefeiturauniversitaria\/quem-somos\/\",\"url\":\"https:\/\/institucional.ufrrj.br\/prefeiturauniversitaria\/quem-somos\/\",\"name\":\"Quem somos - Prefeitura Universit\u00e1ria\",\"isPartOf\":{\"@id\":\"https:\/\/institucional.ufrrj.br\/prefeiturauniversitaria\/#website\"},\"primaryImageOfPage\":{\"@id\":\"https:\/\/institucional.ufrrj.br\/prefeiturauniversitaria\/quem-somos\/#primaryimage\"},\"image\":{\"@id\":\"https:\/\/institucional.ufrrj.br\/prefeiturauniversitaria\/quem-somos\/#primaryimage\"},\"thumbnailUrl\":\"https:\/\/institucional.ufrrj.br\/prefeiturauniversitaria\/files\/2025\/09\/MANUTENCAO-PREDIAL-4-1024x299.png\",\"datePublished\":\"2023-01-31T12:34:27+00:00\",\"dateModified\":\"2025-09-23T14:46:47+00:00\",\"breadcrumb\":{\"@id\":\"https:\/\/institucional.ufrrj.br\/prefeiturauniversitaria\/quem-somos\/#breadcrumb\"},\"inLanguage\":\"pt-BR\",\"potentialAction\":[{\"@type\":\"ReadAction\",\"target\":[\"https:\/\/institucional.ufrrj.br\/prefeiturauniversitaria\/quem-somos\/\"]}]},{\"@type\":\"ImageObject\",\"inLanguage\":\"pt-BR\",\"@id\":\"https:\/\/institucional.ufrrj.br\/prefeiturauniversitaria\/quem-somos\/#primaryimage\",\"url\":\"https:\/\/institucional.ufrrj.br\/prefeiturauniversitaria\/files\/2025\/09\/MANUTENCAO-PREDIAL-4.png\",\"contentUrl\":\"https:\/\/institucional.ufrrj.br\/prefeiturauniversitaria\/files\/2025\/09\/MANUTENCAO-PREDIAL-4.png\",\"width\":1200,\"height\":350},{\"@type\":\"BreadcrumbList\",\"@id\":\"https:\/\/institucional.ufrrj.br\/prefeiturauniversitaria\/quem-somos\/#breadcrumb\",\"itemListElement\":[{\"@type\":\"ListItem\",\"position\":1,\"name\":\"In\u00edcio\",\"item\":\"https:\/\/institucional.ufrrj.br\/prefeiturauniversitaria\/\"},{\"@type\":\"ListItem\",\"position\":2,\"name\":\"Quem somos\"}]},{\"@type\":\"WebSite\",\"@id\":\"https:\/\/institucional.ufrrj.br\/prefeiturauniversitaria\/#website\",\"url\":\"https:\/\/institucional.ufrrj.br\/prefeiturauniversitaria\/\",\"name\":\"Prefeitura Universit\u00e1ria\",\"description\":\"CAMPUS SEROP\u00c9DICA \u2013 UFRRJ\",\"potentialAction\":[{\"@type\":\"SearchAction\",\"target\":{\"@type\":\"EntryPoint\",\"urlTemplate\":\"https:\/\/institucional.ufrrj.br\/prefeiturauniversitaria\/?s={search_term_string}\"},\"query-input\":{\"@type\":\"PropertyValueSpecification\",\"valueRequired\":true,\"valueName\":\"search_term_string\"}}],\"inLanguage\":\"pt-BR\"}]}<\/script>\n<!-- \/ Yoast SEO plugin. -->","yoast_head_json":{"title":"Quem somos - Prefeitura Universit\u00e1ria","robots":{"index":"index","follow":"follow","max-snippet":"max-snippet:-1","max-image-preview":"max-image-preview:large","max-video-preview":"max-video-preview:-1"},"canonical":"https:\/\/institucional.ufrrj.br\/prefeiturauniversitaria\/quem-somos\/","og_locale":"pt_BR","og_type":"article","og_title":"Quem somos - Prefeitura Universit\u00e1ria","og_description":"Prefeitura Universit\u00e1ria da UFRRJ A Prefeitura Universit\u00e1ria da Universidade Federal Rural do Rio de Janeiro (UFRRJ) \u00e9 o setor respons\u00e1vel ... leia mais","og_url":"https:\/\/institucional.ufrrj.br\/prefeiturauniversitaria\/quem-somos\/","og_site_name":"Prefeitura Universit\u00e1ria","article_modified_time":"2025-09-23T14:46:47+00:00","og_image":[{"width":1200,"height":350,"url":"https:\/\/institucional.ufrrj.br\/prefeiturauniversitaria\/files\/2025\/09\/MANUTENCAO-PREDIAL-4.png","type":"image\/png"}],"twitter_card":"summary_large_image","twitter_misc":{"Est. tempo de leitura":"3 minutos"},"schema":{"@context":"https:\/\/schema.org","@graph":[{"@type":"WebPage","@id":"https:\/\/institucional.ufrrj.br\/prefeiturauniversitaria\/quem-somos\/","url":"https:\/\/institucional.ufrrj.br\/prefeiturauniversitaria\/quem-somos\/","name":"Quem somos - Prefeitura Universit\u00e1ria","isPartOf":{"@id":"https:\/\/institucional.ufrrj.br\/prefeiturauniversitaria\/#website"},"primaryImageOfPage":{"@id":"https:\/\/institucional.ufrrj.br\/prefeiturauniversitaria\/quem-somos\/#primaryimage"},"image":{"@id":"https:\/\/institucional.ufrrj.br\/prefeiturauniversitaria\/quem-somos\/#primaryimage"},"thumbnailUrl":"https:\/\/institucional.ufrrj.br\/prefeiturauniversitaria\/files\/2025\/09\/MANUTENCAO-PREDIAL-4-1024x299.png","datePublished":"2023-01-31T12:34:27+00:00","dateModified":"2025-09-23T14:46:47+00:00","breadcrumb":{"@id":"https:\/\/institucional.ufrrj.br\/prefeiturauniversitaria\/quem-somos\/#breadcrumb"},"inLanguage":"pt-BR","potentialAction":[{"@type":"ReadAction","target":["https:\/\/institucional.ufrrj.br\/prefeiturauniversitaria\/quem-somos\/"]}]},{"@type":"ImageObject","inLanguage":"pt-BR","@id":"https:\/\/institucional.ufrrj.br\/prefeiturauniversitaria\/quem-somos\/#primaryimage","url":"https:\/\/institucional.ufrrj.br\/prefeiturauniversitaria\/files\/2025\/09\/MANUTENCAO-PREDIAL-4.png","contentUrl":"https:\/\/institucional.ufrrj.br\/prefeiturauniversitaria\/files\/2025\/09\/MANUTENCAO-PREDIAL-4.png","width":1200,"height":350},{"@type":"BreadcrumbList","@id":"https:\/\/institucional.ufrrj.br\/prefeiturauniversitaria\/quem-somos\/#breadcrumb","itemListElement":[{"@type":"ListItem","position":1,"name":"In\u00edcio","item":"https:\/\/institucional.ufrrj.br\/prefeiturauniversitaria\/"},{"@type":"ListItem","position":2,"name":"Quem somos"}]},{"@type":"WebSite","@id":"https:\/\/institucional.ufrrj.br\/prefeiturauniversitaria\/#website","url":"https:\/\/institucional.ufrrj.br\/prefeiturauniversitaria\/","name":"Prefeitura Universit\u00e1ria","description":"CAMPUS SEROP\u00c9DICA \u2013 UFRRJ","potentialAction":[{"@type":"SearchAction","target":{"@type":"EntryPoint","urlTemplate":"https:\/\/institucional.ufrrj.br\/prefeiturauniversitaria\/?s={search_term_string}"},"query-input":{"@type":"PropertyValueSpecification","valueRequired":true,"valueName":"search_term_string"}}],"inLanguage":"pt-BR"}]}},"acf":[],"_links":{"self":[{"href":"https:\/\/institucional.ufrrj.br\/prefeiturauniversitaria\/wp-json\/wp\/v2\/pages\/387","targetHints":{"allow":["GET"]}}],"collection":[{"href":"https:\/\/institucional.ufrrj.br\/prefeiturauniversitaria\/wp-json\/wp\/v2\/pages"}],"about":[{"href":"https:\/\/institucional.ufrrj.br\/prefeiturauniversitaria\/wp-json\/wp\/v2\/types\/page"}],"author":[{"embeddable":true,"href":"https:\/\/institucional.ufrrj.br\/prefeiturauniversitaria\/wp-json\/wp\/v2\/users\/634"}],"replies":[{"embeddable":true,"href":"https:\/\/institucional.ufrrj.br\/prefeiturauniversitaria\/wp-json\/wp\/v2\/comments?post=387"}],"version-history":[{"count":28,"href":"https:\/\/institucional.ufrrj.br\/prefeiturauniversitaria\/wp-json\/wp\/v2\/pages\/387\/revisions"}],"predecessor-version":[{"id":1035,"href":"https:\/\/institucional.ufrrj.br\/prefeiturauniversitaria\/wp-json\/wp\/v2\/pages\/387\/revisions\/1035"}],"wp:attachment":[{"href":"https:\/\/institucional.ufrrj.br\/prefeiturauniversitaria\/wp-json\/wp\/v2\/media?parent=387"}],"curies":[{"name":"wp","href":"https:\/\/api.w.org\/{rel}","templated":true}]}}