{"id":233,"date":"2022-12-13T13:53:15","date_gmt":"2022-12-13T16:53:15","guid":{"rendered":"https:\/\/institucional.ufrrj.br\/prefeiturauniversitaria\/?page_id=233"},"modified":"2026-03-10T13:14:57","modified_gmt":"2026-03-10T16:14:57","slug":"parques-e-jardins","status":"publish","type":"page","link":"https:\/\/institucional.ufrrj.br\/prefeiturauniversitaria\/parques-e-jardins\/","title":{"rendered":"Parques e Jardins"},"content":{"rendered":"\n<div class=\"wp-block-group is-nowrap is-layout-flex wp-container-core-group-is-layout-ad2f72ca wp-block-group-is-layout-flex\">\n<figure class=\"wp-block-image size-large wp-container-content-69bc4bdf\"><img loading=\"lazy\" decoding=\"async\" width=\"1024\" height=\"579\" src=\"https:\/\/institucional.ufrrj.br\/prefeiturauniversitaria\/files\/2025\/09\/Manutencao-Predial-6-1024x579.jpg\" alt=\"\" class=\"wp-image-868\" srcset=\"https:\/\/institucional.ufrrj.br\/prefeiturauniversitaria\/files\/2025\/09\/Manutencao-Predial-6-1024x579.jpg 1024w, https:\/\/institucional.ufrrj.br\/prefeiturauniversitaria\/files\/2025\/09\/Manutencao-Predial-6-300x170.jpg 300w, https:\/\/institucional.ufrrj.br\/prefeiturauniversitaria\/files\/2025\/09\/Manutencao-Predial-6-768x434.jpg 768w, https:\/\/institucional.ufrrj.br\/prefeiturauniversitaria\/files\/2025\/09\/Manutencao-Predial-6.jpg 1366w\" sizes=\"auto, (max-width: 1024px) 100vw, 1024px\" \/><\/figure>\n\n\n\n<figure class=\"wp-block-image size-large\"><img loading=\"lazy\" decoding=\"async\" width=\"1024\" height=\"576\" src=\"https:\/\/institucional.ufrrj.br\/prefeiturauniversitaria\/files\/2025\/09\/Manutencao-Predial-11-1024x576.jpg\" alt=\"\" class=\"wp-image-952\" srcset=\"https:\/\/institucional.ufrrj.br\/prefeiturauniversitaria\/files\/2025\/09\/Manutencao-Predial-11-1024x576.jpg 1024w, https:\/\/institucional.ufrrj.br\/prefeiturauniversitaria\/files\/2025\/09\/Manutencao-Predial-11-300x169.jpg 300w, https:\/\/institucional.ufrrj.br\/prefeiturauniversitaria\/files\/2025\/09\/Manutencao-Predial-11-768x432.jpg 768w, https:\/\/institucional.ufrrj.br\/prefeiturauniversitaria\/files\/2025\/09\/Manutencao-Predial-11.jpg 1366w\" sizes=\"auto, (max-width: 1024px) 100vw, 1024px\" \/><\/figure>\n<\/div>\n\n\n\n<h5 class=\"wp-block-heading\"><strong>Setor de Parques e Jardins \u2013 UFRRJ<\/strong><\/h5>\n\n\n\n<p>O Setor de Parques e Jardins da UFRRJ \u00e9 respons\u00e1vel pela manuten\u00e7\u00e3o, conserva\u00e7\u00e3o e embelezamento das \u00e1reas verdes da universidade. Seu trabalho garante espa\u00e7os arborizados, limpos e bem cuidados, contribuindo para a preserva\u00e7\u00e3o ambiental e para a qualidade de vida da comunidade acad\u00eamica.<\/p>\n\n\n\n<h5 class=\"wp-block-heading\">Objetivos<\/h5>\n\n\n\n<ul class=\"wp-block-list\">\n<li>Manter e conservar as \u00e1reas verdes da UFRRJ em boas condi\u00e7\u00f5es de uso e est\u00e9tica.<\/li>\n\n\n\n<li>Promover o embelezamento paisag\u00edstico, com foco em sustentabilidade.<\/li>\n\n\n\n<li>Contribuir para a preserva\u00e7\u00e3o da biodiversidade presente no campus.<\/li>\n\n\n\n<li>Proporcionar um ambiente saud\u00e1vel, agrad\u00e1vel e acolhedor para toda a comunidade acad\u00eamica.<\/li>\n<\/ul>\n\n\n\n<h5 class=\"wp-block-heading\">Destaques<\/h5>\n\n\n\n<ul class=\"wp-block-list\">\n<li>Plantio e cuidado de \u00e1rvores, flores e gramados.<\/li>\n\n\n\n<li>Poda e limpeza das \u00e1reas externas.<\/li>\n\n\n\n<li>Organiza\u00e7\u00e3o e manuten\u00e7\u00e3o paisag\u00edstica.<\/li>\n\n\n\n<li>A\u00e7\u00f5es voltadas para a recupera\u00e7\u00e3o de \u00e1reas degradadas.<\/li>\n\n\n\n<li>Apoio em projetos de arboriza\u00e7\u00e3o e sustentabilidade dentro da universidade.<\/li>\n<\/ul>\n\n\n\n<p><strong>Respons\u00e1vel:<\/strong> Maria Gabriela Ferreira da Mata<\/p>\n","protected":false},"excerpt":{"rendered":"<p>Setor de Parques e Jardins \u2013 UFRRJ O Setor de Parques e Jardins da UFRRJ \u00e9 respons\u00e1vel pela manuten\u00e7\u00e3o, conserva\u00e7\u00e3o <a class=\"read-more\" href=\"https:\/\/institucional.ufrrj.br\/prefeiturauniversitaria\/parques-e-jardins\/ \" >&#8230; <span class=\"font-italic\">leia mais <i class=\"fas fa-angle-right\"><\/i><\/span><\/a><\/p>\n","protected":false},"author":634,"featured_media":895,"parent":0,"menu_order":0,"comment_status":"closed","ping_status":"closed","template":"","meta":{"_acf_changed":false,"footnotes":""},"class_list":["post-233","page","type-page","status-publish","has-post-thumbnail","hentry"],"yoast_head":"<!-- This site is optimized with the Yoast SEO plugin v27.2 - https:\/\/yoast.com\/product\/yoast-seo-wordpress\/ -->\n<title>Parques e Jardins - Prefeitura Universit\u00e1ria<\/title>\n<meta name=\"robots\" content=\"index, follow, max-snippet:-1, max-image-preview:large, max-video-preview:-1\" \/>\n<link rel=\"canonical\" href=\"https:\/\/institucional.ufrrj.br\/prefeiturauniversitaria\/parques-e-jardins\/\" \/>\n<meta property=\"og:locale\" content=\"pt_BR\" \/>\n<meta property=\"og:type\" content=\"article\" \/>\n<meta property=\"og:title\" content=\"Parques e Jardins - Prefeitura Universit\u00e1ria\" \/>\n<meta property=\"og:description\" content=\"Setor de Parques e Jardins \u2013 UFRRJ O Setor de Parques e Jardins da UFRRJ \u00e9 respons\u00e1vel pela manuten\u00e7\u00e3o, conserva\u00e7\u00e3o ... leia mais\" \/>\n<meta property=\"og:url\" content=\"https:\/\/institucional.ufrrj.br\/prefeiturauniversitaria\/parques-e-jardins\/\" \/>\n<meta property=\"og:site_name\" content=\"Prefeitura Universit\u00e1ria\" \/>\n<meta property=\"article:modified_time\" content=\"2026-03-10T16:14:57+00:00\" \/>\n<meta property=\"og:image\" content=\"https:\/\/institucional.ufrrj.br\/prefeiturauniversitaria\/files\/2025\/09\/Comunitarios-1.jpg\" \/>\n\t<meta property=\"og:image:width\" content=\"285\" \/>\n\t<meta property=\"og:image:height\" content=\"285\" \/>\n\t<meta property=\"og:image:type\" content=\"image\/jpeg\" \/>\n<meta name=\"twitter:card\" content=\"summary_large_image\" \/>\n<meta name=\"twitter:label1\" content=\"Est. tempo de leitura\" \/>\n\t<meta name=\"twitter:data1\" content=\"2 minutos\" \/>\n<script type=\"application\/ld+json\" class=\"yoast-schema-graph\">{\"@context\":\"https:\/\/schema.org\",\"@graph\":[{\"@type\":\"WebPage\",\"@id\":\"https:\/\/institucional.ufrrj.br\/prefeiturauniversitaria\/parques-e-jardins\/\",\"url\":\"https:\/\/institucional.ufrrj.br\/prefeiturauniversitaria\/parques-e-jardins\/\",\"name\":\"Parques e Jardins - Prefeitura Universit\u00e1ria\",\"isPartOf\":{\"@id\":\"https:\/\/institucional.ufrrj.br\/prefeiturauniversitaria\/#website\"},\"primaryImageOfPage\":{\"@id\":\"https:\/\/institucional.ufrrj.br\/prefeiturauniversitaria\/parques-e-jardins\/#primaryimage\"},\"image\":{\"@id\":\"https:\/\/institucional.ufrrj.br\/prefeiturauniversitaria\/parques-e-jardins\/#primaryimage\"},\"thumbnailUrl\":\"https:\/\/institucional.ufrrj.br\/prefeiturauniversitaria\/files\/2025\/09\/Comunitarios-1.jpg\",\"datePublished\":\"2022-12-13T16:53:15+00:00\",\"dateModified\":\"2026-03-10T16:14:57+00:00\",\"breadcrumb\":{\"@id\":\"https:\/\/institucional.ufrrj.br\/prefeiturauniversitaria\/parques-e-jardins\/#breadcrumb\"},\"inLanguage\":\"pt-BR\",\"potentialAction\":[{\"@type\":\"ReadAction\",\"target\":[\"https:\/\/institucional.ufrrj.br\/prefeiturauniversitaria\/parques-e-jardins\/\"]}]},{\"@type\":\"ImageObject\",\"inLanguage\":\"pt-BR\",\"@id\":\"https:\/\/institucional.ufrrj.br\/prefeiturauniversitaria\/parques-e-jardins\/#primaryimage\",\"url\":\"https:\/\/institucional.ufrrj.br\/prefeiturauniversitaria\/files\/2025\/09\/Comunitarios-1.jpg\",\"contentUrl\":\"https:\/\/institucional.ufrrj.br\/prefeiturauniversitaria\/files\/2025\/09\/Comunitarios-1.jpg\",\"width\":285,\"height\":285},{\"@type\":\"BreadcrumbList\",\"@id\":\"https:\/\/institucional.ufrrj.br\/prefeiturauniversitaria\/parques-e-jardins\/#breadcrumb\",\"itemListElement\":[{\"@type\":\"ListItem\",\"position\":1,\"name\":\"In\u00edcio\",\"item\":\"https:\/\/institucional.ufrrj.br\/prefeiturauniversitaria\/\"},{\"@type\":\"ListItem\",\"position\":2,\"name\":\"Parques e Jardins\"}]},{\"@type\":\"WebSite\",\"@id\":\"https:\/\/institucional.ufrrj.br\/prefeiturauniversitaria\/#website\",\"url\":\"https:\/\/institucional.ufrrj.br\/prefeiturauniversitaria\/\",\"name\":\"Prefeitura Universit\u00e1ria\",\"description\":\"CAMPUS SEROP\u00c9DICA \u2013 UFRRJ\",\"potentialAction\":[{\"@type\":\"SearchAction\",\"target\":{\"@type\":\"EntryPoint\",\"urlTemplate\":\"https:\/\/institucional.ufrrj.br\/prefeiturauniversitaria\/?s={search_term_string}\"},\"query-input\":{\"@type\":\"PropertyValueSpecification\",\"valueRequired\":true,\"valueName\":\"search_term_string\"}}],\"inLanguage\":\"pt-BR\"}]}<\/script>\n<!-- \/ Yoast SEO plugin. -->","yoast_head_json":{"title":"Parques e Jardins - Prefeitura Universit\u00e1ria","robots":{"index":"index","follow":"follow","max-snippet":"max-snippet:-1","max-image-preview":"max-image-preview:large","max-video-preview":"max-video-preview:-1"},"canonical":"https:\/\/institucional.ufrrj.br\/prefeiturauniversitaria\/parques-e-jardins\/","og_locale":"pt_BR","og_type":"article","og_title":"Parques e Jardins - Prefeitura Universit\u00e1ria","og_description":"Setor de Parques e Jardins \u2013 UFRRJ O Setor de Parques e Jardins da UFRRJ \u00e9 respons\u00e1vel pela manuten\u00e7\u00e3o, conserva\u00e7\u00e3o ... leia mais","og_url":"https:\/\/institucional.ufrrj.br\/prefeiturauniversitaria\/parques-e-jardins\/","og_site_name":"Prefeitura Universit\u00e1ria","article_modified_time":"2026-03-10T16:14:57+00:00","og_image":[{"width":285,"height":285,"url":"https:\/\/institucional.ufrrj.br\/prefeiturauniversitaria\/files\/2025\/09\/Comunitarios-1.jpg","type":"image\/jpeg"}],"twitter_card":"summary_large_image","twitter_misc":{"Est. tempo de leitura":"2 minutos"},"schema":{"@context":"https:\/\/schema.org","@graph":[{"@type":"WebPage","@id":"https:\/\/institucional.ufrrj.br\/prefeiturauniversitaria\/parques-e-jardins\/","url":"https:\/\/institucional.ufrrj.br\/prefeiturauniversitaria\/parques-e-jardins\/","name":"Parques e Jardins - Prefeitura Universit\u00e1ria","isPartOf":{"@id":"https:\/\/institucional.ufrrj.br\/prefeiturauniversitaria\/#website"},"primaryImageOfPage":{"@id":"https:\/\/institucional.ufrrj.br\/prefeiturauniversitaria\/parques-e-jardins\/#primaryimage"},"image":{"@id":"https:\/\/institucional.ufrrj.br\/prefeiturauniversitaria\/parques-e-jardins\/#primaryimage"},"thumbnailUrl":"https:\/\/institucional.ufrrj.br\/prefeiturauniversitaria\/files\/2025\/09\/Comunitarios-1.jpg","datePublished":"2022-12-13T16:53:15+00:00","dateModified":"2026-03-10T16:14:57+00:00","breadcrumb":{"@id":"https:\/\/institucional.ufrrj.br\/prefeiturauniversitaria\/parques-e-jardins\/#breadcrumb"},"inLanguage":"pt-BR","potentialAction":[{"@type":"ReadAction","target":["https:\/\/institucional.ufrrj.br\/prefeiturauniversitaria\/parques-e-jardins\/"]}]},{"@type":"ImageObject","inLanguage":"pt-BR","@id":"https:\/\/institucional.ufrrj.br\/prefeiturauniversitaria\/parques-e-jardins\/#primaryimage","url":"https:\/\/institucional.ufrrj.br\/prefeiturauniversitaria\/files\/2025\/09\/Comunitarios-1.jpg","contentUrl":"https:\/\/institucional.ufrrj.br\/prefeiturauniversitaria\/files\/2025\/09\/Comunitarios-1.jpg","width":285,"height":285},{"@type":"BreadcrumbList","@id":"https:\/\/institucional.ufrrj.br\/prefeiturauniversitaria\/parques-e-jardins\/#breadcrumb","itemListElement":[{"@type":"ListItem","position":1,"name":"In\u00edcio","item":"https:\/\/institucional.ufrrj.br\/prefeiturauniversitaria\/"},{"@type":"ListItem","position":2,"name":"Parques e Jardins"}]},{"@type":"WebSite","@id":"https:\/\/institucional.ufrrj.br\/prefeiturauniversitaria\/#website","url":"https:\/\/institucional.ufrrj.br\/prefeiturauniversitaria\/","name":"Prefeitura Universit\u00e1ria","description":"CAMPUS SEROP\u00c9DICA \u2013 UFRRJ","potentialAction":[{"@type":"SearchAction","target":{"@type":"EntryPoint","urlTemplate":"https:\/\/institucional.ufrrj.br\/prefeiturauniversitaria\/?s={search_term_string}"},"query-input":{"@type":"PropertyValueSpecification","valueRequired":true,"valueName":"search_term_string"}}],"inLanguage":"pt-BR"}]}},"acf":[],"_links":{"self":[{"href":"https:\/\/institucional.ufrrj.br\/prefeiturauniversitaria\/wp-json\/wp\/v2\/pages\/233","targetHints":{"allow":["GET"]}}],"collection":[{"href":"https:\/\/institucional.ufrrj.br\/prefeiturauniversitaria\/wp-json\/wp\/v2\/pages"}],"about":[{"href":"https:\/\/institucional.ufrrj.br\/prefeiturauniversitaria\/wp-json\/wp\/v2\/types\/page"}],"author":[{"embeddable":true,"href":"https:\/\/institucional.ufrrj.br\/prefeiturauniversitaria\/wp-json\/wp\/v2\/users\/634"}],"replies":[{"embeddable":true,"href":"https:\/\/institucional.ufrrj.br\/prefeiturauniversitaria\/wp-json\/wp\/v2\/comments?post=233"}],"version-history":[{"count":1,"href":"https:\/\/institucional.ufrrj.br\/prefeiturauniversitaria\/wp-json\/wp\/v2\/pages\/233\/revisions"}],"predecessor-version":[{"id":1376,"href":"https:\/\/institucional.ufrrj.br\/prefeiturauniversitaria\/wp-json\/wp\/v2\/pages\/233\/revisions\/1376"}],"wp:featuredmedia":[{"embeddable":true,"href":"https:\/\/institucional.ufrrj.br\/prefeiturauniversitaria\/wp-json\/wp\/v2\/media\/895"}],"wp:attachment":[{"href":"https:\/\/institucional.ufrrj.br\/prefeiturauniversitaria\/wp-json\/wp\/v2\/media?parent=233"}],"curies":[{"name":"wp","href":"https:\/\/api.w.org\/{rel}","templated":true}]}}

<div class="wp-block-group is-nowrap is-layout-flex wp-container-core-group-is-layout-ad2f72ca wp-block-group-is-layout-flex">
<figure class="wp-block-image size-large wp-container-content-69bc4bdf"><img loading="lazy" decoding="async" width="1024" height="579" src="https://institucional.ufrrj.br/prefeiturauniversitaria/files/2025/09/Manutencao-Predial-6-1024x579.jpg" alt="" class="wp-image-868" srcset="https://institucional.ufrrj.br/prefeiturauniversitaria/files/2025/09/Manutencao-Predial-6-1024x579.jpg 1024w, https://institucional.ufrrj.br/prefeiturauniversitaria/files/2025/09/Manutencao-Predial-6-300x170.jpg 300w, https://institucional.ufrrj.br/prefeiturauniversitaria/files/2025/09/Manutencao-Predial-6-768x434.jpg 768w, https://institucional.ufrrj.br/prefeiturauniversitaria/files/2025/09/Manutencao-Predial-6.jpg 1366w" sizes="auto, (max-width: 1024px) 100vw, 1024px" /></figure>



<figure class="wp-block-image size-large"><img loading="lazy" decoding="async" width="1024" height="576" src="https://institucional.ufrrj.br/prefeiturauniversitaria/files/2025/09/Manutencao-Predial-11-1024x576.jpg" alt="" class="wp-image-952" srcset="https://institucional.ufrrj.br/prefeiturauniversitaria/files/2025/09/Manutencao-Predial-11-1024x576.jpg 1024w, https://institucional.ufrrj.br/prefeiturauniversitaria/files/2025/09/Manutencao-Predial-11-300x169.jpg 300w, https://institucional.ufrrj.br/prefeiturauniversitaria/files/2025/09/Manutencao-Predial-11-768x432.jpg 768w, https://institucional.ufrrj.br/prefeiturauniversitaria/files/2025/09/Manutencao-Predial-11.jpg 1366w" sizes="auto, (max-width: 1024px) 100vw, 1024px" /></figure>
</div>



<h5 class="wp-block-heading"><strong>Setor de Parques e Jardins – UFRRJ</strong></h5>



<p>O Setor de Parques e Jardins da UFRRJ é responsável pela manutenção, conservação e embelezamento das áreas verdes da universidade. Seu trabalho garante espaços arborizados, limpos e bem cuidados, contribuindo para a preservação ambiental e para a qualidade de vida da comunidade acadêmica.</p>



<h5 class="wp-block-heading">Objetivos</h5>



<ul class="wp-block-list">
<li>Manter e conservar as áreas verdes da UFRRJ em boas condições de uso e estética.</li>



<li>Promover o embelezamento paisagístico, com foco em sustentabilidade.</li>



<li>Contribuir para a preservação da biodiversidade presente no campus.</li>



<li>Proporcionar um ambiente saudável, agradável e acolhedor para toda a comunidade acadêmica.</li>
</ul>



<h5 class="wp-block-heading">Destaques</h5>



<ul class="wp-block-list">
<li>Plantio e cuidado de árvores, flores e gramados.</li>



<li>Poda e limpeza das áreas externas.</li>



<li>Organização e manutenção paisagística.</li>



<li>Ações voltadas para a recuperação de áreas degradadas.</li>



<li>Apoio em projetos de arborização e sustentabilidade dentro da universidade.</li>
</ul>



<p><strong>Responsável:</strong> Maria Gabriela Ferreira da Mata</p>

<p>Setor de Parques e Jardins – UFRRJ O Setor de Parques e Jardins da UFRRJ é responsável pela manutenção, conservação <a class="read-more" href="https://institucional.ufrrj.br/prefeiturauniversitaria/parques-e-jardins/ " >&#8230; <span class="font-italic">leia mais <i class="fas fa-angle-right"></i></span></a></p>

<!-- This site is optimized with the Yoast SEO plugin v27.2 - https://yoast.com/product/yoast-seo-wordpress/ -->
<title>Parques e Jardins - Prefeitura Universitária</title>
<meta name="robots" content="index, follow, max-snippet:-1, max-image-preview:large, max-video-preview:-1" />
<link rel="canonical" href="https://institucional.ufrrj.br/prefeiturauniversitaria/parques-e-jardins/" />
<meta property="og:locale" content="pt_BR" />
<meta property="og:type" content="article" />
<meta property="og:title" content="Parques e Jardins - Prefeitura Universitária" />
<meta property="og:description" content="Setor de Parques e Jardins – UFRRJ O Setor de Parques e Jardins da UFRRJ é responsável pela manutenção, conservação ... leia mais" />
<meta property="og:url" content="https://institucional.ufrrj.br/prefeiturauniversitaria/parques-e-jardins/" />
<meta property="og:site_name" content="Prefeitura Universitária" />
<meta property="article:modified_time" content="2026-03-10T16:14:57+00:00" />
<meta property="og:image" content="https://institucional.ufrrj.br/prefeiturauniversitaria/files/2025/09/Comunitarios-1.jpg" />
	<meta property="og:image:width" content="285" />
	<meta property="og:image:height" content="285" />
	<meta property="og:image:type" content="image/jpeg" />
<meta name="twitter:card" content="summary_large_image" />
<meta name="twitter:label1" content="Est. tempo de leitura" />
	<meta name="twitter:data1" content="2 minutos" />
<script type="application/ld+json" class="yoast-schema-graph">{"@context":"https://schema.org","@graph":[{"@type":"WebPage","@id":"https://institucional.ufrrj.br/prefeiturauniversitaria/parques-e-jardins/","url":"https://institucional.ufrrj.br/prefeiturauniversitaria/parques-e-jardins/","name":"Parques e Jardins - Prefeitura Universitária","isPartOf":{"@id":"https://institucional.ufrrj.br/prefeiturauniversitaria/#website"},"primaryImageOfPage":{"@id":"https://institucional.ufrrj.br/prefeiturauniversitaria/parques-e-jardins/#primaryimage"},"image":{"@id":"https://institucional.ufrrj.br/prefeiturauniversitaria/parques-e-jardins/#primaryimage"},"thumbnailUrl":"https://institucional.ufrrj.br/prefeiturauniversitaria/files/2025/09/Comunitarios-1.jpg","datePublished":"2022-12-13T16:53:15+00:00","dateModified":"2026-03-10T16:14:57+00:00","breadcrumb":{"@id":"https://institucional.ufrrj.br/prefeiturauniversitaria/parques-e-jardins/#breadcrumb"},"inLanguage":"pt-BR","potentialAction":[{"@type":"ReadAction","target":["https://institucional.ufrrj.br/prefeiturauniversitaria/parques-e-jardins/"]}]},{"@type":"ImageObject","inLanguage":"pt-BR","@id":"https://institucional.ufrrj.br/prefeiturauniversitaria/parques-e-jardins/#primaryimage","url":"https://institucional.ufrrj.br/prefeiturauniversitaria/files/2025/09/Comunitarios-1.jpg","contentUrl":"https://institucional.ufrrj.br/prefeiturauniversitaria/files/2025/09/Comunitarios-1.jpg","width":285,"height":285},{"@type":"BreadcrumbList","@id":"https://institucional.ufrrj.br/prefeiturauniversitaria/parques-e-jardins/#breadcrumb","itemListElement":[{"@type":"ListItem","position":1,"name":"Início","item":"https://institucional.ufrrj.br/prefeiturauniversitaria/"},{"@type":"ListItem","position":2,"name":"Parques e Jardins"}]},{"@type":"WebSite","@id":"https://institucional.ufrrj.br/prefeiturauniversitaria/#website","url":"https://institucional.ufrrj.br/prefeiturauniversitaria/","name":"Prefeitura Universitária","description":"CAMPUS SEROPÉDICA – UFRRJ","potentialAction":[{"@type":"SearchAction","target":{"@type":"EntryPoint","urlTemplate":"https://institucional.ufrrj.br/prefeiturauniversitaria/?s={search_term_string}"},"query-input":{"@type":"PropertyValueSpecification","valueRequired":true,"valueName":"search_term_string"}}],"inLanguage":"pt-BR"}]}</script>
<!-- / Yoast SEO plugin. -->

Parques e Jardins - Prefeitura Universitária

Setor de Parques e Jardins – UFRRJ O Setor de Parques e Jardins da UFRRJ é responsável pela manutenção, conservação ... leia mais

Prefeitura Universitária

Início

CAMPUS SEROPÉDICA – UFRRJ
