{"id":908,"date":"2011-09-14T11:31:57","date_gmt":"2011-09-14T14:31:57","guid":{"rendered":"http:\/\/r1.ufrrj.br\/cpda\/?page_id=908"},"modified":"2021-09-17T18:44:06","modified_gmt":"2021-09-17T21:44:06","slug":"infraestrutura","status":"publish","type":"page","link":"https:\/\/institucional.ufrrj.br\/portalcpda\/infraestrutura\/","title":{"rendered":"Infraestrutura"},"content":{"rendered":"<hr \/>\n<p>&nbsp;<\/p>\n<p>O CPDA ocupa 5 andares de um edif\u00edcio na Av. Presidente Vargas, no Centro do Rio de Janeiro.<\/p>\n<p><strong>Sexto andar:<\/strong><\/p>\n<ul>\n<li>Tr\u00eas salas de aula<\/li>\n<li>Um audit\u00f3rio (capacidade para 90 pessoas)<\/li>\n<li>Sala de Defesas <a href=\"https:\/\/institucional.ufrrj.br\/portalcpda\/professor-joao-carlos-duarte\/\"><span style=\"color: #000000\">Professor Jo\u00e3o Carlos Duarte<\/span><\/a> (capacidade para 30 pessoas)<\/li>\n<li>Sala da Coordena\u00e7\u00e3o do CPDA<\/li>\n<li>Sala da Secretaria da Coordena\u00e7\u00e3o<\/li>\n<li>Sala da Secretaria Acad\u00eamica<\/li>\n<li>Sala de Conviv\u00eancia dos Alunos, com disponibilidade de computadores e impressoras<\/li>\n<\/ul>\n<p><strong>S\u00e9timo andar:<\/strong><\/p>\n<ul>\n<li>Biblioteca &#8211; Centro de Documenta\u00e7\u00e3o <a title=\"Ivan de Otero Ribeiro\" href=\"http:\/\/r1.ufrrj.br\/cpda\/biblioteca\/ivan-de-otero-ribeiro\/\" rel=\"nofollow\"><span style=\"color: #000000\">Ivan de Otero Ribeiro<\/span><\/a><\/li>\n<li><span style=\"color: #000000\">Acervo do <a href=\"http:\/\/r1.ufrrj.br\/cpda\/nms\/\" target=\"_blank\" rel=\"nofollow noopener noreferrer\">N\u00facleo de Pesquisa, Documenta\u00e7\u00e3o e Refer\u00eancia sobre Movimentos Sociais e Pol\u00edticas P\u00fablicas no Campo<\/a><\/span><\/li>\n<li><span style=\"color: #000000\">Acervo do <a href=\"http:\/\/www.ufrrj.br\/cpda\/ceresan\/\" target=\"_blank\" rel=\"nofollow noopener noreferrer\">Ceresan<\/a> (<a href=\"http:\/\/www.ufrrj.br\/cpda\/ceresan\/\" target=\"_blank\" rel=\"noopener noreferrer\">Centro de Refer\u00eancia em Seguran\u00e7a Alimentar e Nutricional<\/a>)<\/span><\/li>\n<li><span style=\"color: #000000\">Acervo Maria Yedda Leite Linhares (Hist\u00f3ria Agr\u00e1ria e Rela\u00e7\u00f5es Internacionais)<\/span><\/li>\n<li>Salas de Estudos individuais<\/li>\n<\/ul>\n<p><strong>Oitavo andar:<\/strong><\/p>\n<ul>\n<li>Salas de Professores<\/li>\n<li>Sala de Professores Visitantes e P\u00f3s-Docs<\/li>\n<li>Salas de Grupos de Pesquisa<\/li>\n<li>Sala de Reuni\u00f5es<\/li>\n<\/ul>\n<p><strong>Nono andar:<\/strong><\/p>\n<ul>\n<li>Salas de Professores<\/li>\n<li>Salas de Grupos de Pesquisa<\/li>\n<li>Sala de Reuni\u00f5es<\/li>\n<li>Sala da Chefia do DDAS<\/li>\n<li>Sala da Secretaria do DDAS<\/li>\n<li>Sala da\u00a0<a href=\"http:\/\/r1.ufrrj.br\/esa\/V2\/ojs\/index.php\/esa\" target=\"_blank\" rel=\"nofollow noopener noreferrer\">Revista Estudos Sociedade e Agricultura<\/a><\/li>\n<\/ul>\n<p><strong>D\u00e9cimo andar:<\/strong><\/p>\n<ul>\n<li>Salas de Professores<\/li>\n<li>Salas de Grupos de Pesquisa<\/li>\n<li>Sala de Professores Visitantes e P\u00f3s-Docs<\/li>\n<\/ul>\n<p>&nbsp;<\/p>\n<p>&nbsp;<\/p>\n<p>&nbsp;<\/p>\n","protected":false},"excerpt":{"rendered":"<p>&nbsp; O CPDA ocupa 5 andares de um edif\u00edcio na Av. Presidente Vargas, no Centro do Rio de Janeiro. Sexto <a class=\"read-more\" href=\"https:\/\/institucional.ufrrj.br\/portalcpda\/infraestrutura\/ \" >&#8230; <span class=\"font-italic\">leia mais <i class=\"fas fa-angle-right\"><\/i><\/span><\/a><\/p>\n","protected":false},"author":634,"featured_media":0,"parent":0,"menu_order":0,"comment_status":"open","ping_status":"open","template":"","meta":{"_acf_changed":false,"footnotes":""},"class_list":["post-908","page","type-page","status-publish","hentry"],"yoast_head":"<!-- This site is optimized with the Yoast SEO plugin v27.2 - https:\/\/yoast.com\/product\/yoast-seo-wordpress\/ -->\n<title>Infraestrutura - CPDA<\/title>\n<meta name=\"robots\" content=\"index, follow, max-snippet:-1, max-image-preview:large, max-video-preview:-1\" \/>\n<link rel=\"canonical\" href=\"https:\/\/institucional.ufrrj.br\/portalcpda\/infraestrutura\/\" \/>\n<meta property=\"og:locale\" content=\"pt_BR\" \/>\n<meta property=\"og:type\" content=\"article\" \/>\n<meta property=\"og:title\" content=\"Infraestrutura - CPDA\" \/>\n<meta property=\"og:description\" content=\"&nbsp; O CPDA ocupa 5 andares de um edif\u00edcio na Av. Presidente Vargas, no Centro do Rio de Janeiro. Sexto ... leia mais\" \/>\n<meta property=\"og:url\" content=\"https:\/\/institucional.ufrrj.br\/portalcpda\/infraestrutura\/\" \/>\n<meta property=\"og:site_name\" content=\"CPDA\" \/>\n<meta property=\"article:modified_time\" content=\"2021-09-17T21:44:06+00:00\" \/>\n<meta name=\"twitter:card\" content=\"summary_large_image\" \/>\n<meta name=\"twitter:label1\" content=\"Est. tempo de leitura\" \/>\n\t<meta name=\"twitter:data1\" content=\"1 minuto\" \/>\n<script type=\"application\/ld+json\" class=\"yoast-schema-graph\">{\"@context\":\"https:\/\/schema.org\",\"@graph\":[{\"@type\":\"WebPage\",\"@id\":\"https:\/\/institucional.ufrrj.br\/portalcpda\/infraestrutura\/\",\"url\":\"https:\/\/institucional.ufrrj.br\/portalcpda\/infraestrutura\/\",\"name\":\"Infraestrutura - CPDA\",\"isPartOf\":{\"@id\":\"https:\/\/institucional.ufrrj.br\/portalcpda\/#website\"},\"datePublished\":\"2011-09-14T14:31:57+00:00\",\"dateModified\":\"2021-09-17T21:44:06+00:00\",\"breadcrumb\":{\"@id\":\"https:\/\/institucional.ufrrj.br\/portalcpda\/infraestrutura\/#breadcrumb\"},\"inLanguage\":\"pt-BR\",\"potentialAction\":[{\"@type\":\"ReadAction\",\"target\":[\"https:\/\/institucional.ufrrj.br\/portalcpda\/infraestrutura\/\"]}]},{\"@type\":\"BreadcrumbList\",\"@id\":\"https:\/\/institucional.ufrrj.br\/portalcpda\/infraestrutura\/#breadcrumb\",\"itemListElement\":[{\"@type\":\"ListItem\",\"position\":1,\"name\":\"In\u00edcio\",\"item\":\"https:\/\/institucional.ufrrj.br\/portalcpda\/\"},{\"@type\":\"ListItem\",\"position\":2,\"name\":\"Infraestrutura\"}]},{\"@type\":\"WebSite\",\"@id\":\"https:\/\/institucional.ufrrj.br\/portalcpda\/#website\",\"url\":\"https:\/\/institucional.ufrrj.br\/portalcpda\/\",\"name\":\"CPDA\",\"description\":\"institucional.ufrrj.br\",\"potentialAction\":[{\"@type\":\"SearchAction\",\"target\":{\"@type\":\"EntryPoint\",\"urlTemplate\":\"https:\/\/institucional.ufrrj.br\/portalcpda\/?s={search_term_string}\"},\"query-input\":{\"@type\":\"PropertyValueSpecification\",\"valueRequired\":true,\"valueName\":\"search_term_string\"}}],\"inLanguage\":\"pt-BR\"}]}<\/script>\n<!-- \/ Yoast SEO plugin. -->","yoast_head_json":{"title":"Infraestrutura - CPDA","robots":{"index":"index","follow":"follow","max-snippet":"max-snippet:-1","max-image-preview":"max-image-preview:large","max-video-preview":"max-video-preview:-1"},"canonical":"https:\/\/institucional.ufrrj.br\/portalcpda\/infraestrutura\/","og_locale":"pt_BR","og_type":"article","og_title":"Infraestrutura - CPDA","og_description":"&nbsp; O CPDA ocupa 5 andares de um edif\u00edcio na Av. Presidente Vargas, no Centro do Rio de Janeiro. Sexto ... leia mais","og_url":"https:\/\/institucional.ufrrj.br\/portalcpda\/infraestrutura\/","og_site_name":"CPDA","article_modified_time":"2021-09-17T21:44:06+00:00","twitter_card":"summary_large_image","twitter_misc":{"Est. tempo de leitura":"1 minuto"},"schema":{"@context":"https:\/\/schema.org","@graph":[{"@type":"WebPage","@id":"https:\/\/institucional.ufrrj.br\/portalcpda\/infraestrutura\/","url":"https:\/\/institucional.ufrrj.br\/portalcpda\/infraestrutura\/","name":"Infraestrutura - CPDA","isPartOf":{"@id":"https:\/\/institucional.ufrrj.br\/portalcpda\/#website"},"datePublished":"2011-09-14T14:31:57+00:00","dateModified":"2021-09-17T21:44:06+00:00","breadcrumb":{"@id":"https:\/\/institucional.ufrrj.br\/portalcpda\/infraestrutura\/#breadcrumb"},"inLanguage":"pt-BR","potentialAction":[{"@type":"ReadAction","target":["https:\/\/institucional.ufrrj.br\/portalcpda\/infraestrutura\/"]}]},{"@type":"BreadcrumbList","@id":"https:\/\/institucional.ufrrj.br\/portalcpda\/infraestrutura\/#breadcrumb","itemListElement":[{"@type":"ListItem","position":1,"name":"In\u00edcio","item":"https:\/\/institucional.ufrrj.br\/portalcpda\/"},{"@type":"ListItem","position":2,"name":"Infraestrutura"}]},{"@type":"WebSite","@id":"https:\/\/institucional.ufrrj.br\/portalcpda\/#website","url":"https:\/\/institucional.ufrrj.br\/portalcpda\/","name":"CPDA","description":"institucional.ufrrj.br","potentialAction":[{"@type":"SearchAction","target":{"@type":"EntryPoint","urlTemplate":"https:\/\/institucional.ufrrj.br\/portalcpda\/?s={search_term_string}"},"query-input":{"@type":"PropertyValueSpecification","valueRequired":true,"valueName":"search_term_string"}}],"inLanguage":"pt-BR"}]}},"acf":[],"_links":{"self":[{"href":"https:\/\/institucional.ufrrj.br\/portalcpda\/wp-json\/wp\/v2\/pages\/908","targetHints":{"allow":["GET"]}}],"collection":[{"href":"https:\/\/institucional.ufrrj.br\/portalcpda\/wp-json\/wp\/v2\/pages"}],"about":[{"href":"https:\/\/institucional.ufrrj.br\/portalcpda\/wp-json\/wp\/v2\/types\/page"}],"author":[{"embeddable":true,"href":"https:\/\/institucional.ufrrj.br\/portalcpda\/wp-json\/wp\/v2\/users\/634"}],"replies":[{"embeddable":true,"href":"https:\/\/institucional.ufrrj.br\/portalcpda\/wp-json\/wp\/v2\/comments?post=908"}],"version-history":[{"count":10,"href":"https:\/\/institucional.ufrrj.br\/portalcpda\/wp-json\/wp\/v2\/pages\/908\/revisions"}],"predecessor-version":[{"id":22050,"href":"https:\/\/institucional.ufrrj.br\/portalcpda\/wp-json\/wp\/v2\/pages\/908\/revisions\/22050"}],"wp:attachment":[{"href":"https:\/\/institucional.ufrrj.br\/portalcpda\/wp-json\/wp\/v2\/media?parent=908"}],"curies":[{"name":"wp","href":"https:\/\/api.w.org\/{rel}","templated":true}]}}