{"id":732,"date":"2011-09-06T17:51:03","date_gmt":"2011-09-06T17:51:03","guid":{"rendered":"http:\/\/r1.ufrrj.br\/cpda\/?page_id=732"},"modified":"2018-09-05T12:20:31","modified_gmt":"2018-09-05T15:20:31","slug":"dissertacoes-mestrado-2004","status":"publish","type":"page","link":"https:\/\/institucional.ufrrj.br\/portalcpda\/dissertacoes-mestrado-2004\/","title":{"rendered":"Disserta\u00e7\u00f5es Mestrado 2004"},"content":{"rendered":"<p>&nbsp;<\/p>\n<p><strong>LUCIANA CALCAGNO OLIVA<br \/>\nO modelo padr\u00e3o de an\u00e1lise de riscos em quest\u00e3o e o surgimento de propostas democr\u00e1tico-deliberativas<\/strong><br \/>\n(Men\u00e7\u00e3o Honrosa do Pr\u00eamio Sober 2004)<\/p>\n<p>Defesa: 13\/02\/2004<br \/>\nOrientador: John Wilkinson (orientador)<\/p>\n<p>&nbsp;<\/p>\n<hr \/>\n<p><strong>REJANE PIRES CALAZANS MATOS<br \/>\nConversas Nordestinas: Celso Furtado e Gilberto Freyre<\/strong><\/p>\n<p>Defesa: 16\/02\/2004<br \/>\nOrientadora: Silvana Gon\u00e7alves de Paula (orientador)<\/p>\n<p>&nbsp;<\/p>\n<hr \/>\n<p><strong>LUZIMAR PAULO PEREIRA<br \/>\nOs andarilhos dos Santos Reis: um estudo etnogr\u00e1fico sobre folia de Reis sistemas de presta\u00e7\u00f5es totais e bairro rural<\/strong><\/p>\n<p>Defesa: 17\/02\/2004<br \/>\nOrientadora: Silvana Gon\u00e7alves de Paula (orientadora)<\/p>\n<p>&nbsp;<\/p>\n<hr \/>\n<p><strong>LUIZ ANTONIO STAUB MAFRA<br \/>\n<a href=\"https:\/\/institucional.ufrrj.br\/portalcpda\/files\/2018\/08\/2004.disserta\u00ba\u00fao.luiz_staub_mafra.pdf\" target=\"_blank\" rel=\"noopener\">O munic\u00edpio da gest\u00e3o de pol\u00edticas locais de seguran\u00e7a alimentar e nutricional<\/a><\/strong><\/p>\n<p>Defesa: 04\/03\/2004<br \/>\nOrientador: Renato S\u00e9rgio Jamil Maluf (orientador)<\/p>\n<p>&nbsp;<\/p>\n<hr \/>\n<p><strong>CARLA VER\u00d4NICA DO NASCIMENTO<br \/>\nInquieta\u00e7\u00f5es liter\u00e1rias na busca por uma sociabilidade feminina no final do s\u00e9culo XIX<\/strong><\/p>\n<p>Defesa: 05\/03\/2004<br \/>\nOrientadora: Eli de F\u00e1tima Napole\u00e3o de Lima (orientadora)<\/p>\n<p>&nbsp;<\/p>\n<hr \/>\n<p><strong>GENY FERREIRA GUIMAR\u00c3ES<br \/>\n<a href=\"https:\/\/institucional.ufrrj.br\/portalcpda\/files\/2018\/08\/2004.disserta\u00ba\u00fao.geny_f_guimaraes.pdf\" target=\"_blank\" rel=\"noopener\">Guaxindiba\/RJ: seria um caso de periferia urbana com identidades rurais?<\/a><\/strong><\/p>\n<p>Defesa: 10\/03\/2004<br \/>\nOrientadora: Eli de F\u00e1tima Napole\u00e3o de Lima (orientadora)<\/p>\n<p>&nbsp;<\/p>\n<hr \/>\n<p><strong>RODRIGO PARANHOS MONTEIRO<br \/>\n<a href=\"https:\/\/institucional.ufrrj.br\/portalcpda\/files\/2018\/08\/2004.disserta\u00ba\u00fao.monteiro_-r_-p.pdf\" target=\"_blank\" rel=\"noopener\">De Fronteira a Territ\u00f3rio \u2013 Agricultura Familiar na Amaz\u00f4nia Ocidental. o caso da forma\u00e7\u00e3o da Bacia Leiteira em Ouro Preto do Oeste, Rond\u00f4nia<\/a><\/strong><\/p>\n<p>Defesa: 17\/03\/2004<br \/>\nOrientador: John Wilkinson (orientador)<\/p>\n<p>&nbsp;<\/p>\n<hr \/>\n<p><strong>ROSANE MARTINS DE OLIVEIRA<br \/>\n<a href=\"https:\/\/institucional.ufrrj.br\/portalcpda\/files\/2018\/08\/2004.disserta\u00ba\u00fao.Rosane-Martins-de-Oliveira.pdf\" target=\"_blank\" rel=\"noopener\">A ciranda de Tarituba: um estudo de caso sobre a concep\u00e7\u00e3o de resgate da tradi\u00e7\u00e3o e da cultura<\/a><\/strong><\/p>\n<p>Defesa: 29\/06\/2004<br \/>\nOrientadora: Silvana Gon\u00e7alves de Paula (orientadora)<\/p>\n<p>&nbsp;<\/p>\n<hr \/>\n<p><strong>CL\u00c1UDIA DOS SANTOS ESP\u00cdNDOLA<br \/>\nComunidade de Cachoeira Grande: De oper\u00e1rios fabris a agricultores familiares assentados<\/strong><\/p>\n<p>Defesa: 07\/07\/2004<br \/>\nOrientador: Luiz Fl\u00e1vio de Carvalho Costa (orientador)<\/p>\n<p>&nbsp;<\/p>\n<hr \/>\n<p><strong>HELENA CAT\u00c3O HENRIQUES FERREIRA<br \/>\n<a href=\"https:\/\/institucional.ufrrj.br\/portalcpda\/files\/2018\/08\/2004.disserta\u00ba\u00fao.helena_catao_ferreira.pdf\" target=\"_blank\" rel=\"noopener\">Redefinindo territ\u00f3rios: Preserva\u00e7\u00e3o e Transforma\u00e7\u00e3o no Aventureiro \u2013 Ilha Grande<\/a><\/strong><\/p>\n<p>Defesa: 17\/08\/2004<br \/>\nOrientadora: Maria Jos\u00e9 Teixeira Carneiro (orientadora)<\/p>\n<p>&nbsp;<\/p>\n<hr \/>\n<p><strong>IVALDO DE SOUSA MOREIRA<br \/>\nAssentamento Padre Josimo Tavares: do sonho ao pesadelo de assentamento modelo<\/strong><\/p>\n<p>Defesa: 23\/08\/2004<br \/>\nOrientadora: Regina Landim Bruno (orientadora)<\/p>\n<p>&nbsp;<\/p>\n<hr \/>\n<p><strong>JO\u00c3O M\u00c1RCIO MENDES PEREIRA<br \/>\nO Modelo de reforma agr\u00e1ria de mercado do Banco Mundial em quest\u00e3o: o debate internacional e o caso brasileiro<\/strong><\/p>\n<p>Defesa: 27\/08\/2004<br \/>\nOrientadora: Leonilde Servolo de Medeiros (orientadora)<\/p>\n<p>&nbsp;<\/p>\n<hr \/>\n<p><strong>ERIKSON TEIXEIRA LIMA<br \/>\nDeterminantes Institucionais das pol\u00edticas de exporta\u00e7\u00e3o no Brasil<\/strong><\/p>\n<p>Defesa: 30\/08\/2004<br \/>\nOrientadora: Ana C\u00e9lia Castro (orientadora)<\/p>\n<p>&nbsp;<\/p>\n<hr \/>\n<p><strong>REGIS DA CUNHA BEL\u00c9M<br \/>\n<a href=\"https:\/\/institucional.ufrrj.br\/portalcpda\/files\/2018\/08\/2004.dissertacao.regis_cunha_belem.pdf\" target=\"_blank\" rel=\"noopener\">Seguro agr\u00edcola subsidiado no Rio Grande do Sul: an\u00e1lise de uma experi\u00eancia em pol\u00edtica p\u00fablica para a agricultura familiar<\/a><\/strong><\/p>\n<p>Defesa: 31\/08\/2004<br \/>\nOrientador: John Wilkinson (orientador)<\/p>\n<p>&nbsp;<\/p>\n<hr \/>\n<p><strong>JOANA TEREZA VAZ DE MOURA<br \/>\nConselho Municipal de Desenvolvimento Rural: Espa\u00e7o de representa\u00e7\u00e3o de interesses da agricultura familiar? Um estudo em Cachoeira de Macacu, RJ<\/strong><\/p>\n<p>Defesa: 31\/08\/2004<br \/>\nOrientadora: Regina \u00c2ngela Landim Bruno (orientadora)<\/p>\n<p>&nbsp;<\/p>\n<hr \/>\n<p><strong>JORGE ANTONIO BOZOTI PASIN<br \/>\n348. O caso Embraer X Bombardier e a intera\u00e7\u00e3o estrat\u00e9gica entre Brasil e Canad\u00e1 na Organiza\u00e7\u00e3o Mundial do Com\u00e9rcio<\/strong><\/p>\n<p>Defesa: 09\/09\/2004<br \/>\nOrientadora: Ana C\u00e9lia Castro (orientadora)<\/p>\n<p>&nbsp;<\/p>\n<hr \/>\n<p><strong>ADRIANO CAMPOLINA DE OLIVEIRA SOARES<br \/>\n<a href=\"https:\/\/institucional.ufrrj.br\/portalcpda\/files\/2018\/08\/2004.disserta\u00ba\u00fao.adriano_campolina_soares.pdf\" target=\"_blank\" rel=\"noopener\">G20: origem, significados e implica\u00e7\u00f5es para a pol\u00edtica comercial brasileira<\/a><\/strong><\/p>\n<p>Defesa: 24\/09\/2004<br \/>\nOrientador: Nelson Giordano Delgado (orientador)<\/p>\n<p>&nbsp;<\/p>\n<p>&nbsp;<\/p>\n","protected":false},"excerpt":{"rendered":"<p>&nbsp; LUCIANA CALCAGNO OLIVA O modelo padr\u00e3o de an\u00e1lise de riscos em quest\u00e3o e o surgimento de propostas democr\u00e1tico-deliberativas (Men\u00e7\u00e3o <a class=\"read-more\" href=\"https:\/\/institucional.ufrrj.br\/portalcpda\/dissertacoes-mestrado-2004\/ \" >&#8230; <span class=\"font-italic\">leia mais <i class=\"fas fa-angle-right\"><\/i><\/span><\/a><\/p>\n","protected":false},"author":634,"featured_media":0,"parent":0,"menu_order":0,"comment_status":"open","ping_status":"open","template":"","meta":{"_acf_changed":false,"footnotes":""},"class_list":["post-732","page","type-page","status-publish","hentry"],"yoast_head":"<!-- This site is optimized with the Yoast SEO plugin v27.2 - https:\/\/yoast.com\/product\/yoast-seo-wordpress\/ -->\n<title>Disserta\u00e7\u00f5es Mestrado 2004 - CPDA<\/title>\n<meta name=\"robots\" content=\"index, follow, max-snippet:-1, max-image-preview:large, max-video-preview:-1\" \/>\n<link rel=\"canonical\" href=\"https:\/\/institucional.ufrrj.br\/portalcpda\/dissertacoes-mestrado-2004\/\" \/>\n<meta property=\"og:locale\" content=\"pt_BR\" \/>\n<meta property=\"og:type\" content=\"article\" \/>\n<meta property=\"og:title\" content=\"Disserta\u00e7\u00f5es Mestrado 2004 - CPDA\" \/>\n<meta property=\"og:description\" content=\"&nbsp; LUCIANA CALCAGNO OLIVA O modelo padr\u00e3o de an\u00e1lise de riscos em quest\u00e3o e o surgimento de propostas democr\u00e1tico-deliberativas (Men\u00e7\u00e3o ... leia mais\" \/>\n<meta property=\"og:url\" content=\"https:\/\/institucional.ufrrj.br\/portalcpda\/dissertacoes-mestrado-2004\/\" \/>\n<meta property=\"og:site_name\" content=\"CPDA\" \/>\n<meta property=\"article:modified_time\" content=\"2018-09-05T15:20:31+00:00\" \/>\n<meta name=\"twitter:card\" content=\"summary_large_image\" \/>\n<meta name=\"twitter:label1\" content=\"Est. tempo de leitura\" \/>\n\t<meta name=\"twitter:data1\" content=\"3 minutos\" \/>\n<script type=\"application\/ld+json\" class=\"yoast-schema-graph\">{\"@context\":\"https:\/\/schema.org\",\"@graph\":[{\"@type\":\"WebPage\",\"@id\":\"https:\/\/institucional.ufrrj.br\/portalcpda\/dissertacoes-mestrado-2004\/\",\"url\":\"https:\/\/institucional.ufrrj.br\/portalcpda\/dissertacoes-mestrado-2004\/\",\"name\":\"Disserta\u00e7\u00f5es Mestrado 2004 - CPDA\",\"isPartOf\":{\"@id\":\"https:\/\/institucional.ufrrj.br\/portalcpda\/#website\"},\"datePublished\":\"2011-09-06T17:51:03+00:00\",\"dateModified\":\"2018-09-05T15:20:31+00:00\",\"breadcrumb\":{\"@id\":\"https:\/\/institucional.ufrrj.br\/portalcpda\/dissertacoes-mestrado-2004\/#breadcrumb\"},\"inLanguage\":\"pt-BR\",\"potentialAction\":[{\"@type\":\"ReadAction\",\"target\":[\"https:\/\/institucional.ufrrj.br\/portalcpda\/dissertacoes-mestrado-2004\/\"]}]},{\"@type\":\"BreadcrumbList\",\"@id\":\"https:\/\/institucional.ufrrj.br\/portalcpda\/dissertacoes-mestrado-2004\/#breadcrumb\",\"itemListElement\":[{\"@type\":\"ListItem\",\"position\":1,\"name\":\"In\u00edcio\",\"item\":\"https:\/\/institucional.ufrrj.br\/portalcpda\/\"},{\"@type\":\"ListItem\",\"position\":2,\"name\":\"Disserta\u00e7\u00f5es Mestrado 2004\"}]},{\"@type\":\"WebSite\",\"@id\":\"https:\/\/institucional.ufrrj.br\/portalcpda\/#website\",\"url\":\"https:\/\/institucional.ufrrj.br\/portalcpda\/\",\"name\":\"CPDA\",\"description\":\"institucional.ufrrj.br\",\"potentialAction\":[{\"@type\":\"SearchAction\",\"target\":{\"@type\":\"EntryPoint\",\"urlTemplate\":\"https:\/\/institucional.ufrrj.br\/portalcpda\/?s={search_term_string}\"},\"query-input\":{\"@type\":\"PropertyValueSpecification\",\"valueRequired\":true,\"valueName\":\"search_term_string\"}}],\"inLanguage\":\"pt-BR\"}]}<\/script>\n<!-- \/ Yoast SEO plugin. -->","yoast_head_json":{"title":"Disserta\u00e7\u00f5es Mestrado 2004 - CPDA","robots":{"index":"index","follow":"follow","max-snippet":"max-snippet:-1","max-image-preview":"max-image-preview:large","max-video-preview":"max-video-preview:-1"},"canonical":"https:\/\/institucional.ufrrj.br\/portalcpda\/dissertacoes-mestrado-2004\/","og_locale":"pt_BR","og_type":"article","og_title":"Disserta\u00e7\u00f5es Mestrado 2004 - CPDA","og_description":"&nbsp; LUCIANA CALCAGNO OLIVA O modelo padr\u00e3o de an\u00e1lise de riscos em quest\u00e3o e o surgimento de propostas democr\u00e1tico-deliberativas (Men\u00e7\u00e3o ... leia mais","og_url":"https:\/\/institucional.ufrrj.br\/portalcpda\/dissertacoes-mestrado-2004\/","og_site_name":"CPDA","article_modified_time":"2018-09-05T15:20:31+00:00","twitter_card":"summary_large_image","twitter_misc":{"Est. tempo de leitura":"3 minutos"},"schema":{"@context":"https:\/\/schema.org","@graph":[{"@type":"WebPage","@id":"https:\/\/institucional.ufrrj.br\/portalcpda\/dissertacoes-mestrado-2004\/","url":"https:\/\/institucional.ufrrj.br\/portalcpda\/dissertacoes-mestrado-2004\/","name":"Disserta\u00e7\u00f5es Mestrado 2004 - CPDA","isPartOf":{"@id":"https:\/\/institucional.ufrrj.br\/portalcpda\/#website"},"datePublished":"2011-09-06T17:51:03+00:00","dateModified":"2018-09-05T15:20:31+00:00","breadcrumb":{"@id":"https:\/\/institucional.ufrrj.br\/portalcpda\/dissertacoes-mestrado-2004\/#breadcrumb"},"inLanguage":"pt-BR","potentialAction":[{"@type":"ReadAction","target":["https:\/\/institucional.ufrrj.br\/portalcpda\/dissertacoes-mestrado-2004\/"]}]},{"@type":"BreadcrumbList","@id":"https:\/\/institucional.ufrrj.br\/portalcpda\/dissertacoes-mestrado-2004\/#breadcrumb","itemListElement":[{"@type":"ListItem","position":1,"name":"In\u00edcio","item":"https:\/\/institucional.ufrrj.br\/portalcpda\/"},{"@type":"ListItem","position":2,"name":"Disserta\u00e7\u00f5es Mestrado 2004"}]},{"@type":"WebSite","@id":"https:\/\/institucional.ufrrj.br\/portalcpda\/#website","url":"https:\/\/institucional.ufrrj.br\/portalcpda\/","name":"CPDA","description":"institucional.ufrrj.br","potentialAction":[{"@type":"SearchAction","target":{"@type":"EntryPoint","urlTemplate":"https:\/\/institucional.ufrrj.br\/portalcpda\/?s={search_term_string}"},"query-input":{"@type":"PropertyValueSpecification","valueRequired":true,"valueName":"search_term_string"}}],"inLanguage":"pt-BR"}]}},"acf":[],"_links":{"self":[{"href":"https:\/\/institucional.ufrrj.br\/portalcpda\/wp-json\/wp\/v2\/pages\/732","targetHints":{"allow":["GET"]}}],"collection":[{"href":"https:\/\/institucional.ufrrj.br\/portalcpda\/wp-json\/wp\/v2\/pages"}],"about":[{"href":"https:\/\/institucional.ufrrj.br\/portalcpda\/wp-json\/wp\/v2\/types\/page"}],"author":[{"embeddable":true,"href":"https:\/\/institucional.ufrrj.br\/portalcpda\/wp-json\/wp\/v2\/users\/634"}],"replies":[{"embeddable":true,"href":"https:\/\/institucional.ufrrj.br\/portalcpda\/wp-json\/wp\/v2\/comments?post=732"}],"version-history":[{"count":13,"href":"https:\/\/institucional.ufrrj.br\/portalcpda\/wp-json\/wp\/v2\/pages\/732\/revisions"}],"predecessor-version":[{"id":15870,"href":"https:\/\/institucional.ufrrj.br\/portalcpda\/wp-json\/wp\/v2\/pages\/732\/revisions\/15870"}],"wp:attachment":[{"href":"https:\/\/institucional.ufrrj.br\/portalcpda\/wp-json\/wp\/v2\/media?parent=732"}],"curies":[{"name":"wp","href":"https:\/\/api.w.org\/{rel}","templated":true}]}}