{"id":706,"date":"2011-09-06T17:23:37","date_gmt":"2011-09-06T17:23:37","guid":{"rendered":"http:\/\/r1.ufrrj.br\/cpda\/?page_id=706"},"modified":"2018-09-05T12:19:35","modified_gmt":"2018-09-05T15:19:35","slug":"teses-doutorado-2005","status":"publish","type":"page","link":"https:\/\/institucional.ufrrj.br\/portalcpda\/teses-doutorado-2005\/","title":{"rendered":"Teses Doutorado 2005"},"content":{"rendered":"<p>&nbsp;<\/p>\n<p><strong>MARIA FERNANDA DE ALBUQUERQUE COSTA FONSECA<br \/>\n<a href=\"https:\/\/institucional.ufrrj.br\/portalcpda\/files\/2018\/08\/2005.tese_.maria_fernanda.pdf\" target=\"_blank\" rel=\"noopener\">A Institucionaliza\u00e7\u00e3o dos mercados de org\u00e2nicos no mundo e no Brasil: uma interpreta\u00e7\u00e3o<\/a><\/strong><\/p>\n<p>Defesa: 25\/02\/2005<br \/>\nOrientador: John Wilkinson (CPDA\/UFRRJ)<\/p>\n<p>&nbsp;<\/p>\n<hr \/>\n<p><strong>ALAIN PASCOAL KALY<br \/>\n<a href=\"https:\/\/institucional.ufrrj.br\/portalcpda\/files\/2018\/08\/2005.tese_._alain_pascal.pdf\" target=\"_blank\" rel=\"noopener\">Medo, vergonha. Necessidade e protagonismo: os meninos de rua em Salvador\/Bahia-Brasil e em Dacar-Senegal<\/a><\/strong><\/p>\n<p>Defesa: 28\/02\/2005<br \/>\nOrientadora: Silvana Gon\u00e7alves de Paula (CPDA\/UFRRJ)<\/p>\n<p>&nbsp;<\/p>\n<hr \/>\n<p><strong>FERNANDO MIGUEL PALMERIM DE A. ATHAYDE<br \/>\n<a href=\"https:\/\/institucional.ufrrj.br\/portalcpda\/files\/2018\/08\/2005.tese_.fernando_athayde.pdf\" target=\"_blank\" rel=\"noopener\">A teia dos Sonhos. Imagens do romantismo e sociabilidade no cen\u00e1rio da cultura gastron\u00f4mica: Um estudo sobre a Associa\u00e7\u00e3o Erva-Doce<\/a><\/strong><\/p>\n<p>Defesa: 28\/02\/2005<br \/>\nOrientador: Canrobert Costa Neto (CPDA\/UFRRJ)<\/p>\n<p>&nbsp;<\/p>\n<hr \/>\n<p><strong>FABIO MORALES FORERO<br \/>\nO projeto RECA: Uma aproxima\u00e7\u00e3o institucional do desempenho econ\u00f4mico<\/strong><\/p>\n<p>Defesa: 11\/03\/2005<br \/>\nOrientador: Peter Herman May (CPDA\/UFRRJ)<\/p>\n<p>&nbsp;<\/p>\n<hr \/>\n<p><strong>CAMILO TORRES S\u00c1NCHEZ<br \/>\n<a href=\"https:\/\/institucional.ufrrj.br\/portalcpda\/files\/2018\/08\/2005.tese_.camilo_sanchez.pdf\" target=\"_blank\" rel=\"noopener\">O mundo da vida no estu\u00e1rio amaz\u00f4nico: ecologia pol\u00edtica da biodiversidade no arquip\u00e9lago de Bel\u00e9m do Par\u00e1 &#8211; Brasil<\/a><\/strong><\/p>\n<p>Defesa: 17\/05\/2005<br \/>\nOrientador: H\u00e9ctor Alberto Alimonda (CPDA\/UFRRJ)<\/p>\n<p>&nbsp;<\/p>\n<hr \/>\n<p><strong>IN\u00caS CABANILHA DE SOUZA<br \/>\n<a href=\"https:\/\/institucional.ufrrj.br\/portalcpda\/files\/2018\/08\/2005.tese_.ines_cabanilha.pdf\" target=\"_blank\" rel=\"noopener\">Em busca do &#8220;Movimento Puro&#8221;: organiza\u00e7\u00e3o, representa\u00e7\u00e3o e disputa pol\u00edtica local<\/a><\/strong><\/p>\n<p>Defesa: 20\/06\/2005<br \/>\nOrientadora: Leonilde Servolo de Medeiros (CPDA\/UFRRJ)<\/p>\n<p>&nbsp;<\/p>\n<hr \/>\n<p><strong>MAY WADDINGTON TELLES RIBEIRO<br \/>\nUma tribo vai ao mercado \u2013 Os Yawanaw\u00e1: sujeitos ou objetos de processos?<\/strong><\/p>\n<p>Defesa: 01\/08\/2005<br \/>\nOrientador: Jos\u00e9 Augusto P\u00e1dua (CPDA\/UFRRJ)<\/p>\n<p>&nbsp;<\/p>\n<hr \/>\n<p><strong>ZINA ANG\u00c9LICA C\u00c1CERES BENAVIDES<br \/>\n<a href=\"https:\/\/institucional.ufrrj.br\/portalcpda\/files\/2018\/08\/2005.tese_.zina_caceres.pdf\" target=\"_blank\" rel=\"noopener\">Quinoa: A Tradi\u00e7\u00e3o frente ao desafio dos novos mercados de qualidade<\/a><\/strong><\/p>\n<p>Defesa: 05\/08\/2005<br \/>\nOrientador: John Wilkinson (CPDA\/UFRRJ)<\/p>\n<p>&nbsp;<\/p>\n<hr \/>\n<p><strong>MARCO ANTONIO VERARDI FIALHO<br \/>\n<a href=\"https:\/\/institucional.ufrrj.br\/portalcpda\/files\/2018\/08\/2005.tese_.marco_antonio_verardi_filho.pdf\" target=\"_blank\" rel=\"noopener\">Rinc\u00f5es de pobreza e desenvolvimento: interpreta\u00e7\u00f5es sobre comportamento coletivo<\/a><\/strong><br \/>\n(IV Pr\u00eamio Jos\u00e9 Gomes de Silva 2006)<\/p>\n<p>Defesa: 17\/08\/2005 Doutorado<br \/>\nOrientador: Roberto Jos\u00e9 Moreira (CPDA\/UFRRJ)<\/p>\n<p>&nbsp;<\/p>\n<hr \/>\n<p><strong>MARILDA BUELONI PENNA POUBEL<br \/>\n<a href=\"https:\/\/institucional.ufrrj.br\/portalcpda\/files\/2018\/08\/2005.tese_.marilda_poubel.pdf\" target=\"_blank\" rel=\"noopener\">A territorialidade da ocupa\u00e7\u00e3o e utiliza\u00e7\u00e3o da terra e os espa\u00e7os da agricultura familiar no estado do Paran\u00e1<\/a><\/strong><\/p>\n<p>Defesa: 12\/12\/2005<br \/>\nOrientador: Renato S\u00e9rgio Jamil Maluf (CPDA\/UFRRJ)<\/p>\n<p>&nbsp;<\/p>\n<p>&nbsp;<\/p>\n","protected":false},"excerpt":{"rendered":"<p>&nbsp; MARIA FERNANDA DE ALBUQUERQUE COSTA FONSECA A Institucionaliza\u00e7\u00e3o dos mercados de org\u00e2nicos no mundo e no Brasil: uma interpreta\u00e7\u00e3o <a class=\"read-more\" href=\"https:\/\/institucional.ufrrj.br\/portalcpda\/teses-doutorado-2005\/ \" >&#8230; <span class=\"font-italic\">leia mais <i class=\"fas fa-angle-right\"><\/i><\/span><\/a><\/p>\n","protected":false},"author":634,"featured_media":0,"parent":0,"menu_order":0,"comment_status":"open","ping_status":"open","template":"","meta":{"_acf_changed":false,"footnotes":""},"class_list":["post-706","page","type-page","status-publish","hentry"],"yoast_head":"<!-- This site is optimized with the Yoast SEO plugin v27.2 - https:\/\/yoast.com\/product\/yoast-seo-wordpress\/ -->\n<title>Teses Doutorado 2005 - CPDA<\/title>\n<meta name=\"robots\" content=\"index, follow, max-snippet:-1, max-image-preview:large, max-video-preview:-1\" \/>\n<link rel=\"canonical\" href=\"https:\/\/institucional.ufrrj.br\/portalcpda\/teses-doutorado-2005\/\" \/>\n<meta property=\"og:locale\" content=\"pt_BR\" \/>\n<meta property=\"og:type\" content=\"article\" \/>\n<meta property=\"og:title\" content=\"Teses Doutorado 2005 - CPDA\" \/>\n<meta property=\"og:description\" content=\"&nbsp; MARIA FERNANDA DE ALBUQUERQUE COSTA FONSECA A Institucionaliza\u00e7\u00e3o dos mercados de org\u00e2nicos no mundo e no Brasil: uma interpreta\u00e7\u00e3o ... leia mais\" \/>\n<meta property=\"og:url\" content=\"https:\/\/institucional.ufrrj.br\/portalcpda\/teses-doutorado-2005\/\" \/>\n<meta property=\"og:site_name\" content=\"CPDA\" \/>\n<meta property=\"article:modified_time\" content=\"2018-09-05T15:19:35+00:00\" \/>\n<meta name=\"twitter:card\" content=\"summary_large_image\" \/>\n<meta name=\"twitter:label1\" content=\"Est. tempo de leitura\" \/>\n\t<meta name=\"twitter:data1\" content=\"1 minuto\" \/>\n<script type=\"application\/ld+json\" class=\"yoast-schema-graph\">{\"@context\":\"https:\/\/schema.org\",\"@graph\":[{\"@type\":\"WebPage\",\"@id\":\"https:\/\/institucional.ufrrj.br\/portalcpda\/teses-doutorado-2005\/\",\"url\":\"https:\/\/institucional.ufrrj.br\/portalcpda\/teses-doutorado-2005\/\",\"name\":\"Teses Doutorado 2005 - CPDA\",\"isPartOf\":{\"@id\":\"https:\/\/institucional.ufrrj.br\/portalcpda\/#website\"},\"datePublished\":\"2011-09-06T17:23:37+00:00\",\"dateModified\":\"2018-09-05T15:19:35+00:00\",\"breadcrumb\":{\"@id\":\"https:\/\/institucional.ufrrj.br\/portalcpda\/teses-doutorado-2005\/#breadcrumb\"},\"inLanguage\":\"pt-BR\",\"potentialAction\":[{\"@type\":\"ReadAction\",\"target\":[\"https:\/\/institucional.ufrrj.br\/portalcpda\/teses-doutorado-2005\/\"]}]},{\"@type\":\"BreadcrumbList\",\"@id\":\"https:\/\/institucional.ufrrj.br\/portalcpda\/teses-doutorado-2005\/#breadcrumb\",\"itemListElement\":[{\"@type\":\"ListItem\",\"position\":1,\"name\":\"In\u00edcio\",\"item\":\"https:\/\/institucional.ufrrj.br\/portalcpda\/\"},{\"@type\":\"ListItem\",\"position\":2,\"name\":\"Teses Doutorado 2005\"}]},{\"@type\":\"WebSite\",\"@id\":\"https:\/\/institucional.ufrrj.br\/portalcpda\/#website\",\"url\":\"https:\/\/institucional.ufrrj.br\/portalcpda\/\",\"name\":\"CPDA\",\"description\":\"institucional.ufrrj.br\",\"potentialAction\":[{\"@type\":\"SearchAction\",\"target\":{\"@type\":\"EntryPoint\",\"urlTemplate\":\"https:\/\/institucional.ufrrj.br\/portalcpda\/?s={search_term_string}\"},\"query-input\":{\"@type\":\"PropertyValueSpecification\",\"valueRequired\":true,\"valueName\":\"search_term_string\"}}],\"inLanguage\":\"pt-BR\"}]}<\/script>\n<!-- \/ Yoast SEO plugin. -->","yoast_head_json":{"title":"Teses Doutorado 2005 - CPDA","robots":{"index":"index","follow":"follow","max-snippet":"max-snippet:-1","max-image-preview":"max-image-preview:large","max-video-preview":"max-video-preview:-1"},"canonical":"https:\/\/institucional.ufrrj.br\/portalcpda\/teses-doutorado-2005\/","og_locale":"pt_BR","og_type":"article","og_title":"Teses Doutorado 2005 - CPDA","og_description":"&nbsp; MARIA FERNANDA DE ALBUQUERQUE COSTA FONSECA A Institucionaliza\u00e7\u00e3o dos mercados de org\u00e2nicos no mundo e no Brasil: uma interpreta\u00e7\u00e3o ... leia mais","og_url":"https:\/\/institucional.ufrrj.br\/portalcpda\/teses-doutorado-2005\/","og_site_name":"CPDA","article_modified_time":"2018-09-05T15:19:35+00:00","twitter_card":"summary_large_image","twitter_misc":{"Est. tempo de leitura":"1 minuto"},"schema":{"@context":"https:\/\/schema.org","@graph":[{"@type":"WebPage","@id":"https:\/\/institucional.ufrrj.br\/portalcpda\/teses-doutorado-2005\/","url":"https:\/\/institucional.ufrrj.br\/portalcpda\/teses-doutorado-2005\/","name":"Teses Doutorado 2005 - CPDA","isPartOf":{"@id":"https:\/\/institucional.ufrrj.br\/portalcpda\/#website"},"datePublished":"2011-09-06T17:23:37+00:00","dateModified":"2018-09-05T15:19:35+00:00","breadcrumb":{"@id":"https:\/\/institucional.ufrrj.br\/portalcpda\/teses-doutorado-2005\/#breadcrumb"},"inLanguage":"pt-BR","potentialAction":[{"@type":"ReadAction","target":["https:\/\/institucional.ufrrj.br\/portalcpda\/teses-doutorado-2005\/"]}]},{"@type":"BreadcrumbList","@id":"https:\/\/institucional.ufrrj.br\/portalcpda\/teses-doutorado-2005\/#breadcrumb","itemListElement":[{"@type":"ListItem","position":1,"name":"In\u00edcio","item":"https:\/\/institucional.ufrrj.br\/portalcpda\/"},{"@type":"ListItem","position":2,"name":"Teses Doutorado 2005"}]},{"@type":"WebSite","@id":"https:\/\/institucional.ufrrj.br\/portalcpda\/#website","url":"https:\/\/institucional.ufrrj.br\/portalcpda\/","name":"CPDA","description":"institucional.ufrrj.br","potentialAction":[{"@type":"SearchAction","target":{"@type":"EntryPoint","urlTemplate":"https:\/\/institucional.ufrrj.br\/portalcpda\/?s={search_term_string}"},"query-input":{"@type":"PropertyValueSpecification","valueRequired":true,"valueName":"search_term_string"}}],"inLanguage":"pt-BR"}]}},"acf":[],"_links":{"self":[{"href":"https:\/\/institucional.ufrrj.br\/portalcpda\/wp-json\/wp\/v2\/pages\/706","targetHints":{"allow":["GET"]}}],"collection":[{"href":"https:\/\/institucional.ufrrj.br\/portalcpda\/wp-json\/wp\/v2\/pages"}],"about":[{"href":"https:\/\/institucional.ufrrj.br\/portalcpda\/wp-json\/wp\/v2\/types\/page"}],"author":[{"embeddable":true,"href":"https:\/\/institucional.ufrrj.br\/portalcpda\/wp-json\/wp\/v2\/users\/634"}],"replies":[{"embeddable":true,"href":"https:\/\/institucional.ufrrj.br\/portalcpda\/wp-json\/wp\/v2\/comments?post=706"}],"version-history":[{"count":14,"href":"https:\/\/institucional.ufrrj.br\/portalcpda\/wp-json\/wp\/v2\/pages\/706\/revisions"}],"predecessor-version":[{"id":15869,"href":"https:\/\/institucional.ufrrj.br\/portalcpda\/wp-json\/wp\/v2\/pages\/706\/revisions\/15869"}],"wp:attachment":[{"href":"https:\/\/institucional.ufrrj.br\/portalcpda\/wp-json\/wp\/v2\/media?parent=706"}],"curies":[{"name":"wp","href":"https:\/\/api.w.org\/{rel}","templated":true}]}}