{"id":6654,"date":"2015-05-05T11:18:26","date_gmt":"2015-05-05T14:18:26","guid":{"rendered":"http:\/\/r1.ufrrj.br\/cpda\/?page_id=6654"},"modified":"2018-07-27T12:41:08","modified_gmt":"2018-07-27T15:41:08","slug":"dissertacoes-mestrado-2015","status":"publish","type":"page","link":"https:\/\/institucional.ufrrj.br\/portalcpda\/dissertacoes-mestrado-2015\/","title":{"rendered":"Disserta\u00e7\u00f5es Mestrado 2015"},"content":{"rendered":"<p>&nbsp;<\/p>\n<p><strong>IVANA DE PINHO RIBEIRO<\/strong><br \/>\n<a href=\"https:\/\/sucupira.capes.gov.br\/sucupira\/public\/consultas\/coleta\/trabalhoConclusao\/viewTrabalhoConclusao.jsf?popup=true&amp;id_trabalho=2286867\" target=\"_blank\" rel=\"noopener\"><strong>Titula\u00e7\u00e3o de Territ\u00f3rios Quilombolas: a rea\u00e7\u00e3o da Bancada Ruralista<\/strong><\/a><\/p>\n<p>Defesa: 26\/01\/2015<br \/>\nOrientador: Jorge Osvaldo Romano (CPDA\/UFRRJ)<\/p>\n<p>&nbsp;<\/p>\n<hr \/>\n<p><strong>GILSE BARBOSA GUEDES<\/strong><br \/>\n<a href=\"https:\/\/sucupira.capes.gov.br\/sucupira\/public\/consultas\/coleta\/trabalhoConclusao\/viewTrabalhoConclusao.jsf?popup=true&amp;id_trabalho=2356591\" target=\"_blank\" rel=\"noopener\"><strong>Minera\u00e7\u00e3o e movimentos sociais<\/strong><\/a><\/p>\n<p>Defesa: 24\/02\/2015<br \/>\nOrientador: Georges Gerard Flexor (CPDA\/UFRRJ)<\/p>\n<p>&nbsp;<\/p>\n<hr \/>\n<p><strong>CARINA TEIXEIRA DA COSTA MACHADO<\/strong><br \/>\n<a href=\"https:\/\/sucupira.capes.gov.br\/sucupira\/public\/consultas\/coleta\/trabalhoConclusao\/viewTrabalhoConclusao.jsf?popup=true&amp;id_trabalho=2358826\" target=\"_blank\" rel=\"noopener\"><strong>Agricultura familiar, instrumentos de a\u00e7\u00e3o p\u00fablica e o jogo de interesses: uma an\u00e1lise do selo Combust\u00edvel Social<\/strong><\/a><\/p>\n<p>Defesa: 27\/02\/2015<br \/>\nOrientador: Sergio Pereira Leite (CPDA\/UFRRJ)<\/p>\n<p>&nbsp;<\/p>\n<hr \/>\n<p><strong>LEDA AGNES SIMOES DE MELO<\/strong><br \/>\n<a href=\"https:\/\/sucupira.capes.gov.br\/sucupira\/public\/consultas\/coleta\/trabalhoConclusao\/viewTrabalhoConclusao.jsf?popup=true&amp;id_trabalho=2502103\" target=\"_blank\" rel=\"noopener\"><strong>O trabalho em tempos de calamidade: a inspetoria de obras nos campos de concentra\u00e7\u00e3o do Cear\u00e1 (1915 e 1932)<\/strong><\/a><\/p>\n<p>Defesa: 30\/03\/2015<br \/>\nOrientadora: Susana Cesco<\/p>\n<p>&nbsp;<\/p>\n<hr \/>\n<p><strong>THAIS VALVANO<\/strong><br \/>\n<a href=\"https:\/\/sucupira.capes.gov.br\/sucupira\/public\/consultas\/coleta\/trabalhoConclusao\/viewTrabalhoConclusao.jsf?popup=true&amp;id_trabalho=2358825\" target=\"_blank\" rel=\"noopener\"><strong>A vida em risos Mazzaropi e o caipira paulista no Cinema Nacional<\/strong><\/a><\/p>\n<p>Defesa: 30\/03\/2015<br \/>\nOrientadora: Eli de Fatima Napole\u00e3o de Lima (CPDA\/UFRRJ)<\/p>\n<p>&nbsp;<\/p>\n<hr \/>\n<p><strong>THAIS DIAS LUZ BORGES SANTOS<\/strong><br \/>\n<a href=\"https:\/\/sucupira.capes.gov.br\/sucupira\/public\/consultas\/coleta\/trabalhoConclusao\/viewTrabalhoConclusao.jsf?popup=true&amp;id_trabalho=2502308\" target=\"_blank\" rel=\"noopener\"><strong>Voos da espera e da esperan\u00e7a, o bairro Sagrada Fam\u00edlia e as estrat\u00e9gias de perman\u00eancia no sert\u00e3o norte-mineiro<\/strong><\/a><\/p>\n<p>Defesa: 31\/03\/2015<br \/>\nOrientadora: Eli de Fatima Napole\u00e3o de Lima (CPDA\/UFRRJ)<\/p>\n<p>&nbsp;<\/p>\n<hr \/>\n<p><strong>GABRIEL SOUZA BASTOS<\/strong><br \/>\n<a href=\"https:\/\/sucupira.capes.gov.br\/sucupira\/public\/consultas\/coleta\/trabalhoConclusao\/viewTrabalhoConclusao.jsf?popup=true&amp;id_trabalho=2501877\" target=\"_blank\" rel=\"noopener\"><strong>Entre a evas\u00e3o e perman\u00eancia: percep\u00e7\u00f5es do assentamento Francisco Juli\u00e3o<\/strong><\/a><\/p>\n<p>Defesa: 08\/05\/2015<br \/>\nOrientadora: Debora Franco Lerrer (CPDA\/UFRRJ)<\/p>\n<p>&nbsp;<\/p>\n<hr \/>\n<p><strong>BIANCA MOREIRA MARIQUITO NAIME SILVA<\/strong><br \/>\n<a href=\"https:\/\/sucupira.capes.gov.br\/sucupira\/public\/consultas\/coleta\/trabalhoConclusao\/viewTrabalhoConclusao.jsf?popup=true&amp;id_trabalho=2379210\" target=\"_blank\" rel=\"noopener\"><strong>A inser\u00e7\u00e3o dos agricultores familiares nos circuitos de comercializa\u00e7\u00e3o de alimentos: uma an\u00e1lise sobre o caso de Par\u00e1 de Minas<\/strong><\/a><\/p>\n<p>Defesa: 11\/05\/2015<br \/>\nOrientador: Renato Sergio Jamil Maluf (CPDA\/UFRRJ)<\/p>\n<p>&nbsp;<\/p>\n<hr \/>\n<p><strong>RAPHAELLA SANTOS DE SOUZA<\/strong><br \/>\n<a href=\"https:\/\/sucupira.capes.gov.br\/sucupira\/public\/consultas\/coleta\/trabalhoConclusao\/viewTrabalhoConclusao.jsf?popup=true&amp;id_trabalho=2502212\" target=\"_blank\" rel=\"noopener\"><strong>Espa\u00e7o e comunidade em face de grandes projetos p\u00fablicos: o deslocamento involunt\u00e1rio de moradores\/agricultores de Vila das Torres, Madureira (Rio de Janeiro)<\/strong><\/a><\/p>\n<p>Defesa: 12\/05\/2015<br \/>\nOrientador: Renato Sergio Jamil Maluf (CPDA\/UFRRJ)<\/p>\n<p>&nbsp;<\/p>\n<hr \/>\n<p><strong>TAIANA CISCOTTO MARTINS LOURENCO<\/strong><br \/>\n<a href=\"https:\/\/sucupira.capes.gov.br\/sucupira\/public\/consultas\/coleta\/trabalhoConclusao\/viewTrabalhoConclusao.jsf?popup=true&amp;id_trabalho=2502226\" target=\"_blank\" rel=\"noopener\"><strong>Discursos e condicionantes: uma an\u00e1lise das recentes mudan\u00e7as sobre o trabalho e a condi\u00e7\u00e3o dos cortadores de cana de Piracicaba<\/strong><\/a><\/p>\n<p>Defesa: 13\/05\/2015<br \/>\nOrientador: John Wilkinson (CPDA\/UFRRJ)<\/p>\n<p>&nbsp;<\/p>\n<hr \/>\n<p><strong>JANILLE CAMPOS MAIA<\/strong><br \/>\n<a href=\"https:\/\/sucupira.capes.gov.br\/sucupira\/public\/consultas\/coleta\/trabalhoConclusao\/viewTrabalhoConclusao.jsf?popup=true&amp;id_trabalho=2502088\" target=\"_blank\" rel=\"noopener\"><strong>Exilados da fome: seca e migra\u00e7\u00e3o no Cear\u00e1 oitocentista<\/strong><\/a><\/p>\n<p>Defesa: 18\/05\/2015<br \/>\nOrientador: Hector Alberto Alimonda (CPDA\/UFRRJ)<\/p>\n<p>&nbsp;<\/p>\n<hr \/>\n<p><strong>CRISTIANE VALLADARES DE AZEVEDO<\/strong><br \/>\n<a href=\"https:\/\/sucupira.capes.gov.br\/sucupira\/public\/consultas\/coleta\/trabalhoConclusao\/viewTrabalhoConclusao.jsf?popup=true&amp;id_trabalho=2534319\" target=\"_blank\" rel=\"noopener\"><strong>Agricultura, mem\u00f3ria, paisagem e turismo: as perspectivas de constru\u00e7\u00e3o de novas ruralidades no assentamento rural Fazenda Engenho Novo<\/strong><\/a><\/p>\n<p>Defesa: 19\/05\/2015<br \/>\nOrientadora: Susana Cesco<\/p>\n<p>&nbsp;<\/p>\n<hr \/>\n<p><strong>GEISE ASSIS<\/strong><br \/>\n<a href=\"https:\/\/sucupira.capes.gov.br\/sucupira\/public\/consultas\/coleta\/trabalhoConclusao\/viewTrabalhoConclusao.jsf?popup=true&amp;id_trabalho=2501942\" target=\"_blank\" rel=\"noopener\"><strong>Cons\u00f3rcio p\u00fablico e arranjos institucionais de desenvolvimento territorial no Meio Oeste Contestado: coopera\u00e7\u00e3o ou competi\u00e7\u00e3o?<\/strong><\/a><\/p>\n<p>Defesa: 26\/05\/2015<br \/>\nOrientador: Nelson Giordano Delgado (CPDA\/UFRRJ)<\/p>\n<p>&nbsp;<\/p>\n<hr \/>\n<p><strong>LEANDRO CABRAL DE ALMEIDA<\/strong><br \/>\n<a href=\"https:\/\/sucupira.capes.gov.br\/sucupira\/public\/consultas\/coleta\/trabalhoConclusao\/viewTrabalhoConclusao.jsf?popup=true&amp;id_trabalho=2680814\" target=\"_blank\" rel=\"noopener\"><strong>O sindicalismo agr\u00e1rio do Partido Comunista Brasileiro \u2013 um estudo sobre media\u00e7\u00e3o e cultura pol\u00edtica<\/strong><\/a><\/p>\n<p>Defesa: 28\/05\/2015<br \/>\nOrientador: Raimundo Santos (CPDA\/UFRRJ)<\/p>\n<p>&nbsp;<\/p>\n<hr \/>\n<p><strong>LUCIANE CRISTINA FERRARETO<\/strong><br \/>\n<a href=\"https:\/\/sucupira.capes.gov.br\/sucupira\/public\/consultas\/coleta\/trabalhoConclusao\/viewTrabalhoConclusao.jsf?popup=true&amp;id_trabalho=2519951\" target=\"_blank\" rel=\"noopener\"><strong>A agricultura urbana e suas m\u00faltiplas fun\u00e7\u00f5es: a experi\u00eancia do programa lavoura da prefeitura de Curitiba-PR<\/strong><\/a><\/p>\n<p>Defesa: 02\/06\/2015<br \/>\nOrientador: Renato Sergio Jamil Maluf (CPDA\/UFRRJ)<\/p>\n<p>&nbsp;<\/p>\n<hr \/>\n<p><strong>RENATA BEZERRA MILANES<\/strong><br \/>\n<a href=\"https:\/\/sucupira.capes.gov.br\/sucupira\/public\/consultas\/coleta\/trabalhoConclusao\/viewTrabalhoConclusao.jsf?popup=true&amp;id_trabalho=2833739\" target=\"_blank\" rel=\"noopener\"><strong>Costurando roupas e ro\u00e7ados: as linhas que tecem trabalho e g\u00eanero no Agreste Pernambucano<\/strong><\/a><\/p>\n<p>Defesa: 03\/06\/2015<br \/>\nOrientadora: Maria Jos\u00e9 Teixeira Carneiro (CPDA\/UFRRJ)<\/p>\n<p>&nbsp;<\/p>\n<hr \/>\n<p><strong>FREDERICO MAGALHAES SIMAN<\/strong><br \/>\n<a href=\"https:\/\/sucupira.capes.gov.br\/sucupira\/public\/consultas\/coleta\/trabalhoConclusao\/viewTrabalhoConclusao.jsf?popup=true&amp;id_trabalho=2677460\" target=\"_blank\" rel=\"noopener\"><strong>Nas matas de Pe\u00e7anha: campesinato e fomento florestal no processo de mudan\u00e7a agroambiental<\/strong><\/a><\/p>\n<p>Defesa: 24\/08\/2015<br \/>\nOrientador: Andrey Cordeiro Ferreira (CPDA\/UFRRJ)<\/p>\n<p>&nbsp;<\/p>\n<hr \/>\n<p><strong>LUIZA MUCCILO BICA DE BARCELLOS<\/strong><br \/>\n<a href=\"https:\/\/sucupira.capes.gov.br\/sucupira\/public\/consultas\/coleta\/trabalhoConclusao\/viewTrabalhoConclusao.jsf?popup=true&amp;id_trabalho=4204843\" target=\"_blank\" rel=\"noopener\"><strong>A institucionalidade dos fundos ind\u00edgenas Kayap\u00f3 e Paiter Suru\u00ed: campesinato e fomento florestal no processo de mudan\u00e7a agroambiental<\/strong><\/a><\/p>\n<p>Defesa: 26\/08\/2015<br \/>\nOrientador: Peter May (CPDA\/UFRRJ)<\/p>\n<p>&nbsp;<\/p>\n<hr \/>\n<p><strong>TARCIO LEAL PEREIRA<\/strong><br \/>\n<a href=\"https:\/\/sucupira.capes.gov.br\/sucupira\/public\/consultas\/coleta\/trabalhoConclusao\/viewTrabalhoConclusao.jsf?popup=true&amp;id_trabalho=2677661\" target=\"_blank\" rel=\"noopener\"><strong>Prepara\u00e7\u00e3o de militantes no Curso de Extens\u00e3o\/Especializa\u00e7\u00e3o Energia e Sociedade no Capitalismo Contempor\u00e2neo da Universidade Federal do Rio de Janeiro<\/strong><\/a><\/p>\n<p>Defesa: 28\/08\/2015<br \/>\nOrientador: Raimundo Santos (CPDA\/UFRRJ)<\/p>\n<p>&nbsp;<\/p>\n<hr \/>\n<p><strong>HELENA RODRIGUES LOPES<\/strong><br \/>\n<a href=\"https:\/\/sucupira.capes.gov.br\/sucupira\/public\/consultas\/coleta\/trabalhoConclusao\/viewTrabalhoConclusao.jsf?popup=true&amp;id_trabalho=2833426\" target=\"_blank\" rel=\"noopener\"><strong>Agrot\u00f3xicos no cotidiano dos agricultores familiares produtores de oler\u00edcolas na regi\u00e3o de Barbacena\/MG: pr\u00e1ticas, legitima\u00e7\u00e3o e incertezas<\/strong><\/a><\/p>\n<p>Defesa: 31\/08\/2015<br \/>\nOrientadora: Claudia Job Schmitt (CPDA\/UFRRJ)<\/p>\n<p>&nbsp;<\/p>\n<hr \/>\n<p><strong>ALISSON THIAGO MALDANER<\/strong><br \/>\n<a href=\"https:\/\/sucupira.capes.gov.br\/sucupira\/public\/consultas\/coleta\/trabalhoConclusao\/viewTrabalhoConclusao.jsf?popup=true&amp;id_trabalho=2678211\" target=\"_blank\" rel=\"noopener\"><strong>De express\u00e3o a conceito: fun\u00e7\u00e3o social e fun\u00e7\u00e3o social da propriedade no Brasil de 1870 a 1934<\/strong><\/a><\/p>\n<p>Defesa: 14\/09\/2015<br \/>\nOrientador: Roberto Jos\u00e9 Moreira (CPDA\/UFRRJ)<\/p>\n<p>&nbsp;<\/p>\n<hr \/>\n<p><strong>LUCIANA GAMA MUNIZ<\/strong><br \/>\n<a href=\"https:\/\/sucupira.capes.gov.br\/sucupira\/public\/consultas\/coleta\/trabalhoConclusao\/viewTrabalhoConclusao.jsf?popup=true&amp;id_trabalho=2680424\" target=\"_blank\" rel=\"noopener\"><strong>Seguran\u00e7a alimentar na China: oportunidades e impactos para o Brasil<\/strong><\/a><\/p>\n<p>Defesa: 24\/09\/2015<br \/>\nOrientador: John Wilkinson (CPDA\/UFRRJ)<\/p>\n<p>&nbsp;<\/p>\n<hr \/>\n<p><strong>ISIS LEITE FERREIRA<\/strong><br \/>\n<a href=\"https:\/\/sucupira.capes.gov.br\/sucupira\/public\/consultas\/coleta\/trabalhoConclusao\/viewTrabalhoConclusao.jsf?popup=true&amp;id_trabalho=2680544\" target=\"_blank\" rel=\"noopener\"><strong>Redes alternativas de produ\u00e7\u00e3o e consumo de alimentos: estudo de caso do Movimento de Integra\u00e7\u00e3o Campo-Cidade (MICC\/SP)<\/strong><\/a><\/p>\n<p>Defesa: 02\/10\/2015<br \/>\nOrientadora: F\u00e1tima Portilho (CPDA\/UFRRJ)<\/p>\n<p>&nbsp;<\/p>\n<hr \/>\n<p><strong>ANDRE COSTA ALVARENGA<\/strong><br \/>\n<a href=\"https:\/\/sucupira.capes.gov.br\/sucupira\/public\/consultas\/coleta\/trabalhoConclusao\/viewTrabalhoConclusao.jsf?popup=true&amp;id_trabalho=2680774\" target=\"_blank\" rel=\"noopener\"><strong>O PRONAF na Antropologia, Economia, Geografia E Sociologia: uma revis\u00e3o sistem\u00e1tica da produ\u00e7\u00e3o bibliogr\u00e1fica (2007 a 2014)<\/strong><\/a><\/p>\n<p>Defesa: 13\/11\/2015<br \/>\nOrientadora: Maria Jos\u00e9 Teixeira Carneiro (CPDA\/UFRRJ)<\/p>\n<p>&nbsp;<br \/>\n&nbsp;<\/p>\n","protected":false},"excerpt":{"rendered":"<p>&nbsp; IVANA DE PINHO RIBEIRO Titula\u00e7\u00e3o de Territ\u00f3rios Quilombolas: a rea\u00e7\u00e3o da Bancada Ruralista Defesa: 26\/01\/2015 Orientador: Jorge Osvaldo Romano <a class=\"read-more\" href=\"https:\/\/institucional.ufrrj.br\/portalcpda\/dissertacoes-mestrado-2015\/ \" >&#8230; <span class=\"font-italic\">leia mais <i class=\"fas fa-angle-right\"><\/i><\/span><\/a><\/p>\n","protected":false},"author":634,"featured_media":0,"parent":0,"menu_order":0,"comment_status":"open","ping_status":"open","template":"","meta":{"_acf_changed":false,"footnotes":""},"class_list":["post-6654","page","type-page","status-publish","hentry"],"yoast_head":"<!-- This site is optimized with the Yoast SEO plugin v27.2 - https:\/\/yoast.com\/product\/yoast-seo-wordpress\/ -->\n<title>Disserta\u00e7\u00f5es Mestrado 2015 - CPDA<\/title>\n<meta name=\"robots\" content=\"index, follow, max-snippet:-1, max-image-preview:large, max-video-preview:-1\" \/>\n<link rel=\"canonical\" href=\"https:\/\/institucional.ufrrj.br\/portalcpda\/dissertacoes-mestrado-2015\/\" \/>\n<meta property=\"og:locale\" content=\"pt_BR\" \/>\n<meta property=\"og:type\" content=\"article\" \/>\n<meta property=\"og:title\" content=\"Disserta\u00e7\u00f5es Mestrado 2015 - CPDA\" \/>\n<meta property=\"og:description\" content=\"&nbsp; IVANA DE PINHO RIBEIRO Titula\u00e7\u00e3o de Territ\u00f3rios Quilombolas: a rea\u00e7\u00e3o da Bancada Ruralista Defesa: 26\/01\/2015 Orientador: Jorge Osvaldo Romano ... leia mais\" \/>\n<meta property=\"og:url\" content=\"https:\/\/institucional.ufrrj.br\/portalcpda\/dissertacoes-mestrado-2015\/\" \/>\n<meta property=\"og:site_name\" content=\"CPDA\" \/>\n<meta property=\"article:modified_time\" content=\"2018-07-27T15:41:08+00:00\" \/>\n<meta name=\"twitter:card\" content=\"summary_large_image\" \/>\n<meta name=\"twitter:label1\" content=\"Est. tempo de leitura\" \/>\n\t<meta name=\"twitter:data1\" content=\"4 minutos\" \/>\n<script type=\"application\/ld+json\" class=\"yoast-schema-graph\">{\"@context\":\"https:\/\/schema.org\",\"@graph\":[{\"@type\":\"WebPage\",\"@id\":\"https:\/\/institucional.ufrrj.br\/portalcpda\/dissertacoes-mestrado-2015\/\",\"url\":\"https:\/\/institucional.ufrrj.br\/portalcpda\/dissertacoes-mestrado-2015\/\",\"name\":\"Disserta\u00e7\u00f5es Mestrado 2015 - CPDA\",\"isPartOf\":{\"@id\":\"https:\/\/institucional.ufrrj.br\/portalcpda\/#website\"},\"datePublished\":\"2015-05-05T14:18:26+00:00\",\"dateModified\":\"2018-07-27T15:41:08+00:00\",\"breadcrumb\":{\"@id\":\"https:\/\/institucional.ufrrj.br\/portalcpda\/dissertacoes-mestrado-2015\/#breadcrumb\"},\"inLanguage\":\"pt-BR\",\"potentialAction\":[{\"@type\":\"ReadAction\",\"target\":[\"https:\/\/institucional.ufrrj.br\/portalcpda\/dissertacoes-mestrado-2015\/\"]}]},{\"@type\":\"BreadcrumbList\",\"@id\":\"https:\/\/institucional.ufrrj.br\/portalcpda\/dissertacoes-mestrado-2015\/#breadcrumb\",\"itemListElement\":[{\"@type\":\"ListItem\",\"position\":1,\"name\":\"In\u00edcio\",\"item\":\"https:\/\/institucional.ufrrj.br\/portalcpda\/\"},{\"@type\":\"ListItem\",\"position\":2,\"name\":\"Disserta\u00e7\u00f5es Mestrado 2015\"}]},{\"@type\":\"WebSite\",\"@id\":\"https:\/\/institucional.ufrrj.br\/portalcpda\/#website\",\"url\":\"https:\/\/institucional.ufrrj.br\/portalcpda\/\",\"name\":\"CPDA\",\"description\":\"institucional.ufrrj.br\",\"potentialAction\":[{\"@type\":\"SearchAction\",\"target\":{\"@type\":\"EntryPoint\",\"urlTemplate\":\"https:\/\/institucional.ufrrj.br\/portalcpda\/?s={search_term_string}\"},\"query-input\":{\"@type\":\"PropertyValueSpecification\",\"valueRequired\":true,\"valueName\":\"search_term_string\"}}],\"inLanguage\":\"pt-BR\"}]}<\/script>\n<!-- \/ Yoast SEO plugin. -->","yoast_head_json":{"title":"Disserta\u00e7\u00f5es Mestrado 2015 - CPDA","robots":{"index":"index","follow":"follow","max-snippet":"max-snippet:-1","max-image-preview":"max-image-preview:large","max-video-preview":"max-video-preview:-1"},"canonical":"https:\/\/institucional.ufrrj.br\/portalcpda\/dissertacoes-mestrado-2015\/","og_locale":"pt_BR","og_type":"article","og_title":"Disserta\u00e7\u00f5es Mestrado 2015 - CPDA","og_description":"&nbsp; IVANA DE PINHO RIBEIRO Titula\u00e7\u00e3o de Territ\u00f3rios Quilombolas: a rea\u00e7\u00e3o da Bancada Ruralista Defesa: 26\/01\/2015 Orientador: Jorge Osvaldo Romano ... leia mais","og_url":"https:\/\/institucional.ufrrj.br\/portalcpda\/dissertacoes-mestrado-2015\/","og_site_name":"CPDA","article_modified_time":"2018-07-27T15:41:08+00:00","twitter_card":"summary_large_image","twitter_misc":{"Est. tempo de leitura":"4 minutos"},"schema":{"@context":"https:\/\/schema.org","@graph":[{"@type":"WebPage","@id":"https:\/\/institucional.ufrrj.br\/portalcpda\/dissertacoes-mestrado-2015\/","url":"https:\/\/institucional.ufrrj.br\/portalcpda\/dissertacoes-mestrado-2015\/","name":"Disserta\u00e7\u00f5es Mestrado 2015 - CPDA","isPartOf":{"@id":"https:\/\/institucional.ufrrj.br\/portalcpda\/#website"},"datePublished":"2015-05-05T14:18:26+00:00","dateModified":"2018-07-27T15:41:08+00:00","breadcrumb":{"@id":"https:\/\/institucional.ufrrj.br\/portalcpda\/dissertacoes-mestrado-2015\/#breadcrumb"},"inLanguage":"pt-BR","potentialAction":[{"@type":"ReadAction","target":["https:\/\/institucional.ufrrj.br\/portalcpda\/dissertacoes-mestrado-2015\/"]}]},{"@type":"BreadcrumbList","@id":"https:\/\/institucional.ufrrj.br\/portalcpda\/dissertacoes-mestrado-2015\/#breadcrumb","itemListElement":[{"@type":"ListItem","position":1,"name":"In\u00edcio","item":"https:\/\/institucional.ufrrj.br\/portalcpda\/"},{"@type":"ListItem","position":2,"name":"Disserta\u00e7\u00f5es Mestrado 2015"}]},{"@type":"WebSite","@id":"https:\/\/institucional.ufrrj.br\/portalcpda\/#website","url":"https:\/\/institucional.ufrrj.br\/portalcpda\/","name":"CPDA","description":"institucional.ufrrj.br","potentialAction":[{"@type":"SearchAction","target":{"@type":"EntryPoint","urlTemplate":"https:\/\/institucional.ufrrj.br\/portalcpda\/?s={search_term_string}"},"query-input":{"@type":"PropertyValueSpecification","valueRequired":true,"valueName":"search_term_string"}}],"inLanguage":"pt-BR"}]}},"acf":[],"_links":{"self":[{"href":"https:\/\/institucional.ufrrj.br\/portalcpda\/wp-json\/wp\/v2\/pages\/6654","targetHints":{"allow":["GET"]}}],"collection":[{"href":"https:\/\/institucional.ufrrj.br\/portalcpda\/wp-json\/wp\/v2\/pages"}],"about":[{"href":"https:\/\/institucional.ufrrj.br\/portalcpda\/wp-json\/wp\/v2\/types\/page"}],"author":[{"embeddable":true,"href":"https:\/\/institucional.ufrrj.br\/portalcpda\/wp-json\/wp\/v2\/users\/634"}],"replies":[{"embeddable":true,"href":"https:\/\/institucional.ufrrj.br\/portalcpda\/wp-json\/wp\/v2\/comments?post=6654"}],"version-history":[{"count":8,"href":"https:\/\/institucional.ufrrj.br\/portalcpda\/wp-json\/wp\/v2\/pages\/6654\/revisions"}],"predecessor-version":[{"id":14767,"href":"https:\/\/institucional.ufrrj.br\/portalcpda\/wp-json\/wp\/v2\/pages\/6654\/revisions\/14767"}],"wp:attachment":[{"href":"https:\/\/institucional.ufrrj.br\/portalcpda\/wp-json\/wp\/v2\/media?parent=6654"}],"curies":[{"name":"wp","href":"https:\/\/api.w.org\/{rel}","templated":true}]}}