{"id":5123,"date":"2014-10-13T13:31:07","date_gmt":"2014-10-13T16:31:07","guid":{"rendered":"http:\/\/r1.ufrrj.br\/cpda\/?page_id=5123"},"modified":"2018-09-05T12:07:26","modified_gmt":"2018-09-05T15:07:26","slug":"dissertacoes-mestrado-2014","status":"publish","type":"page","link":"https:\/\/institucional.ufrrj.br\/portalcpda\/dissertacoes-mestrado-2014\/","title":{"rendered":"Disserta\u00e7\u00f5es Mestrado 2014"},"content":{"rendered":"<p>&nbsp;<\/p>\n<p><strong>GEMILSON SOARES DA SILVA SEGUNDO<\/strong><br \/>\n<a href=\"https:\/\/sucupira.capes.gov.br\/sucupira\/public\/consultas\/coleta\/trabalhoConclusao\/viewTrabalhoConclusao.jsf?popup=true&amp;id_trabalho=1618150\" target=\"_blank\" rel=\"noopener\"><strong>O caso do PAA em Montes Claros \u2013 MG: an\u00e1lise do programa de aquisi\u00e7\u00e3o de alimentos sob a \u00f3tica das institui\u00e7\u00f5es proponentes<\/strong><\/a><\/p>\n<p>Defesa: 04\/02\/2014<br \/>\nOrientador: Sergio Pereira Leite (CPDA\/UFRRJ)<\/p>\n<p>&nbsp;<\/p>\n<hr \/>\n<p><strong>VANESSA DE SOUZA PEREIRA<\/strong><br \/>\n<a href=\"https:\/\/sucupira.capes.gov.br\/sucupira\/public\/consultas\/coleta\/trabalhoConclusao\/viewTrabalhoConclusao.jsf?popup=true&amp;id_trabalho=234235\" target=\"_blank\" rel=\"noopener\"><strong>A constru\u00e7\u00e3o social dos padr\u00f5es socioambientais para os biocombust\u00edveis: estudo de caso da Roundtable on Sustainable Biomaterials<\/strong><\/a><\/p>\n<p>Defesa: 11\/03\/2014<br \/>\nOrientador: Peter May (CPDA\/UFRRJ)<\/p>\n<p>&nbsp;<\/p>\n<hr \/>\n<p><strong>AILTON FERNANDES DA ROSA JUNIOR<\/strong><br \/>\n<a href=\"https:\/\/sucupira.capes.gov.br\/sucupira\/public\/consultas\/coleta\/trabalhoConclusao\/viewTrabalhoConclusao.jsf?popup=true&amp;id_trabalho=514315\" target=\"_blank\" rel=\"noopener\"><strong>Em \u00e1guas turvas: homens livres pobres no Vale do Macacu oitocentista<\/strong><\/a><\/p>\n<p>Defesa: 20\/03\/2014<br \/>\nOrientadora: Susana Cesco<\/p>\n<p>&nbsp;<\/p>\n<hr \/>\n<p><strong>ANNA ROSA MARIA LOPANE<\/strong><br \/>\n<a href=\"https:\/\/sucupira.capes.gov.br\/sucupira\/public\/consultas\/coleta\/trabalhoConclusao\/viewTrabalhoConclusao.jsf?popup=true&amp;id_trabalho=310144\" target=\"_blank\" rel=\"noopener\"><strong>Bacalhau no Brasil: um mercado sob o impacto da globaliza\u00e7\u00e3o<\/strong><\/a><\/p>\n<p>Defesa: 01\/04\/2014<br \/>\nOrientador: John Wilkinson (CPDA\/UFRRJ)<\/p>\n<p>&nbsp;<\/p>\n<hr \/>\n<p><strong>LILA ALMENDRA PRACA DE CARVALHO<\/strong><br \/>\n<a href=\"https:\/\/sucupira.capes.gov.br\/sucupira\/public\/consultas\/coleta\/trabalhoConclusao\/viewTrabalhoConclusao.jsf?popup=true&amp;id_trabalho=309259\" target=\"_blank\" rel=\"noopener\"><strong>Os finlandeses de Penedo: uma viagem ut\u00f3pica em dire\u00e7\u00e3o aos tr\u00f3picos<\/strong><\/a><br \/>\n(Pr\u00eamio Anpocs de Melhor Poster baseado em Disserta\u00e7\u00e3o de Mestrado 2014)<\/p>\n<p>Defesa: 04\/04\/2014<br \/>\nOrientador: Jorge Osvaldo Romano (CPDA\/UFRRJ)<\/p>\n<p>&nbsp;<\/p>\n<hr \/>\n<p><strong>MARCIO LIMA RANAURO<\/strong><br \/>\n<a href=\"https:\/\/sucupira.capes.gov.br\/sucupira\/public\/consultas\/coleta\/trabalhoConclusao\/viewTrabalhoConclusao.jsf?popup=true&amp;id_trabalho=1373139\" target=\"_blank\" rel=\"noopener\"><strong>Uma agenda para o desenvolvimento sustent\u00e1vel das cidades brasileiras: experi\u00eancias de Agendas 21 locais fomentadas pelo Minist\u00e9rio do Meio Ambiente no per\u00edodo 2003 a 2008<\/strong><\/a><\/p>\n<p>Defesa: 08\/04\/2014<br \/>\nOrientador: Jorge Osvaldo Romano (CPDA\/UFRRJ)<\/p>\n<p>&nbsp;<\/p>\n<hr \/>\n<p><strong>MIGUEL JORDAO<\/strong><br \/>\n<a href=\"https:\/\/sucupira.capes.gov.br\/sucupira\/public\/consultas\/coleta\/trabalhoConclusao\/viewTrabalhoConclusao.jsf?popup=true&amp;id_trabalho=1373852\" target=\"_blank\" rel=\"noopener\"><strong>Projetos agr\u00edcolas, economia ind\u00edgena e assist\u00eancia t\u00e9cnica: da assimila\u00e7\u00e3o \u00e0 pol\u00edtica de ATER ind\u00edgena e participa\u00e7\u00e3o<\/strong><\/a><\/p>\n<p>Defesa: 14\/04\/2014<br \/>\nOrientador: Andrey Cordeiro Ferreira (CPDA\/UFRRJ)<\/p>\n<p>&nbsp;<\/p>\n<hr \/>\n<p><strong>LEONARDO RAUTA MARTINS<\/strong><br \/>\n<a href=\"https:\/\/sucupira.capes.gov.br\/sucupira\/public\/consultas\/coleta\/trabalhoConclusao\/viewTrabalhoConclusao.jsf?popup=true&amp;id_trabalho=514052\" target=\"_blank\" rel=\"noopener\"><strong>A agricultura familiar de Anchieta\/ES sob a hegemonia do grande capital<\/strong><\/a><\/p>\n<p>Defesa: 06\/05\/2014<br \/>\nOrientador: Roberto Jos\u00e9 Moreira (CPDA\/UFRRJ)<\/p>\n<p>&nbsp;<\/p>\n<hr \/>\n<p><strong>FABRICIO TEL\u00d3<\/strong><br \/>\n<a href=\"https:\/\/sucupira.capes.gov.br\/sucupira\/public\/consultas\/coleta\/trabalhoConclusao\/viewTrabalhoConclusao.jsf?popup=true&amp;id_trabalho=578555\" target=\"_blank\" rel=\"noopener\"><strong>Dimens\u00f5es n\u00e3o-institucionais da a\u00e7\u00e3o pol\u00edtica, a rela\u00e7\u00e3o entre fumicultores e organiza\u00e7\u00f5es em Santa Cruz do Sul\/RS<\/strong><\/a><\/p>\n<p>Defesa: 30\/05\/2014<br \/>\nOrientadora: Leonilde Servolo de Medeiros (CPDA\/UFRRJ)<\/p>\n<p>&nbsp;<\/p>\n<hr \/>\n<p><strong>IZABELLE FERNANDA SILVEIRA VIEIRA<\/strong><br \/>\n<a href=\"https:\/\/sucupira.capes.gov.br\/sucupira\/public\/consultas\/coleta\/trabalhoConclusao\/viewTrabalhoConclusao.jsf?popup=true&amp;id_trabalho=1566317\" target=\"_blank\" rel=\"noopener\"><strong>Sustentabilidade nas pr\u00e1ticas de consumo da\u201cNova Classe M\u00e9dia\u201d carioca<\/strong><\/a><\/p>\n<p>Defesa: 04\/06\/2014<br \/>\nOrientadora: F\u00e1tima Portilho (CPDA\/UFRRJ)<\/p>\n<p>&nbsp;<\/p>\n<hr \/>\n<p><strong>MARIA LUIZA DUARTE AZEVEDO BARBOSA<\/strong><br \/>\n<a href=\"https:\/\/sucupira.capes.gov.br\/sucupira\/public\/consultas\/coleta\/trabalhoConclusao\/viewTrabalhoConclusao.jsf?popup=true&amp;id_trabalho=1279920\" target=\"_blank\" rel=\"noopener\"><strong>O g\u00eanero da posse da terra: um estudo sobre o poder de negocia\u00e7\u00e3o das mulheres titulares de lotes no assentamento Santa Rosa\/C\u00f3rrego das Posses, em Minas Gerais<\/strong><\/a><\/p>\n<p>Defesa: 23\/07\/2014<br \/>\nOrientadora: Debora Franco Lerrer (CPDA\/UFRRJ)<\/p>\n<p>&nbsp;<\/p>\n<hr \/>\n<p><strong>ALINE BORGHOFF MAIA<\/strong><br \/>\n<a href=\"https:\/\/sucupira.capes.gov.br\/sucupira\/public\/consultas\/coleta\/trabalhoConclusao\/viewTrabalhoConclusao.jsf?popup=true&amp;id_trabalho=1622616\" target=\"_blank\" rel=\"noopener\"><strong>Minist\u00e9rio P\u00fablico, megaempreendimentos e conflitos socioambientais: a atua\u00e7\u00e3o no lit\u00edgio entre pescadores artesanais e a ind\u00fastria do petr\u00f3leo na Ba\u00eda de Guanabara-RJ<\/strong><\/a><\/p>\n<p>Defesa: 18\/08\/2014<br \/>\nOrientadora: Leonilde Servolo de Medeiros (CPDA\/UFRRJ)<\/p>\n<p>&nbsp;<\/p>\n<hr \/>\n<p><strong>MURILO CAMARGO SALLA<\/strong><br \/>\n<a href=\"https:\/\/sucupira.capes.gov.br\/sucupira\/public\/consultas\/coleta\/trabalhoConclusao\/viewTrabalhoConclusao.jsf?popup=true&amp;id_trabalho=1313412\" target=\"_blank\" rel=\"noopener\"><strong>Trajet\u00f3ria de uma unidade contradit\u00f3ria: diversidade de configura\u00e7\u00f5es do assentamento Pendengo<\/strong><\/a><\/p>\n<p>Defesa: 21\/08\/2014<br \/>\nOrientador: Roberto Jos\u00e9 Moreira (CPDA\/UFRRJ)<\/p>\n<p>&nbsp;<\/p>\n<hr \/>\n<p><strong>RAFAEL DO VALLE PAIVA<\/strong><br \/>\n<a href=\"https:\/\/sucupira.capes.gov.br\/sucupira\/public\/consultas\/coleta\/trabalhoConclusao\/viewTrabalhoConclusao.jsf?popup=true&amp;id_trabalho=1320519\" target=\"_blank\" rel=\"noopener\"><strong>Os limites da normatiza\u00e7\u00e3o sanit\u00e1ria: qualidade microbiol\u00f3gica e tradi\u00e7\u00e3o produtiva e alimentar<\/strong><\/a><\/p>\n<p>Defesa: 02\/09\/2014<br \/>\nOrientador: Renato Sergio Jamil Maluf (CPDA\/UFRRJ)<\/p>\n<p>&nbsp;<\/p>\n<hr \/>\n<p><strong>BRUNO DE ALMEIDA GAMBERT<\/strong><br \/>\n<a href=\"https:\/\/sucupira.capes.gov.br\/sucupira\/public\/consultas\/coleta\/trabalhoConclusao\/viewTrabalhoConclusao.jsf?popup=true&amp;id_trabalho=1317196\" target=\"_blank\" rel=\"noopener\"><strong>De Sol a Sol: direitos trabalhistas rurais em Brasil e Argentina (1944-1963)<\/strong><\/a><\/p>\n<p>Defesa: 15\/09\/2014<br \/>\nOrientador: Roberto Jos\u00e9 Moreira (CPDA\/UFRRJ)<\/p>\n<p>&nbsp;<\/p>\n<hr \/>\n<p><strong>JOYCE SILVA DOS SANTOS DRUMOND LINHARES<\/strong><br \/>\n<a href=\"https:\/\/sucupira.capes.gov.br\/sucupira\/public\/consultas\/coleta\/trabalhoConclusao\/viewTrabalhoConclusao.jsf?popup=true&amp;id_trabalho=1703629\" target=\"_blank\" rel=\"noopener\"><strong>Os Projetos de Etnodesenvolvimento no Quilombo Campinho da Independ\u00eancia &#8211; Paraty\/RJ<\/strong><\/a><\/p>\n<p>Defesa: 24\/09\/2014<br \/>\nOrientador: Andrey Cordeiro Ferreira (CPDA\/UFRRJ)<\/p>\n<p>&nbsp;<\/p>\n<hr \/>\n<p><strong>CECILIA ISABEL JUSTINO FONSECA<\/strong><br \/>\n<a href=\"https:\/\/sucupira.capes.gov.br\/sucupira\/public\/consultas\/coleta\/trabalhoConclusao\/viewTrabalhoConclusao.jsf?popup=true&amp;id_trabalho=2212445\" target=\"_blank\" rel=\"noopener\"><strong>De volta \u00e0 terra? Desenvolvimento e revitaliza\u00e7\u00e3o rural \u2013 um estudo de caso no sul de Portugal<\/strong><\/a><\/p>\n<p>Defesa: 24\/09\/2014<br \/>\nOrientador: Nelson Giordano Delgado (CPDA\/UFRRJ)<\/p>\n<p>&nbsp;<\/p>\n<hr \/>\n<p><strong>DIANA MARCELA BAUTISTA OSORIO<\/strong><br \/>\n<a href=\"https:\/\/sucupira.capes.gov.br\/sucupira\/public\/consultas\/coleta\/trabalhoConclusao\/viewTrabalhoConclusao.jsf?popup=true&amp;id_trabalho=1320493\" target=\"_blank\" rel=\"noopener\"><strong>O trabalho agricola dos jovens: o programa de preven\u00e7\u00e3o e erradica\u00e7\u00e3o do trabalho infantil-PETI (2004, 2011), a agenda nacional para o trabalho decente da JUENTUDE-ANTDJ (2011) e os alunos do CEFFA Rei Alberto I (2013)<\/strong><\/a><\/p>\n<p>Defesa: 25\/09\/2014<br \/>\nOrientador: Hector Alberto Alimonda (CPDA\/UFRRJ)<\/p>\n<p>&nbsp;<\/p>\n<hr \/>\n<p><strong>MIRNA SILVA OLIVEIRA<\/strong><br \/>\n<a href=\"https:\/\/sucupira.capes.gov.br\/sucupira\/public\/consultas\/coleta\/trabalhoConclusao\/viewTrabalhoConclusao.jsf?popup=true&amp;id_trabalho=1622169\" target=\"_blank\" rel=\"noopener\"><strong>Na trincheira dos direitos: a luta das comunidades de fecho e fundo de pasto de Salobro e Jacurutu pela defesa de seus modos de vida frente \u00e0 grilagem de terras devolutas no oeste da Bahia<\/strong><\/a><\/p>\n<p>Defesa: 25\/09\/2014<br \/>\nOrientadora: Leonilde Servolo de Medeiros (CPDA\/UFRRJ)<\/p>\n<p>&nbsp;<\/p>\n<hr \/>\n<p><strong>ARIANE CRISTINA BRUGNHARA<\/strong><br \/>\n<a href=\"https:\/\/sucupira.capes.gov.br\/sucupira\/public\/consultas\/coleta\/trabalhoConclusao\/viewTrabalhoConclusao.jsf?popup=true&amp;id_trabalho=1364560\" target=\"_blank\" rel=\"noopener\"><strong>A previd\u00eancia social rural e os quilombos: uma an\u00e1lise desse direito no Vale do Ribeira \u2013 SP<\/strong><\/a><\/p>\n<p>Defesa: 29\/09\/2014<br \/>\nOrientadora: Debora Franco Lerrer (CPDA\/UFRRJ)<\/p>\n<p>&nbsp;<\/p>\n<hr \/>\n<p><strong>MARINA CALAZA RUAS<\/strong><br \/>\n<a href=\"https:\/\/sucupira.capes.gov.br\/sucupira\/public\/consultas\/coleta\/trabalhoConclusao\/viewTrabalhoConclusao.jsf?popup=true&amp;id_trabalho=2176978\" target=\"_blank\" rel=\"noopener\"><strong>Muito al\u00e9m de Casa-Grande &amp; Senzala: sociabilidade e cultura pol\u00edtica autorit\u00e1ria no Brasil em Gilberto Freyre<\/strong><\/a><\/p>\n<p>Defesa: 01\/10\/2014<br \/>\nOrientadora: Raimundo Santos (CPDA\/UFRRJ)<\/p>\n<p>&nbsp;<\/p>\n<p>&nbsp;<\/p>\n","protected":false},"excerpt":{"rendered":"<p>&nbsp; GEMILSON SOARES DA SILVA SEGUNDO O caso do PAA em Montes Claros \u2013 MG: an\u00e1lise do programa de aquisi\u00e7\u00e3o <a class=\"read-more\" href=\"https:\/\/institucional.ufrrj.br\/portalcpda\/dissertacoes-mestrado-2014\/ \" >&#8230; <span class=\"font-italic\">leia mais <i class=\"fas fa-angle-right\"><\/i><\/span><\/a><\/p>\n","protected":false},"author":634,"featured_media":0,"parent":0,"menu_order":0,"comment_status":"open","ping_status":"open","template":"","meta":{"_acf_changed":false,"footnotes":""},"class_list":["post-5123","page","type-page","status-publish","hentry"],"yoast_head":"<!-- This site is optimized with the Yoast SEO plugin v27.2 - https:\/\/yoast.com\/product\/yoast-seo-wordpress\/ -->\n<title>Disserta\u00e7\u00f5es Mestrado 2014 - CPDA<\/title>\n<meta name=\"robots\" content=\"index, follow, max-snippet:-1, max-image-preview:large, max-video-preview:-1\" \/>\n<link rel=\"canonical\" href=\"https:\/\/institucional.ufrrj.br\/portalcpda\/dissertacoes-mestrado-2014\/\" \/>\n<meta property=\"og:locale\" content=\"pt_BR\" \/>\n<meta property=\"og:type\" content=\"article\" \/>\n<meta property=\"og:title\" content=\"Disserta\u00e7\u00f5es Mestrado 2014 - CPDA\" \/>\n<meta property=\"og:description\" content=\"&nbsp; GEMILSON SOARES DA SILVA SEGUNDO O caso do PAA em Montes Claros \u2013 MG: an\u00e1lise do programa de aquisi\u00e7\u00e3o ... leia mais\" \/>\n<meta property=\"og:url\" content=\"https:\/\/institucional.ufrrj.br\/portalcpda\/dissertacoes-mestrado-2014\/\" \/>\n<meta property=\"og:site_name\" content=\"CPDA\" \/>\n<meta property=\"article:modified_time\" content=\"2018-09-05T15:07:26+00:00\" \/>\n<meta name=\"twitter:card\" content=\"summary_large_image\" \/>\n<meta name=\"twitter:label1\" content=\"Est. tempo de leitura\" \/>\n\t<meta name=\"twitter:data1\" content=\"3 minutos\" \/>\n<script type=\"application\/ld+json\" class=\"yoast-schema-graph\">{\"@context\":\"https:\/\/schema.org\",\"@graph\":[{\"@type\":\"WebPage\",\"@id\":\"https:\/\/institucional.ufrrj.br\/portalcpda\/dissertacoes-mestrado-2014\/\",\"url\":\"https:\/\/institucional.ufrrj.br\/portalcpda\/dissertacoes-mestrado-2014\/\",\"name\":\"Disserta\u00e7\u00f5es Mestrado 2014 - CPDA\",\"isPartOf\":{\"@id\":\"https:\/\/institucional.ufrrj.br\/portalcpda\/#website\"},\"datePublished\":\"2014-10-13T16:31:07+00:00\",\"dateModified\":\"2018-09-05T15:07:26+00:00\",\"breadcrumb\":{\"@id\":\"https:\/\/institucional.ufrrj.br\/portalcpda\/dissertacoes-mestrado-2014\/#breadcrumb\"},\"inLanguage\":\"pt-BR\",\"potentialAction\":[{\"@type\":\"ReadAction\",\"target\":[\"https:\/\/institucional.ufrrj.br\/portalcpda\/dissertacoes-mestrado-2014\/\"]}]},{\"@type\":\"BreadcrumbList\",\"@id\":\"https:\/\/institucional.ufrrj.br\/portalcpda\/dissertacoes-mestrado-2014\/#breadcrumb\",\"itemListElement\":[{\"@type\":\"ListItem\",\"position\":1,\"name\":\"In\u00edcio\",\"item\":\"https:\/\/institucional.ufrrj.br\/portalcpda\/\"},{\"@type\":\"ListItem\",\"position\":2,\"name\":\"Disserta\u00e7\u00f5es Mestrado 2014\"}]},{\"@type\":\"WebSite\",\"@id\":\"https:\/\/institucional.ufrrj.br\/portalcpda\/#website\",\"url\":\"https:\/\/institucional.ufrrj.br\/portalcpda\/\",\"name\":\"CPDA\",\"description\":\"institucional.ufrrj.br\",\"potentialAction\":[{\"@type\":\"SearchAction\",\"target\":{\"@type\":\"EntryPoint\",\"urlTemplate\":\"https:\/\/institucional.ufrrj.br\/portalcpda\/?s={search_term_string}\"},\"query-input\":{\"@type\":\"PropertyValueSpecification\",\"valueRequired\":true,\"valueName\":\"search_term_string\"}}],\"inLanguage\":\"pt-BR\"}]}<\/script>\n<!-- \/ Yoast SEO plugin. -->","yoast_head_json":{"title":"Disserta\u00e7\u00f5es Mestrado 2014 - CPDA","robots":{"index":"index","follow":"follow","max-snippet":"max-snippet:-1","max-image-preview":"max-image-preview:large","max-video-preview":"max-video-preview:-1"},"canonical":"https:\/\/institucional.ufrrj.br\/portalcpda\/dissertacoes-mestrado-2014\/","og_locale":"pt_BR","og_type":"article","og_title":"Disserta\u00e7\u00f5es Mestrado 2014 - CPDA","og_description":"&nbsp; GEMILSON SOARES DA SILVA SEGUNDO O caso do PAA em Montes Claros \u2013 MG: an\u00e1lise do programa de aquisi\u00e7\u00e3o ... leia mais","og_url":"https:\/\/institucional.ufrrj.br\/portalcpda\/dissertacoes-mestrado-2014\/","og_site_name":"CPDA","article_modified_time":"2018-09-05T15:07:26+00:00","twitter_card":"summary_large_image","twitter_misc":{"Est. tempo de leitura":"3 minutos"},"schema":{"@context":"https:\/\/schema.org","@graph":[{"@type":"WebPage","@id":"https:\/\/institucional.ufrrj.br\/portalcpda\/dissertacoes-mestrado-2014\/","url":"https:\/\/institucional.ufrrj.br\/portalcpda\/dissertacoes-mestrado-2014\/","name":"Disserta\u00e7\u00f5es Mestrado 2014 - CPDA","isPartOf":{"@id":"https:\/\/institucional.ufrrj.br\/portalcpda\/#website"},"datePublished":"2014-10-13T16:31:07+00:00","dateModified":"2018-09-05T15:07:26+00:00","breadcrumb":{"@id":"https:\/\/institucional.ufrrj.br\/portalcpda\/dissertacoes-mestrado-2014\/#breadcrumb"},"inLanguage":"pt-BR","potentialAction":[{"@type":"ReadAction","target":["https:\/\/institucional.ufrrj.br\/portalcpda\/dissertacoes-mestrado-2014\/"]}]},{"@type":"BreadcrumbList","@id":"https:\/\/institucional.ufrrj.br\/portalcpda\/dissertacoes-mestrado-2014\/#breadcrumb","itemListElement":[{"@type":"ListItem","position":1,"name":"In\u00edcio","item":"https:\/\/institucional.ufrrj.br\/portalcpda\/"},{"@type":"ListItem","position":2,"name":"Disserta\u00e7\u00f5es Mestrado 2014"}]},{"@type":"WebSite","@id":"https:\/\/institucional.ufrrj.br\/portalcpda\/#website","url":"https:\/\/institucional.ufrrj.br\/portalcpda\/","name":"CPDA","description":"institucional.ufrrj.br","potentialAction":[{"@type":"SearchAction","target":{"@type":"EntryPoint","urlTemplate":"https:\/\/institucional.ufrrj.br\/portalcpda\/?s={search_term_string}"},"query-input":{"@type":"PropertyValueSpecification","valueRequired":true,"valueName":"search_term_string"}}],"inLanguage":"pt-BR"}]}},"acf":[],"_links":{"self":[{"href":"https:\/\/institucional.ufrrj.br\/portalcpda\/wp-json\/wp\/v2\/pages\/5123","targetHints":{"allow":["GET"]}}],"collection":[{"href":"https:\/\/institucional.ufrrj.br\/portalcpda\/wp-json\/wp\/v2\/pages"}],"about":[{"href":"https:\/\/institucional.ufrrj.br\/portalcpda\/wp-json\/wp\/v2\/types\/page"}],"author":[{"embeddable":true,"href":"https:\/\/institucional.ufrrj.br\/portalcpda\/wp-json\/wp\/v2\/users\/634"}],"replies":[{"embeddable":true,"href":"https:\/\/institucional.ufrrj.br\/portalcpda\/wp-json\/wp\/v2\/comments?post=5123"}],"version-history":[{"count":11,"href":"https:\/\/institucional.ufrrj.br\/portalcpda\/wp-json\/wp\/v2\/pages\/5123\/revisions"}],"predecessor-version":[{"id":15863,"href":"https:\/\/institucional.ufrrj.br\/portalcpda\/wp-json\/wp\/v2\/pages\/5123\/revisions\/15863"}],"wp:attachment":[{"href":"https:\/\/institucional.ufrrj.br\/portalcpda\/wp-json\/wp\/v2\/media?parent=5123"}],"curies":[{"name":"wp","href":"https:\/\/api.w.org\/{rel}","templated":true}]}}