{"id":414,"date":"2011-08-09T00:55:37","date_gmt":"2011-08-09T00:55:37","guid":{"rendered":"http:\/\/r1.ufrrj.br\/cpda\/?page_id=414"},"modified":"2018-06-29T16:14:09","modified_gmt":"2018-06-29T19:14:09","slug":"laboratorio-tematico-em-estudos-sobre-cultura-e-mundo-rural","status":"publish","type":"page","link":"https:\/\/institucional.ufrrj.br\/portalcpda\/laboratorio-tematico-em-estudos-sobre-cultura-e-mundo-rural\/","title":{"rendered":"Laborat\u00f3rio tem\u00e1tico em Estudos sobre cultura e mundo rural"},"content":{"rendered":"<h2>IH 1553<\/h2>\n<p>Disciplina Espec\u00edfica da Linha de Pesquisa Estudos de Cultura e Mundo Rural<br \/>\nN\u00famero de cr\u00e9ditos 2<br \/>\nCarga hor\u00e1ria: 2 horas aulas semanais<br \/>\nProfessor respons\u00e1vel: todos professores da linha de pesquisa correspondente<\/p>\n<h2>Objetivos<\/h2>\n<p>Desenvolvimento e aprofundamento te\u00f3ricos e de an\u00e1lises particularizadas sobre aspectos problem\u00e1ticos da \u00e1rea de abrang\u00eancia da linha de pesquisa Estudos de cultura e mundo rural.<\/p>\n<h2>Ementa<\/h2>\n<p>Estuda os processos de produ\u00e7\u00e3o, circula\u00e7\u00e3o e consumo de significa\u00e7\u00f5es sobre o mundo rural. Outorga import\u00e2ncia tanto a uma perspectiva hist\u00f3rica, atenta \u00e0 recupera\u00e7\u00e3o de mem\u00f3rias e tradi\u00e7\u00f5es, como \u00e0 reinven\u00e7\u00e3o permanente do mundo rural, a partir de complexos processos de hibrida\u00e7\u00e3o cultural.<\/p>\n<h2>Bibliografia<\/h2>\n<p>FREIRE, Gilberto. Casa grande &amp; senzala, Rio de Janeiro: Jos\u00e9 Olympo Editora, 1983.<br \/>\nFLUSSER, Vil\u00e9m. Filosofia da caixa preta, Rio de Janeiro: Relume Dumar\u00e1, 2002.<br \/>\nPOLANYI, Karl. A grande transforma\u00e7\u00e3o. Rio de Janeiro: Editora Campus, 1999.<\/p>\n","protected":false},"excerpt":{"rendered":"<p>IH 1553 Disciplina Espec\u00edfica da Linha de Pesquisa Estudos de Cultura e Mundo Rural N\u00famero de cr\u00e9ditos 2 Carga hor\u00e1ria: <a class=\"read-more\" href=\"https:\/\/institucional.ufrrj.br\/portalcpda\/laboratorio-tematico-em-estudos-sobre-cultura-e-mundo-rural\/ \" >&#8230; <span class=\"font-italic\">leia mais <i class=\"fas fa-angle-right\"><\/i><\/span><\/a><\/p>\n","protected":false},"author":634,"featured_media":0,"parent":0,"menu_order":0,"comment_status":"open","ping_status":"open","template":"","meta":{"_acf_changed":false,"footnotes":""},"class_list":["post-414","page","type-page","status-publish","hentry"],"yoast_head":"<!-- This site is optimized with the Yoast SEO plugin v27.2 - https:\/\/yoast.com\/product\/yoast-seo-wordpress\/ -->\n<title>Laborat\u00f3rio tem\u00e1tico em Estudos sobre cultura e mundo rural - CPDA<\/title>\n<meta name=\"robots\" content=\"index, follow, max-snippet:-1, max-image-preview:large, max-video-preview:-1\" \/>\n<link rel=\"canonical\" href=\"https:\/\/institucional.ufrrj.br\/portalcpda\/laboratorio-tematico-em-estudos-sobre-cultura-e-mundo-rural\/\" \/>\n<meta property=\"og:locale\" content=\"pt_BR\" \/>\n<meta property=\"og:type\" content=\"article\" \/>\n<meta property=\"og:title\" content=\"Laborat\u00f3rio tem\u00e1tico em Estudos sobre cultura e mundo rural - CPDA\" \/>\n<meta property=\"og:description\" content=\"IH 1553 Disciplina Espec\u00edfica da Linha de Pesquisa Estudos de Cultura e Mundo Rural N\u00famero de cr\u00e9ditos 2 Carga hor\u00e1ria: ... leia mais\" \/>\n<meta property=\"og:url\" content=\"https:\/\/institucional.ufrrj.br\/portalcpda\/laboratorio-tematico-em-estudos-sobre-cultura-e-mundo-rural\/\" \/>\n<meta property=\"og:site_name\" content=\"CPDA\" \/>\n<meta property=\"article:modified_time\" content=\"2018-06-29T19:14:09+00:00\" \/>\n<meta name=\"twitter:card\" content=\"summary_large_image\" \/>\n<meta name=\"twitter:label1\" content=\"Est. tempo de leitura\" \/>\n\t<meta name=\"twitter:data1\" content=\"1 minuto\" \/>\n<script type=\"application\/ld+json\" class=\"yoast-schema-graph\">{\"@context\":\"https:\/\/schema.org\",\"@graph\":[{\"@type\":\"WebPage\",\"@id\":\"https:\/\/institucional.ufrrj.br\/portalcpda\/laboratorio-tematico-em-estudos-sobre-cultura-e-mundo-rural\/\",\"url\":\"https:\/\/institucional.ufrrj.br\/portalcpda\/laboratorio-tematico-em-estudos-sobre-cultura-e-mundo-rural\/\",\"name\":\"Laborat\u00f3rio tem\u00e1tico em Estudos sobre cultura e mundo rural - CPDA\",\"isPartOf\":{\"@id\":\"https:\/\/institucional.ufrrj.br\/portalcpda\/#website\"},\"datePublished\":\"2011-08-09T00:55:37+00:00\",\"dateModified\":\"2018-06-29T19:14:09+00:00\",\"breadcrumb\":{\"@id\":\"https:\/\/institucional.ufrrj.br\/portalcpda\/laboratorio-tematico-em-estudos-sobre-cultura-e-mundo-rural\/#breadcrumb\"},\"inLanguage\":\"pt-BR\",\"potentialAction\":[{\"@type\":\"ReadAction\",\"target\":[\"https:\/\/institucional.ufrrj.br\/portalcpda\/laboratorio-tematico-em-estudos-sobre-cultura-e-mundo-rural\/\"]}]},{\"@type\":\"BreadcrumbList\",\"@id\":\"https:\/\/institucional.ufrrj.br\/portalcpda\/laboratorio-tematico-em-estudos-sobre-cultura-e-mundo-rural\/#breadcrumb\",\"itemListElement\":[{\"@type\":\"ListItem\",\"position\":1,\"name\":\"In\u00edcio\",\"item\":\"https:\/\/institucional.ufrrj.br\/portalcpda\/\"},{\"@type\":\"ListItem\",\"position\":2,\"name\":\"Laborat\u00f3rio tem\u00e1tico em Estudos sobre cultura e mundo rural\"}]},{\"@type\":\"WebSite\",\"@id\":\"https:\/\/institucional.ufrrj.br\/portalcpda\/#website\",\"url\":\"https:\/\/institucional.ufrrj.br\/portalcpda\/\",\"name\":\"CPDA\",\"description\":\"institucional.ufrrj.br\",\"potentialAction\":[{\"@type\":\"SearchAction\",\"target\":{\"@type\":\"EntryPoint\",\"urlTemplate\":\"https:\/\/institucional.ufrrj.br\/portalcpda\/?s={search_term_string}\"},\"query-input\":{\"@type\":\"PropertyValueSpecification\",\"valueRequired\":true,\"valueName\":\"search_term_string\"}}],\"inLanguage\":\"pt-BR\"}]}<\/script>\n<!-- \/ Yoast SEO plugin. -->","yoast_head_json":{"title":"Laborat\u00f3rio tem\u00e1tico em Estudos sobre cultura e mundo rural - CPDA","robots":{"index":"index","follow":"follow","max-snippet":"max-snippet:-1","max-image-preview":"max-image-preview:large","max-video-preview":"max-video-preview:-1"},"canonical":"https:\/\/institucional.ufrrj.br\/portalcpda\/laboratorio-tematico-em-estudos-sobre-cultura-e-mundo-rural\/","og_locale":"pt_BR","og_type":"article","og_title":"Laborat\u00f3rio tem\u00e1tico em Estudos sobre cultura e mundo rural - CPDA","og_description":"IH 1553 Disciplina Espec\u00edfica da Linha de Pesquisa Estudos de Cultura e Mundo Rural N\u00famero de cr\u00e9ditos 2 Carga hor\u00e1ria: ... leia mais","og_url":"https:\/\/institucional.ufrrj.br\/portalcpda\/laboratorio-tematico-em-estudos-sobre-cultura-e-mundo-rural\/","og_site_name":"CPDA","article_modified_time":"2018-06-29T19:14:09+00:00","twitter_card":"summary_large_image","twitter_misc":{"Est. tempo de leitura":"1 minuto"},"schema":{"@context":"https:\/\/schema.org","@graph":[{"@type":"WebPage","@id":"https:\/\/institucional.ufrrj.br\/portalcpda\/laboratorio-tematico-em-estudos-sobre-cultura-e-mundo-rural\/","url":"https:\/\/institucional.ufrrj.br\/portalcpda\/laboratorio-tematico-em-estudos-sobre-cultura-e-mundo-rural\/","name":"Laborat\u00f3rio tem\u00e1tico em Estudos sobre cultura e mundo rural - CPDA","isPartOf":{"@id":"https:\/\/institucional.ufrrj.br\/portalcpda\/#website"},"datePublished":"2011-08-09T00:55:37+00:00","dateModified":"2018-06-29T19:14:09+00:00","breadcrumb":{"@id":"https:\/\/institucional.ufrrj.br\/portalcpda\/laboratorio-tematico-em-estudos-sobre-cultura-e-mundo-rural\/#breadcrumb"},"inLanguage":"pt-BR","potentialAction":[{"@type":"ReadAction","target":["https:\/\/institucional.ufrrj.br\/portalcpda\/laboratorio-tematico-em-estudos-sobre-cultura-e-mundo-rural\/"]}]},{"@type":"BreadcrumbList","@id":"https:\/\/institucional.ufrrj.br\/portalcpda\/laboratorio-tematico-em-estudos-sobre-cultura-e-mundo-rural\/#breadcrumb","itemListElement":[{"@type":"ListItem","position":1,"name":"In\u00edcio","item":"https:\/\/institucional.ufrrj.br\/portalcpda\/"},{"@type":"ListItem","position":2,"name":"Laborat\u00f3rio tem\u00e1tico em Estudos sobre cultura e mundo rural"}]},{"@type":"WebSite","@id":"https:\/\/institucional.ufrrj.br\/portalcpda\/#website","url":"https:\/\/institucional.ufrrj.br\/portalcpda\/","name":"CPDA","description":"institucional.ufrrj.br","potentialAction":[{"@type":"SearchAction","target":{"@type":"EntryPoint","urlTemplate":"https:\/\/institucional.ufrrj.br\/portalcpda\/?s={search_term_string}"},"query-input":{"@type":"PropertyValueSpecification","valueRequired":true,"valueName":"search_term_string"}}],"inLanguage":"pt-BR"}]}},"acf":[],"_links":{"self":[{"href":"https:\/\/institucional.ufrrj.br\/portalcpda\/wp-json\/wp\/v2\/pages\/414","targetHints":{"allow":["GET"]}}],"collection":[{"href":"https:\/\/institucional.ufrrj.br\/portalcpda\/wp-json\/wp\/v2\/pages"}],"about":[{"href":"https:\/\/institucional.ufrrj.br\/portalcpda\/wp-json\/wp\/v2\/types\/page"}],"author":[{"embeddable":true,"href":"https:\/\/institucional.ufrrj.br\/portalcpda\/wp-json\/wp\/v2\/users\/634"}],"replies":[{"embeddable":true,"href":"https:\/\/institucional.ufrrj.br\/portalcpda\/wp-json\/wp\/v2\/comments?post=414"}],"version-history":[{"count":1,"href":"https:\/\/institucional.ufrrj.br\/portalcpda\/wp-json\/wp\/v2\/pages\/414\/revisions"}],"predecessor-version":[{"id":13350,"href":"https:\/\/institucional.ufrrj.br\/portalcpda\/wp-json\/wp\/v2\/pages\/414\/revisions\/13350"}],"wp:attachment":[{"href":"https:\/\/institucional.ufrrj.br\/portalcpda\/wp-json\/wp\/v2\/media?parent=414"}],"curies":[{"name":"wp","href":"https:\/\/api.w.org\/{rel}","templated":true}]}}

Laboratório temático em Estudos sobre cultura e mundo rural

<h2>IH 1553</h2>
<p>Disciplina Específica da Linha de Pesquisa Estudos de Cultura e Mundo Rural<br />
Número de créditos 2<br />
Carga horária: 2 horas aulas semanais<br />
Professor responsável: todos professores da linha de pesquisa correspondente</p>
<h2>Objetivos</h2>
<p>Desenvolvimento e aprofundamento teóricos e de análises particularizadas sobre aspectos problemáticos da área de abrangência da linha de pesquisa Estudos de cultura e mundo rural.</p>
<h2>Ementa</h2>
<p>Estuda os processos de produção, circulação e consumo de significações sobre o mundo rural. Outorga importância tanto a uma perspectiva histórica, atenta à recuperação de memórias e tradições, como à reinvenção permanente do mundo rural, a partir de complexos processos de hibridação cultural.</p>
<h2>Bibliografia</h2>
<p>FREIRE, Gilberto. Casa grande &amp; senzala, Rio de Janeiro: José Olympo Editora, 1983.<br />
FLUSSER, Vilém. Filosofia da caixa preta, Rio de Janeiro: Relume Dumará, 2002.<br />
POLANYI, Karl. A grande transformação. Rio de Janeiro: Editora Campus, 1999.</p>

<p>IH 1553 Disciplina Específica da Linha de Pesquisa Estudos de Cultura e Mundo Rural Número de créditos 2 Carga horária: <a class="read-more" href="https://institucional.ufrrj.br/portalcpda/laboratorio-tematico-em-estudos-sobre-cultura-e-mundo-rural/ " >&#8230; <span class="font-italic">leia mais <i class="fas fa-angle-right"></i></span></a></p>

<!-- This site is optimized with the Yoast SEO plugin v27.2 - https://yoast.com/product/yoast-seo-wordpress/ -->
<title>Laboratório temático em Estudos sobre cultura e mundo rural - CPDA</title>
<meta name="robots" content="index, follow, max-snippet:-1, max-image-preview:large, max-video-preview:-1" />
<link rel="canonical" href="https://institucional.ufrrj.br/portalcpda/laboratorio-tematico-em-estudos-sobre-cultura-e-mundo-rural/" />
<meta property="og:locale" content="pt_BR" />
<meta property="og:type" content="article" />
<meta property="og:title" content="Laboratório temático em Estudos sobre cultura e mundo rural - CPDA" />
<meta property="og:description" content="IH 1553 Disciplina Específica da Linha de Pesquisa Estudos de Cultura e Mundo Rural Número de créditos 2 Carga horária: ... leia mais" />
<meta property="og:url" content="https://institucional.ufrrj.br/portalcpda/laboratorio-tematico-em-estudos-sobre-cultura-e-mundo-rural/" />
<meta property="og:site_name" content="CPDA" />
<meta property="article:modified_time" content="2018-06-29T19:14:09+00:00" />
<meta name="twitter:card" content="summary_large_image" />
<meta name="twitter:label1" content="Est. tempo de leitura" />
	<meta name="twitter:data1" content="1 minuto" />
<script type="application/ld+json" class="yoast-schema-graph">{"@context":"https://schema.org","@graph":[{"@type":"WebPage","@id":"https://institucional.ufrrj.br/portalcpda/laboratorio-tematico-em-estudos-sobre-cultura-e-mundo-rural/","url":"https://institucional.ufrrj.br/portalcpda/laboratorio-tematico-em-estudos-sobre-cultura-e-mundo-rural/","name":"Laboratório temático em Estudos sobre cultura e mundo rural - CPDA","isPartOf":{"@id":"https://institucional.ufrrj.br/portalcpda/#website"},"datePublished":"2011-08-09T00:55:37+00:00","dateModified":"2018-06-29T19:14:09+00:00","breadcrumb":{"@id":"https://institucional.ufrrj.br/portalcpda/laboratorio-tematico-em-estudos-sobre-cultura-e-mundo-rural/#breadcrumb"},"inLanguage":"pt-BR","potentialAction":[{"@type":"ReadAction","target":["https://institucional.ufrrj.br/portalcpda/laboratorio-tematico-em-estudos-sobre-cultura-e-mundo-rural/"]}]},{"@type":"BreadcrumbList","@id":"https://institucional.ufrrj.br/portalcpda/laboratorio-tematico-em-estudos-sobre-cultura-e-mundo-rural/#breadcrumb","itemListElement":[{"@type":"ListItem","position":1,"name":"Início","item":"https://institucional.ufrrj.br/portalcpda/"},{"@type":"ListItem","position":2,"name":"Laboratório temático em Estudos sobre cultura e mundo rural"}]},{"@type":"WebSite","@id":"https://institucional.ufrrj.br/portalcpda/#website","url":"https://institucional.ufrrj.br/portalcpda/","name":"CPDA","description":"institucional.ufrrj.br","potentialAction":[{"@type":"SearchAction","target":{"@type":"EntryPoint","urlTemplate":"https://institucional.ufrrj.br/portalcpda/?s={search_term_string}"},"query-input":{"@type":"PropertyValueSpecification","valueRequired":true,"valueName":"search_term_string"}}],"inLanguage":"pt-BR"}]}</script>
<!-- / Yoast SEO plugin. -->

Laboratório temático em Estudos sobre cultura e mundo rural - CPDA

IH 1553 Disciplina Específica da Linha de Pesquisa Estudos de Cultura e Mundo Rural Número de créditos 2 Carga horária: ... leia mais

Início
