{"id":3051,"date":"2013-03-18T21:05:33","date_gmt":"2013-03-19T00:05:33","guid":{"rendered":"http:\/\/r1.ufrrj.br\/cpda\/?page_id=3051"},"modified":"2018-08-20T12:44:17","modified_gmt":"2018-08-20T15:44:17","slug":"raquel-passeri-de-aguiar","status":"publish","type":"page","link":"https:\/\/institucional.ufrrj.br\/portalcpda\/raquel-passeri-de-aguiar\/","title":{"rendered":"Raquel Passeri de Aguiar"},"content":{"rendered":"<p><img loading=\"lazy\" decoding=\"async\" class=\"alignleft wp-image-13905\" src=\"https:\/\/institucional.ufrrj.br\/portalcpda\/files\/2018\/08\/raquel-ddas.jpg\" alt=\"\" width=\"255\" height=\"255\" \/><\/p>\n<p>(21) 2224-8577 \u2013 Ramal 200<br \/>\nsecretariaddas@gmail.com<\/p>\n<p>P\u00f3s-Graduada em Educa\u00e7\u00e3o Ambiental\u00a0\u00a0pelas Faculdades Integradas de Jacarepagu\u00e1 (FIJ),\u00a0possui em seu curr\u00edculo duas gradua\u00e7\u00f5es: Ci\u00eancias Biol\u00f3gicas e Psicologia.\u00a0Servidora concursada no cargo de Assistente de Laborat\u00f3rio, tendo atuado em laborat\u00f3rios de pesquisa da UFRJ e UFRRJ desde 1992. Traz em seu percurso o trabalho na parte administrativa a partir de outubro de 2012, \u00e9poca em que iniciou suas atividades\u00a0\u00a0junto ao DDAS\/CPDA \u2013 UFRRJ\/ICHS.<\/p>\n<p><b>Principais atribui\u00e7\u00f5es:<\/b>\u00a0apoio administrativo \u00e0 Chefia do Departamento\u00a0na secretaria do Departamento, recepcionando as demandas administrativas departamentais; atendimento aos docentes; prepara\u00e7\u00e3o de pautas e atas para reuni\u00e3o; recep\u00e7\u00e3o e encaminhamento de documentos; acompanhamento de processos via SIPAC UFRRJ.<\/p>\n","protected":false},"excerpt":{"rendered":"<p>(21) 2224-8577 \u2013 Ramal 200 secretariaddas@gmail.com P\u00f3s-Graduada em Educa\u00e7\u00e3o Ambiental\u00a0\u00a0pelas Faculdades Integradas de Jacarepagu\u00e1 (FIJ),\u00a0possui em seu curr\u00edculo duas gradua\u00e7\u00f5es: <a class=\"read-more\" href=\"https:\/\/institucional.ufrrj.br\/portalcpda\/raquel-passeri-de-aguiar\/ \" >&#8230; <span class=\"font-italic\">leia mais <i class=\"fas fa-angle-right\"><\/i><\/span><\/a><\/p>\n","protected":false},"author":634,"featured_media":0,"parent":0,"menu_order":0,"comment_status":"open","ping_status":"open","template":"","meta":{"_acf_changed":false,"footnotes":""},"class_list":["post-3051","page","type-page","status-publish","hentry"],"yoast_head":"<!-- This site is optimized with the Yoast SEO plugin v27.2 - https:\/\/yoast.com\/product\/yoast-seo-wordpress\/ -->\n<title>Raquel Passeri de Aguiar - CPDA<\/title>\n<meta name=\"robots\" content=\"index, follow, max-snippet:-1, max-image-preview:large, max-video-preview:-1\" \/>\n<link rel=\"canonical\" href=\"https:\/\/institucional.ufrrj.br\/portalcpda\/raquel-passeri-de-aguiar\/\" \/>\n<meta property=\"og:locale\" content=\"pt_BR\" \/>\n<meta property=\"og:type\" content=\"article\" \/>\n<meta property=\"og:title\" content=\"Raquel Passeri de Aguiar - CPDA\" \/>\n<meta property=\"og:description\" content=\"(21) 2224-8577 \u2013 Ramal 200 secretariaddas@gmail.com P\u00f3s-Graduada em Educa\u00e7\u00e3o Ambiental\u00a0\u00a0pelas Faculdades Integradas de Jacarepagu\u00e1 (FIJ),\u00a0possui em seu curr\u00edculo duas gradua\u00e7\u00f5es: ... leia mais\" \/>\n<meta property=\"og:url\" content=\"https:\/\/institucional.ufrrj.br\/portalcpda\/raquel-passeri-de-aguiar\/\" \/>\n<meta property=\"og:site_name\" content=\"CPDA\" \/>\n<meta property=\"article:modified_time\" content=\"2018-08-20T15:44:17+00:00\" \/>\n<meta property=\"og:image\" content=\"http:\/\/institucional.ufrrj.br\/portalcpda\/files\/2018\/08\/raquel-ddas.jpg\" \/>\n<meta name=\"twitter:card\" content=\"summary_large_image\" \/>\n<meta name=\"twitter:label1\" content=\"Est. tempo de leitura\" \/>\n\t<meta name=\"twitter:data1\" content=\"1 minuto\" \/>\n<script type=\"application\/ld+json\" class=\"yoast-schema-graph\">{\"@context\":\"https:\/\/schema.org\",\"@graph\":[{\"@type\":\"WebPage\",\"@id\":\"https:\/\/institucional.ufrrj.br\/portalcpda\/raquel-passeri-de-aguiar\/\",\"url\":\"https:\/\/institucional.ufrrj.br\/portalcpda\/raquel-passeri-de-aguiar\/\",\"name\":\"Raquel Passeri de Aguiar - CPDA\",\"isPartOf\":{\"@id\":\"https:\/\/institucional.ufrrj.br\/portalcpda\/#website\"},\"primaryImageOfPage\":{\"@id\":\"https:\/\/institucional.ufrrj.br\/portalcpda\/raquel-passeri-de-aguiar\/#primaryimage\"},\"image\":{\"@id\":\"https:\/\/institucional.ufrrj.br\/portalcpda\/raquel-passeri-de-aguiar\/#primaryimage\"},\"thumbnailUrl\":\"http:\/\/institucional.ufrrj.br\/portalcpda\/files\/2018\/08\/raquel-ddas.jpg\",\"datePublished\":\"2013-03-19T00:05:33+00:00\",\"dateModified\":\"2018-08-20T15:44:17+00:00\",\"breadcrumb\":{\"@id\":\"https:\/\/institucional.ufrrj.br\/portalcpda\/raquel-passeri-de-aguiar\/#breadcrumb\"},\"inLanguage\":\"pt-BR\",\"potentialAction\":[{\"@type\":\"ReadAction\",\"target\":[\"https:\/\/institucional.ufrrj.br\/portalcpda\/raquel-passeri-de-aguiar\/\"]}]},{\"@type\":\"ImageObject\",\"inLanguage\":\"pt-BR\",\"@id\":\"https:\/\/institucional.ufrrj.br\/portalcpda\/raquel-passeri-de-aguiar\/#primaryimage\",\"url\":\"http:\/\/institucional.ufrrj.br\/portalcpda\/files\/2018\/08\/raquel-ddas.jpg\",\"contentUrl\":\"http:\/\/institucional.ufrrj.br\/portalcpda\/files\/2018\/08\/raquel-ddas.jpg\"},{\"@type\":\"BreadcrumbList\",\"@id\":\"https:\/\/institucional.ufrrj.br\/portalcpda\/raquel-passeri-de-aguiar\/#breadcrumb\",\"itemListElement\":[{\"@type\":\"ListItem\",\"position\":1,\"name\":\"In\u00edcio\",\"item\":\"https:\/\/institucional.ufrrj.br\/portalcpda\/\"},{\"@type\":\"ListItem\",\"position\":2,\"name\":\"Raquel Passeri de Aguiar\"}]},{\"@type\":\"WebSite\",\"@id\":\"https:\/\/institucional.ufrrj.br\/portalcpda\/#website\",\"url\":\"https:\/\/institucional.ufrrj.br\/portalcpda\/\",\"name\":\"CPDA\",\"description\":\"institucional.ufrrj.br\",\"potentialAction\":[{\"@type\":\"SearchAction\",\"target\":{\"@type\":\"EntryPoint\",\"urlTemplate\":\"https:\/\/institucional.ufrrj.br\/portalcpda\/?s={search_term_string}\"},\"query-input\":{\"@type\":\"PropertyValueSpecification\",\"valueRequired\":true,\"valueName\":\"search_term_string\"}}],\"inLanguage\":\"pt-BR\"}]}<\/script>\n<!-- \/ Yoast SEO plugin. -->","yoast_head_json":{"title":"Raquel Passeri de Aguiar - CPDA","robots":{"index":"index","follow":"follow","max-snippet":"max-snippet:-1","max-image-preview":"max-image-preview:large","max-video-preview":"max-video-preview:-1"},"canonical":"https:\/\/institucional.ufrrj.br\/portalcpda\/raquel-passeri-de-aguiar\/","og_locale":"pt_BR","og_type":"article","og_title":"Raquel Passeri de Aguiar - CPDA","og_description":"(21) 2224-8577 \u2013 Ramal 200 secretariaddas@gmail.com P\u00f3s-Graduada em Educa\u00e7\u00e3o Ambiental\u00a0\u00a0pelas Faculdades Integradas de Jacarepagu\u00e1 (FIJ),\u00a0possui em seu curr\u00edculo duas gradua\u00e7\u00f5es: ... leia mais","og_url":"https:\/\/institucional.ufrrj.br\/portalcpda\/raquel-passeri-de-aguiar\/","og_site_name":"CPDA","article_modified_time":"2018-08-20T15:44:17+00:00","og_image":[{"url":"http:\/\/institucional.ufrrj.br\/portalcpda\/files\/2018\/08\/raquel-ddas.jpg","type":"","width":"","height":""}],"twitter_card":"summary_large_image","twitter_misc":{"Est. tempo de leitura":"1 minuto"},"schema":{"@context":"https:\/\/schema.org","@graph":[{"@type":"WebPage","@id":"https:\/\/institucional.ufrrj.br\/portalcpda\/raquel-passeri-de-aguiar\/","url":"https:\/\/institucional.ufrrj.br\/portalcpda\/raquel-passeri-de-aguiar\/","name":"Raquel Passeri de Aguiar - CPDA","isPartOf":{"@id":"https:\/\/institucional.ufrrj.br\/portalcpda\/#website"},"primaryImageOfPage":{"@id":"https:\/\/institucional.ufrrj.br\/portalcpda\/raquel-passeri-de-aguiar\/#primaryimage"},"image":{"@id":"https:\/\/institucional.ufrrj.br\/portalcpda\/raquel-passeri-de-aguiar\/#primaryimage"},"thumbnailUrl":"http:\/\/institucional.ufrrj.br\/portalcpda\/files\/2018\/08\/raquel-ddas.jpg","datePublished":"2013-03-19T00:05:33+00:00","dateModified":"2018-08-20T15:44:17+00:00","breadcrumb":{"@id":"https:\/\/institucional.ufrrj.br\/portalcpda\/raquel-passeri-de-aguiar\/#breadcrumb"},"inLanguage":"pt-BR","potentialAction":[{"@type":"ReadAction","target":["https:\/\/institucional.ufrrj.br\/portalcpda\/raquel-passeri-de-aguiar\/"]}]},{"@type":"ImageObject","inLanguage":"pt-BR","@id":"https:\/\/institucional.ufrrj.br\/portalcpda\/raquel-passeri-de-aguiar\/#primaryimage","url":"http:\/\/institucional.ufrrj.br\/portalcpda\/files\/2018\/08\/raquel-ddas.jpg","contentUrl":"http:\/\/institucional.ufrrj.br\/portalcpda\/files\/2018\/08\/raquel-ddas.jpg"},{"@type":"BreadcrumbList","@id":"https:\/\/institucional.ufrrj.br\/portalcpda\/raquel-passeri-de-aguiar\/#breadcrumb","itemListElement":[{"@type":"ListItem","position":1,"name":"In\u00edcio","item":"https:\/\/institucional.ufrrj.br\/portalcpda\/"},{"@type":"ListItem","position":2,"name":"Raquel Passeri de Aguiar"}]},{"@type":"WebSite","@id":"https:\/\/institucional.ufrrj.br\/portalcpda\/#website","url":"https:\/\/institucional.ufrrj.br\/portalcpda\/","name":"CPDA","description":"institucional.ufrrj.br","potentialAction":[{"@type":"SearchAction","target":{"@type":"EntryPoint","urlTemplate":"https:\/\/institucional.ufrrj.br\/portalcpda\/?s={search_term_string}"},"query-input":{"@type":"PropertyValueSpecification","valueRequired":true,"valueName":"search_term_string"}}],"inLanguage":"pt-BR"}]}},"acf":[],"_links":{"self":[{"href":"https:\/\/institucional.ufrrj.br\/portalcpda\/wp-json\/wp\/v2\/pages\/3051","targetHints":{"allow":["GET"]}}],"collection":[{"href":"https:\/\/institucional.ufrrj.br\/portalcpda\/wp-json\/wp\/v2\/pages"}],"about":[{"href":"https:\/\/institucional.ufrrj.br\/portalcpda\/wp-json\/wp\/v2\/types\/page"}],"author":[{"embeddable":true,"href":"https:\/\/institucional.ufrrj.br\/portalcpda\/wp-json\/wp\/v2\/users\/634"}],"replies":[{"embeddable":true,"href":"https:\/\/institucional.ufrrj.br\/portalcpda\/wp-json\/wp\/v2\/comments?post=3051"}],"version-history":[{"count":5,"href":"https:\/\/institucional.ufrrj.br\/portalcpda\/wp-json\/wp\/v2\/pages\/3051\/revisions"}],"predecessor-version":[{"id":15137,"href":"https:\/\/institucional.ufrrj.br\/portalcpda\/wp-json\/wp\/v2\/pages\/3051\/revisions\/15137"}],"wp:attachment":[{"href":"https:\/\/institucional.ufrrj.br\/portalcpda\/wp-json\/wp\/v2\/media?parent=3051"}],"curies":[{"name":"wp","href":"https:\/\/api.w.org\/{rel}","templated":true}]}}

<p><img loading="lazy" decoding="async" class="alignleft wp-image-13905" src="https://institucional.ufrrj.br/portalcpda/files/2018/08/raquel-ddas.jpg" alt="" width="255" height="255" /></p>
<p>(21) 2224-8577 – Ramal 200<br />
secretariaddas@gmail.com</p>
<p>Pós-Graduada em Educação Ambiental  pelas Faculdades Integradas de Jacarepaguá (FIJ), possui em seu currículo duas graduações: Ciências Biológicas e Psicologia. Servidora concursada no cargo de Assistente de Laboratório, tendo atuado em laboratórios de pesquisa da UFRJ e UFRRJ desde 1992. Traz em seu percurso o trabalho na parte administrativa a partir de outubro de 2012, época em que iniciou suas atividades  junto ao DDAS/CPDA – UFRRJ/ICHS.</p>
<p><b>Principais atribuições:</b> apoio administrativo à Chefia do Departamento na secretaria do Departamento, recepcionando as demandas administrativas departamentais; atendimento aos docentes; preparação de pautas e atas para reunião; recepção e encaminhamento de documentos; acompanhamento de processos via SIPAC UFRRJ.</p>

<p>(21) 2224-8577 – Ramal 200 secretariaddas@gmail.com Pós-Graduada em Educação Ambiental  pelas Faculdades Integradas de Jacarepaguá (FIJ), possui em seu currículo duas graduações: <a class="read-more" href="https://institucional.ufrrj.br/portalcpda/raquel-passeri-de-aguiar/ " >&#8230; <span class="font-italic">leia mais <i class="fas fa-angle-right"></i></span></a></p>

<!-- This site is optimized with the Yoast SEO plugin v27.2 - https://yoast.com/product/yoast-seo-wordpress/ -->
<title>Raquel Passeri de Aguiar - CPDA</title>
<meta name="robots" content="index, follow, max-snippet:-1, max-image-preview:large, max-video-preview:-1" />
<link rel="canonical" href="https://institucional.ufrrj.br/portalcpda/raquel-passeri-de-aguiar/" />
<meta property="og:locale" content="pt_BR" />
<meta property="og:type" content="article" />
<meta property="og:title" content="Raquel Passeri de Aguiar - CPDA" />
<meta property="og:description" content="(21) 2224-8577 – Ramal 200 secretariaddas@gmail.com Pós-Graduada em Educação Ambiental  pelas Faculdades Integradas de Jacarepaguá (FIJ), possui em seu currículo duas graduações: ... leia mais" />
<meta property="og:url" content="https://institucional.ufrrj.br/portalcpda/raquel-passeri-de-aguiar/" />
<meta property="og:site_name" content="CPDA" />
<meta property="article:modified_time" content="2018-08-20T15:44:17+00:00" />
<meta property="og:image" content="http://institucional.ufrrj.br/portalcpda/files/2018/08/raquel-ddas.jpg" />
<meta name="twitter:card" content="summary_large_image" />
<meta name="twitter:label1" content="Est. tempo de leitura" />
	<meta name="twitter:data1" content="1 minuto" />
<script type="application/ld+json" class="yoast-schema-graph">{"@context":"https://schema.org","@graph":[{"@type":"WebPage","@id":"https://institucional.ufrrj.br/portalcpda/raquel-passeri-de-aguiar/","url":"https://institucional.ufrrj.br/portalcpda/raquel-passeri-de-aguiar/","name":"Raquel Passeri de Aguiar - CPDA","isPartOf":{"@id":"https://institucional.ufrrj.br/portalcpda/#website"},"primaryImageOfPage":{"@id":"https://institucional.ufrrj.br/portalcpda/raquel-passeri-de-aguiar/#primaryimage"},"image":{"@id":"https://institucional.ufrrj.br/portalcpda/raquel-passeri-de-aguiar/#primaryimage"},"thumbnailUrl":"http://institucional.ufrrj.br/portalcpda/files/2018/08/raquel-ddas.jpg","datePublished":"2013-03-19T00:05:33+00:00","dateModified":"2018-08-20T15:44:17+00:00","breadcrumb":{"@id":"https://institucional.ufrrj.br/portalcpda/raquel-passeri-de-aguiar/#breadcrumb"},"inLanguage":"pt-BR","potentialAction":[{"@type":"ReadAction","target":["https://institucional.ufrrj.br/portalcpda/raquel-passeri-de-aguiar/"]}]},{"@type":"ImageObject","inLanguage":"pt-BR","@id":"https://institucional.ufrrj.br/portalcpda/raquel-passeri-de-aguiar/#primaryimage","url":"http://institucional.ufrrj.br/portalcpda/files/2018/08/raquel-ddas.jpg","contentUrl":"http://institucional.ufrrj.br/portalcpda/files/2018/08/raquel-ddas.jpg"},{"@type":"BreadcrumbList","@id":"https://institucional.ufrrj.br/portalcpda/raquel-passeri-de-aguiar/#breadcrumb","itemListElement":[{"@type":"ListItem","position":1,"name":"Início","item":"https://institucional.ufrrj.br/portalcpda/"},{"@type":"ListItem","position":2,"name":"Raquel Passeri de Aguiar"}]},{"@type":"WebSite","@id":"https://institucional.ufrrj.br/portalcpda/#website","url":"https://institucional.ufrrj.br/portalcpda/","name":"CPDA","description":"institucional.ufrrj.br","potentialAction":[{"@type":"SearchAction","target":{"@type":"EntryPoint","urlTemplate":"https://institucional.ufrrj.br/portalcpda/?s={search_term_string}"},"query-input":{"@type":"PropertyValueSpecification","valueRequired":true,"valueName":"search_term_string"}}],"inLanguage":"pt-BR"}]}</script>
<!-- / Yoast SEO plugin. -->

(21) 2224-8577 – Ramal 200 secretariaddas@gmail.com Pós-Graduada em Educação Ambiental  pelas Faculdades Integradas de Jacarepaguá (FIJ), possui em seu currículo duas graduações: ... leia mais

Início
