{"id":274,"date":"2013-04-13T14:16:37","date_gmt":"2013-04-13T17:16:37","guid":{"rendered":"http:\/\/r1.ufrrj.br\/cpda\/?page_id=274"},"modified":"2018-06-29T16:14:31","modified_gmt":"2018-06-29T19:14:31","slug":"movimentos-sociais","status":"publish","type":"page","link":"https:\/\/institucional.ufrrj.br\/portalcpda\/movimentos-sociais\/","title":{"rendered":"Movimentos sociais"},"content":{"rendered":"<div align=\"justify\">A linha volta-se para o estudo da diversidade de formas e significados assumidos, em especial nas sociedades contempor\u00e2neas, pelos conflitos sociais e a\u00e7\u00f5es coletivas que se tornam vis\u00edveis na emerg\u00eancia de movimentos sociais e na din\u00e2mica social construtora de identidades sociais e pol\u00edticas a eles associados. Sob essa \u00f3tica, enfatiza tanto a produ\u00e7\u00e3o de c\u00f3digos culturais e emerg\u00eancia de novos valores, quanto a reinven\u00e7\u00e3o de tradi\u00e7\u00f5es, a constitui\u00e7\u00e3o de identidades e demandas, as formas de express\u00e3o dessas demandas, os canais para onde elas fluem, quer na sua rela\u00e7\u00e3o com o Estado, quer com segmentos da sociedade. Prop\u00f5e ainda o est\u00edmulo a investiga\u00e7\u00f5es de car\u00e1ter hist\u00f3rico, a partir das ferramentas e indaga\u00e7\u00f5es produzidas pelos debates contempor\u00e2neos. S\u00e3o temas de abrang\u00eancia da linha os processos e formas de organiza\u00e7\u00e3o e a\u00e7\u00e3o dos diferentes segmentos de trabalhadores do campo, do empresariado rural e agroindustrial, de mulheres, jovens, idosos, de entidades vinculadas a temas ambientais etc.; valores gerados nesse processo e sua difus\u00e3o; a constru\u00e7\u00e3o de identidades pol\u00edticas; a constitui\u00e7\u00e3o de demandas, grupos de interesses e suas rela\u00e7\u00f5es com o processo de forma\u00e7\u00e3o e gest\u00e3o de pol\u00edticas p\u00fablicas estatais; as articula\u00e7\u00f5es e redes de movimentos de abrang\u00eancia local, nacional e transnacional; a atua\u00e7\u00e3o de media\u00e7\u00f5es em suas diferentes formas institucionais, discursivas e de cultura pol\u00edtica (Igrejas, ONGs, partidos, f\u00f3runs, redes movimentalistas etc); a dimens\u00e3o expressiva dos movimentos sociais; as rela\u00e7\u00f5es entre processos organizativos e constitui\u00e7\u00e3o de novos direitos.<\/div>\n<h2>Professores<\/h2>\n<p>Andrey Cordeiro Ferreira<br \/>\nEli de F\u00e1tima Napole\u00e3o de Lima<br \/>\nLeonilde Servolo de Medeiros<br \/>\nLuiz Fl\u00e1vio de Carvalho Costa<br \/>\nNelson Giordano Delgado<br \/>\nRegina Angela Landim Bruno<br \/>\nRaimundo Santos<\/p>\n<h1>Disciplinas<\/h1>\n<p>IH 1514 &#8211; Organiza\u00e7\u00e3o, pol\u00edtica e poder<br \/>\nRegina Angela Landim Bruno<\/p>\n<p>IH 1521 &#8211; Intelectuais e cultura pol\u00edtica<br \/>\nRaimundo Nonato dos Santos<\/p>\n<p>IH 1522 &#8211; Sociologia Pol\u00edtica<br \/>\nLeonilde Servolo de Medeiros<\/p>\n<p>IH 1567 &#8211; Movimentos sociais<br \/>\nLeonilde Servolo de Medeiros<\/p>\n<p>IH 1545 &#8211; T\u00f3picos especiais em movimentos sociais<br \/>\ntodos os professores da linha<\/p>\n<p>IH 1550 &#8211; Laborat\u00f3rio tem\u00e1tico em movimentos sociais<br \/>\ntodos os professores da linha<\/p>\n","protected":false},"excerpt":{"rendered":"<p>A linha volta-se para o estudo da diversidade de formas e significados assumidos, em especial nas sociedades contempor\u00e2neas, pelos conflitos <a class=\"read-more\" href=\"https:\/\/institucional.ufrrj.br\/portalcpda\/movimentos-sociais\/ \" >&#8230; <span class=\"font-italic\">leia mais <i class=\"fas fa-angle-right\"><\/i><\/span><\/a><\/p>\n","protected":false},"author":634,"featured_media":0,"parent":0,"menu_order":0,"comment_status":"open","ping_status":"open","template":"","meta":{"_acf_changed":false,"footnotes":""},"class_list":["post-274","page","type-page","status-publish","hentry"],"yoast_head":"<!-- This site is optimized with the Yoast SEO plugin v27.2 - https:\/\/yoast.com\/product\/yoast-seo-wordpress\/ -->\n<title>Movimentos sociais - CPDA<\/title>\n<meta name=\"robots\" content=\"index, follow, max-snippet:-1, max-image-preview:large, max-video-preview:-1\" \/>\n<link rel=\"canonical\" href=\"https:\/\/institucional.ufrrj.br\/portalcpda\/movimentos-sociais\/\" \/>\n<meta property=\"og:locale\" content=\"pt_BR\" \/>\n<meta property=\"og:type\" content=\"article\" \/>\n<meta property=\"og:title\" content=\"Movimentos sociais - CPDA\" \/>\n<meta property=\"og:description\" content=\"A linha volta-se para o estudo da diversidade de formas e significados assumidos, em especial nas sociedades contempor\u00e2neas, pelos conflitos ... leia mais\" \/>\n<meta property=\"og:url\" content=\"https:\/\/institucional.ufrrj.br\/portalcpda\/movimentos-sociais\/\" \/>\n<meta property=\"og:site_name\" content=\"CPDA\" \/>\n<meta property=\"article:modified_time\" content=\"2018-06-29T19:14:31+00:00\" \/>\n<meta name=\"twitter:card\" content=\"summary_large_image\" \/>\n<meta name=\"twitter:label1\" content=\"Est. tempo de leitura\" \/>\n\t<meta name=\"twitter:data1\" content=\"2 minutos\" \/>\n<script type=\"application\/ld+json\" class=\"yoast-schema-graph\">{\"@context\":\"https:\/\/schema.org\",\"@graph\":[{\"@type\":\"WebPage\",\"@id\":\"https:\/\/institucional.ufrrj.br\/portalcpda\/movimentos-sociais\/\",\"url\":\"https:\/\/institucional.ufrrj.br\/portalcpda\/movimentos-sociais\/\",\"name\":\"Movimentos sociais - CPDA\",\"isPartOf\":{\"@id\":\"https:\/\/institucional.ufrrj.br\/portalcpda\/#website\"},\"datePublished\":\"2013-04-13T17:16:37+00:00\",\"dateModified\":\"2018-06-29T19:14:31+00:00\",\"breadcrumb\":{\"@id\":\"https:\/\/institucional.ufrrj.br\/portalcpda\/movimentos-sociais\/#breadcrumb\"},\"inLanguage\":\"pt-BR\",\"potentialAction\":[{\"@type\":\"ReadAction\",\"target\":[\"https:\/\/institucional.ufrrj.br\/portalcpda\/movimentos-sociais\/\"]}]},{\"@type\":\"BreadcrumbList\",\"@id\":\"https:\/\/institucional.ufrrj.br\/portalcpda\/movimentos-sociais\/#breadcrumb\",\"itemListElement\":[{\"@type\":\"ListItem\",\"position\":1,\"name\":\"In\u00edcio\",\"item\":\"https:\/\/institucional.ufrrj.br\/portalcpda\/\"},{\"@type\":\"ListItem\",\"position\":2,\"name\":\"Movimentos sociais\"}]},{\"@type\":\"WebSite\",\"@id\":\"https:\/\/institucional.ufrrj.br\/portalcpda\/#website\",\"url\":\"https:\/\/institucional.ufrrj.br\/portalcpda\/\",\"name\":\"CPDA\",\"description\":\"institucional.ufrrj.br\",\"potentialAction\":[{\"@type\":\"SearchAction\",\"target\":{\"@type\":\"EntryPoint\",\"urlTemplate\":\"https:\/\/institucional.ufrrj.br\/portalcpda\/?s={search_term_string}\"},\"query-input\":{\"@type\":\"PropertyValueSpecification\",\"valueRequired\":true,\"valueName\":\"search_term_string\"}}],\"inLanguage\":\"pt-BR\"}]}<\/script>\n<!-- \/ Yoast SEO plugin. -->","yoast_head_json":{"title":"Movimentos sociais - CPDA","robots":{"index":"index","follow":"follow","max-snippet":"max-snippet:-1","max-image-preview":"max-image-preview:large","max-video-preview":"max-video-preview:-1"},"canonical":"https:\/\/institucional.ufrrj.br\/portalcpda\/movimentos-sociais\/","og_locale":"pt_BR","og_type":"article","og_title":"Movimentos sociais - CPDA","og_description":"A linha volta-se para o estudo da diversidade de formas e significados assumidos, em especial nas sociedades contempor\u00e2neas, pelos conflitos ... leia mais","og_url":"https:\/\/institucional.ufrrj.br\/portalcpda\/movimentos-sociais\/","og_site_name":"CPDA","article_modified_time":"2018-06-29T19:14:31+00:00","twitter_card":"summary_large_image","twitter_misc":{"Est. tempo de leitura":"2 minutos"},"schema":{"@context":"https:\/\/schema.org","@graph":[{"@type":"WebPage","@id":"https:\/\/institucional.ufrrj.br\/portalcpda\/movimentos-sociais\/","url":"https:\/\/institucional.ufrrj.br\/portalcpda\/movimentos-sociais\/","name":"Movimentos sociais - CPDA","isPartOf":{"@id":"https:\/\/institucional.ufrrj.br\/portalcpda\/#website"},"datePublished":"2013-04-13T17:16:37+00:00","dateModified":"2018-06-29T19:14:31+00:00","breadcrumb":{"@id":"https:\/\/institucional.ufrrj.br\/portalcpda\/movimentos-sociais\/#breadcrumb"},"inLanguage":"pt-BR","potentialAction":[{"@type":"ReadAction","target":["https:\/\/institucional.ufrrj.br\/portalcpda\/movimentos-sociais\/"]}]},{"@type":"BreadcrumbList","@id":"https:\/\/institucional.ufrrj.br\/portalcpda\/movimentos-sociais\/#breadcrumb","itemListElement":[{"@type":"ListItem","position":1,"name":"In\u00edcio","item":"https:\/\/institucional.ufrrj.br\/portalcpda\/"},{"@type":"ListItem","position":2,"name":"Movimentos sociais"}]},{"@type":"WebSite","@id":"https:\/\/institucional.ufrrj.br\/portalcpda\/#website","url":"https:\/\/institucional.ufrrj.br\/portalcpda\/","name":"CPDA","description":"institucional.ufrrj.br","potentialAction":[{"@type":"SearchAction","target":{"@type":"EntryPoint","urlTemplate":"https:\/\/institucional.ufrrj.br\/portalcpda\/?s={search_term_string}"},"query-input":{"@type":"PropertyValueSpecification","valueRequired":true,"valueName":"search_term_string"}}],"inLanguage":"pt-BR"}]}},"acf":[],"_links":{"self":[{"href":"https:\/\/institucional.ufrrj.br\/portalcpda\/wp-json\/wp\/v2\/pages\/274","targetHints":{"allow":["GET"]}}],"collection":[{"href":"https:\/\/institucional.ufrrj.br\/portalcpda\/wp-json\/wp\/v2\/pages"}],"about":[{"href":"https:\/\/institucional.ufrrj.br\/portalcpda\/wp-json\/wp\/v2\/types\/page"}],"author":[{"embeddable":true,"href":"https:\/\/institucional.ufrrj.br\/portalcpda\/wp-json\/wp\/v2\/users\/634"}],"replies":[{"embeddable":true,"href":"https:\/\/institucional.ufrrj.br\/portalcpda\/wp-json\/wp\/v2\/comments?post=274"}],"version-history":[{"count":1,"href":"https:\/\/institucional.ufrrj.br\/portalcpda\/wp-json\/wp\/v2\/pages\/274\/revisions"}],"predecessor-version":[{"id":14412,"href":"https:\/\/institucional.ufrrj.br\/portalcpda\/wp-json\/wp\/v2\/pages\/274\/revisions\/14412"}],"wp:attachment":[{"href":"https:\/\/institucional.ufrrj.br\/portalcpda\/wp-json\/wp\/v2\/media?parent=274"}],"curies":[{"name":"wp","href":"https:\/\/api.w.org\/{rel}","templated":true}]}}