{"id":23162,"date":"2022-04-27T21:11:15","date_gmt":"2022-04-28T00:11:15","guid":{"rendered":"https:\/\/institucional.ufrrj.br\/portalcpda\/?page_id=23162"},"modified":"2022-04-27T21:33:19","modified_gmt":"2022-04-28T00:33:19","slug":"antropologia-do-territorio","status":"publish","type":"page","link":"https:\/\/institucional.ufrrj.br\/portalcpda\/antropologia-do-territorio\/","title":{"rendered":"Antropologia do Territ\u00f3rio"},"content":{"rendered":"<p>IH 1585<\/p>\n<p>Disciplina Espec\u00edfica da Linha de Pesquisa Terra, Poder e Territ\u00f3rio<br \/>\nN\u00famero de cr\u00e9ditos : 3<br \/>\nCarga hor\u00e1ria: 4 horas aulas semanais<br \/>\nProfessores respons\u00e1veis: Carmen Silvia Andriolli e Andrey Cordeiro Ferreira<\/p>\n<p style=\"font-weight: 400\"><strong>Objetivo<\/strong><\/p>\n<p style=\"font-weight: 400\">O objetivo da disciplina \u00e9 desenvolver uma abordagem sociol\u00f3gica a partir da an\u00e1lise do territ\u00f3rio. Territ\u00f3rio \u00e9, assim, uma categoria chave para pensar as rela\u00e7\u00f5es entre poder, cultura e organiza\u00e7\u00e3o social e, especialmente, destas com as estruturas de poder.<\/p>\n<p style=\"font-weight: 400\"><strong>Ementa<\/strong><\/p>\n<p style=\"font-weight: 400\">A disciplina tem como escopo o territ\u00f3rio como o suporte material de coletividades portadoras de tradi\u00e7\u00f5es, que elaboram estrat\u00e9gias socioculturais dentro de um marco hist\u00f3rico preciso. As leituras e discuss\u00f5es dirigem-se para uma an\u00e1lise de\u00a0<em>processos<\/em>\u00a0(n\u00e3o exclusivamente locais) que permitam compreender as\u00a0<em>situa\u00e7\u00f5es\u00a0<\/em>sociais, com as contradi\u00e7\u00f5es e conflitos que lhes s\u00e3o constitutivos, em sua din\u00e2mica e virtualidades. A disciplina mobiliza o estudo da rela\u00e7\u00e3o de diversos tipos de campesinatos \u00e9tnicos com seus espa\u00e7os, investigando os modos de articula\u00e7\u00e3o que se estabelecem entre o espa\u00e7o geogr\u00e1fico em que vivem e as formas de organiza\u00e7\u00e3o de suas atividades econ\u00f4micas, pol\u00edticas e simb\u00f3licas.<\/p>\n<p style=\"font-weight: 400\"><strong>\u00a0<\/strong><strong>Bibliografia<\/strong><\/p>\n<p style=\"font-weight: 400\">BARTH, Fredrik (Ed.).\u00a0<strong>Scale and social organization<\/strong>. Universitetsforl, 1978.<br \/>\nCASTRO, In\u00e1 Elias de. &#8220;<strong>Geografia e pol\u00edtica<\/strong>.&#8221;\u00a0<em>Rio de Janeiro: Bertrand Brasil<\/em>(2005): 299.<br \/>\nCOSTA, Wanderley Messias da.\u00a0<strong>Geografia pol\u00edtica e geopol\u00edtica<\/strong>, S\u00e3o Paulo Edusp, 1992.<br \/>\nEVANS-PRITCHARD, E. E. \u2013\u00a0<strong>The Nuer.<\/strong>\u00a0[1937] Clarendon Press, Oxford, 1972.<br \/>\nFORTES, Meyer; EVANS-PRITCHARD, Edward Evan.\u00a0<strong>African political systems<\/strong>. Routledge, 2015.<br \/>\nGEERTZ,\u00a0Clifford \u2013 \u201cAfter the Revolution: The fate of nationalism in New States\u201d; \u201cThe Integrative Revolution: Primordial sentiments and civil politics in the New States\u201d In\u00a0<strong>The Interpretation of Cultures<\/strong>.\u00a0New York. Basic Books. 1973.<br \/>\nGLUCKMAN, Max; DEVONS, E. An\u00e1lise de uma Situa\u00e7\u00e3o Social na Moderna Zulul\u00e2ndia.\u00a0<strong>Antropologia das Sociedades Contempor\u00e2neas, S\u00e3o Paulo, Globo<\/strong>, 1987.<br \/>\nHAESBAERT, Rog\u00e9rio. Dos m\u00faltiplos territ\u00f3rios \u00e0 multiterritorialidade.\u00a0<strong>A emerg\u00eancia da multiterritorialidade: a ressignifica\u00e7\u00e3o da rela\u00e7\u00e3o do humano com o espa\u00e7o<\/strong>\u00a0p. 19\u201336 , 2008.Report<br \/>\nLEACH,\u00a0Edmund \u2013 \u201cThe frontier of Burma\u201d.\u00a0<strong>Comparative Studies in Society and History<\/strong>\u00a03 (1):49-73.\u00a01960.<br \/>\nLEACH, Edmund R.\u00a0<strong>Sistemas Pol\u00edticos da Alta Birmania<\/strong>. S\u00e3o Paulo: EDUSP, 1995.<br \/>\nMAUSS, Marcel. \u00a0\u00ab\u00a0Essai sue les variations saisonni\u00e8res des soci\u00e9t\u00e8s Eskimos. \u00c9tude de morphologie sociale\u00a0\u00bb\u00bb [1904-1905] In<strong>\u00a0 Sociologie et Anthropologie.\u00a0<\/strong>Paris, Presses Universitaires de France, 1968. 4<sup>\u00e8me<\/sup>. \u00e9dition. (pgs. 389-477).<br \/>\n<em>_______.\u00a0<\/em><strong>Manual de Etnografia<\/strong>. [S.l: s.n.]. Dispon\u00edvel em: &lt;<a href=\"https:\/\/www.scribd.com\/doc\/231453890\/Marcel-Mauss-1926-Manual-de-Etnografia\" data-saferedirecturl=\"https:\/\/www.google.com\/url?q=https:\/\/www.scribd.com\/doc\/231453890\/Marcel-Mauss-1926-Manual-de-Etnografia&amp;source=gmail&amp;ust=1651159435352000&amp;usg=AOvVaw1_KzNbQ68udHdj3JaS7pPo\">https:\/\/www.scribd.com\/doc\/231453890\/Marcel-Mauss-1926-Manual-de-Etnografia<\/a>&gt;. , [S.d.]<br \/>\n______. \u201cLa Nation\u201d In<strong>\u00a0Oeuvres<\/strong>. V. Karady (ed). \u00c9ditions de Minuit, Paris, 1968.<br \/>\n______. \u00ab\u00a0Les civilisations. \u00c9l\u00e9ments et formes\u00a0\u00bb. In\u00a0<strong>Essais de Sociologie<\/strong>. \u00c9ditions de Minuit, Paris, 1968.<br \/>\n_______. \u00ab\u00a0Fragment d\u2019 un plan de sociologie g\u00e9n\u00e9rale descriptive\u00a0\u00bb\u00a0 In\u00a0<strong>Essais de Sociologie<\/strong>. \u00c9ditions de Minuit, Paris, 1968.<br \/>\n_______.\u00a0<strong>The Sanusi of Cirenaica.<\/strong>\u00a0[1949] Clarendon Press, Oxford, 1973.<br \/>\nPRATT, Mary Louise \u2013\u00a0<strong>Imperial Eyes: travel writing and transculturation<\/strong>. London: Routledge.\u00a01992.<br \/>\nRAFESTIN, Claude.\u00a0<strong>Por uma geografia do poder<\/strong>. S\u00e3o Paulo: Atica, 1993. 269 p.<br \/>\nSACK, Robert D. Human Territoriality: A Theory.\u00a0<strong>Annals of the Association of American Geographers<\/strong> v. 73, n. 1, p. 55\u201374 , 1983.<br \/>\nSEEMANN, J\u00f6rn. MAPAS, MAPEAMENTOS E A CARTOGRAFIA DA REALIDADE. <strong>GEOGRAFARES<\/strong>\u00a0n. 4, p. 49\u201360 , 2003.<br \/>\nWOLF, Eric R.\u00a0<strong>A Europa e os povos sem hist\u00f3ria<\/strong>.\u00a0EDUSP, 2005.<\/p>\n","protected":false},"excerpt":{"rendered":"<p>IH 1585 Disciplina Espec\u00edfica da Linha de Pesquisa Terra, Poder e Territ\u00f3rio N\u00famero de cr\u00e9ditos : 3 Carga hor\u00e1ria: 4 <a class=\"read-more\" href=\"https:\/\/institucional.ufrrj.br\/portalcpda\/antropologia-do-territorio\/ \" >&#8230; <span class=\"font-italic\">leia mais <i class=\"fas fa-angle-right\"><\/i><\/span><\/a><\/p>\n","protected":false},"author":711,"featured_media":0,"parent":0,"menu_order":0,"comment_status":"closed","ping_status":"closed","template":"","meta":{"_acf_changed":false,"footnotes":""},"class_list":["post-23162","page","type-page","status-publish","hentry"],"yoast_head":"<!-- This site is optimized with the Yoast SEO plugin v27.2 - https:\/\/yoast.com\/product\/yoast-seo-wordpress\/ -->\n<title>Antropologia do Territ\u00f3rio - CPDA<\/title>\n<meta name=\"robots\" content=\"index, follow, max-snippet:-1, max-image-preview:large, max-video-preview:-1\" \/>\n<link rel=\"canonical\" href=\"https:\/\/institucional.ufrrj.br\/portalcpda\/antropologia-do-territorio\/\" \/>\n<meta property=\"og:locale\" content=\"pt_BR\" \/>\n<meta property=\"og:type\" content=\"article\" \/>\n<meta property=\"og:title\" content=\"Antropologia do Territ\u00f3rio - CPDA\" \/>\n<meta property=\"og:description\" content=\"IH 1585 Disciplina Espec\u00edfica da Linha de Pesquisa Terra, Poder e Territ\u00f3rio N\u00famero de cr\u00e9ditos : 3 Carga hor\u00e1ria: 4 ... leia mais\" \/>\n<meta property=\"og:url\" content=\"https:\/\/institucional.ufrrj.br\/portalcpda\/antropologia-do-territorio\/\" \/>\n<meta property=\"og:site_name\" content=\"CPDA\" \/>\n<meta property=\"article:modified_time\" content=\"2022-04-28T00:33:19+00:00\" \/>\n<meta name=\"twitter:card\" content=\"summary_large_image\" \/>\n<meta name=\"twitter:label1\" content=\"Est. tempo de leitura\" \/>\n\t<meta name=\"twitter:data1\" content=\"3 minutos\" \/>\n<script type=\"application\/ld+json\" class=\"yoast-schema-graph\">{\"@context\":\"https:\/\/schema.org\",\"@graph\":[{\"@type\":\"WebPage\",\"@id\":\"https:\/\/institucional.ufrrj.br\/portalcpda\/antropologia-do-territorio\/\",\"url\":\"https:\/\/institucional.ufrrj.br\/portalcpda\/antropologia-do-territorio\/\",\"name\":\"Antropologia do Territ\u00f3rio - CPDA\",\"isPartOf\":{\"@id\":\"https:\/\/institucional.ufrrj.br\/portalcpda\/#website\"},\"datePublished\":\"2022-04-28T00:11:15+00:00\",\"dateModified\":\"2022-04-28T00:33:19+00:00\",\"breadcrumb\":{\"@id\":\"https:\/\/institucional.ufrrj.br\/portalcpda\/antropologia-do-territorio\/#breadcrumb\"},\"inLanguage\":\"pt-BR\",\"potentialAction\":[{\"@type\":\"ReadAction\",\"target\":[\"https:\/\/institucional.ufrrj.br\/portalcpda\/antropologia-do-territorio\/\"]}]},{\"@type\":\"BreadcrumbList\",\"@id\":\"https:\/\/institucional.ufrrj.br\/portalcpda\/antropologia-do-territorio\/#breadcrumb\",\"itemListElement\":[{\"@type\":\"ListItem\",\"position\":1,\"name\":\"In\u00edcio\",\"item\":\"https:\/\/institucional.ufrrj.br\/portalcpda\/\"},{\"@type\":\"ListItem\",\"position\":2,\"name\":\"Antropologia do Territ\u00f3rio\"}]},{\"@type\":\"WebSite\",\"@id\":\"https:\/\/institucional.ufrrj.br\/portalcpda\/#website\",\"url\":\"https:\/\/institucional.ufrrj.br\/portalcpda\/\",\"name\":\"CPDA\",\"description\":\"institucional.ufrrj.br\",\"potentialAction\":[{\"@type\":\"SearchAction\",\"target\":{\"@type\":\"EntryPoint\",\"urlTemplate\":\"https:\/\/institucional.ufrrj.br\/portalcpda\/?s={search_term_string}\"},\"query-input\":{\"@type\":\"PropertyValueSpecification\",\"valueRequired\":true,\"valueName\":\"search_term_string\"}}],\"inLanguage\":\"pt-BR\"}]}<\/script>\n<!-- \/ Yoast SEO plugin. -->","yoast_head_json":{"title":"Antropologia do Territ\u00f3rio - CPDA","robots":{"index":"index","follow":"follow","max-snippet":"max-snippet:-1","max-image-preview":"max-image-preview:large","max-video-preview":"max-video-preview:-1"},"canonical":"https:\/\/institucional.ufrrj.br\/portalcpda\/antropologia-do-territorio\/","og_locale":"pt_BR","og_type":"article","og_title":"Antropologia do Territ\u00f3rio - CPDA","og_description":"IH 1585 Disciplina Espec\u00edfica da Linha de Pesquisa Terra, Poder e Territ\u00f3rio N\u00famero de cr\u00e9ditos : 3 Carga hor\u00e1ria: 4 ... leia mais","og_url":"https:\/\/institucional.ufrrj.br\/portalcpda\/antropologia-do-territorio\/","og_site_name":"CPDA","article_modified_time":"2022-04-28T00:33:19+00:00","twitter_card":"summary_large_image","twitter_misc":{"Est. tempo de leitura":"3 minutos"},"schema":{"@context":"https:\/\/schema.org","@graph":[{"@type":"WebPage","@id":"https:\/\/institucional.ufrrj.br\/portalcpda\/antropologia-do-territorio\/","url":"https:\/\/institucional.ufrrj.br\/portalcpda\/antropologia-do-territorio\/","name":"Antropologia do Territ\u00f3rio - CPDA","isPartOf":{"@id":"https:\/\/institucional.ufrrj.br\/portalcpda\/#website"},"datePublished":"2022-04-28T00:11:15+00:00","dateModified":"2022-04-28T00:33:19+00:00","breadcrumb":{"@id":"https:\/\/institucional.ufrrj.br\/portalcpda\/antropologia-do-territorio\/#breadcrumb"},"inLanguage":"pt-BR","potentialAction":[{"@type":"ReadAction","target":["https:\/\/institucional.ufrrj.br\/portalcpda\/antropologia-do-territorio\/"]}]},{"@type":"BreadcrumbList","@id":"https:\/\/institucional.ufrrj.br\/portalcpda\/antropologia-do-territorio\/#breadcrumb","itemListElement":[{"@type":"ListItem","position":1,"name":"In\u00edcio","item":"https:\/\/institucional.ufrrj.br\/portalcpda\/"},{"@type":"ListItem","position":2,"name":"Antropologia do Territ\u00f3rio"}]},{"@type":"WebSite","@id":"https:\/\/institucional.ufrrj.br\/portalcpda\/#website","url":"https:\/\/institucional.ufrrj.br\/portalcpda\/","name":"CPDA","description":"institucional.ufrrj.br","potentialAction":[{"@type":"SearchAction","target":{"@type":"EntryPoint","urlTemplate":"https:\/\/institucional.ufrrj.br\/portalcpda\/?s={search_term_string}"},"query-input":{"@type":"PropertyValueSpecification","valueRequired":true,"valueName":"search_term_string"}}],"inLanguage":"pt-BR"}]}},"acf":[],"_links":{"self":[{"href":"https:\/\/institucional.ufrrj.br\/portalcpda\/wp-json\/wp\/v2\/pages\/23162","targetHints":{"allow":["GET"]}}],"collection":[{"href":"https:\/\/institucional.ufrrj.br\/portalcpda\/wp-json\/wp\/v2\/pages"}],"about":[{"href":"https:\/\/institucional.ufrrj.br\/portalcpda\/wp-json\/wp\/v2\/types\/page"}],"author":[{"embeddable":true,"href":"https:\/\/institucional.ufrrj.br\/portalcpda\/wp-json\/wp\/v2\/users\/711"}],"replies":[{"embeddable":true,"href":"https:\/\/institucional.ufrrj.br\/portalcpda\/wp-json\/wp\/v2\/comments?post=23162"}],"version-history":[{"count":6,"href":"https:\/\/institucional.ufrrj.br\/portalcpda\/wp-json\/wp\/v2\/pages\/23162\/revisions"}],"predecessor-version":[{"id":23173,"href":"https:\/\/institucional.ufrrj.br\/portalcpda\/wp-json\/wp\/v2\/pages\/23162\/revisions\/23173"}],"wp:attachment":[{"href":"https:\/\/institucional.ufrrj.br\/portalcpda\/wp-json\/wp\/v2\/media?parent=23162"}],"curies":[{"name":"wp","href":"https:\/\/api.w.org\/{rel}","templated":true}]}}