{"id":196,"date":"2011-07-05T19:32:29","date_gmt":"2011-07-05T19:32:29","guid":{"rendered":"http:\/\/r1.ufrrj.br\/cpda\/?page_id=196"},"modified":"2018-06-29T16:14:56","modified_gmt":"2018-06-29T19:14:56","slug":"politicas-publicas-para-o-sistema-agroalimentar","status":"publish","type":"page","link":"https:\/\/institucional.ufrrj.br\/portalcpda\/politicas-publicas-para-o-sistema-agroalimentar\/","title":{"rendered":"Pol\u00edticas p\u00fablicas para o sistema agroalimentar"},"content":{"rendered":"<p>IH 1516<\/p>\n<p>Disciplina espec\u00edfica da linha Pol\u00edticas p\u00fablicas, Estado e atores<br \/>\nN\u00famero de cr\u00e9ditos : 3<br \/>\nCarga hor\u00e1ria: 4 horas aulas semanais (2 te\u00f3ricas e 2 pr\u00e1ticas)<br \/>\nProfessor respons\u00e1vel: S\u00e9rgio Pereira Leite<\/p>\n<p><strong>Objetivos<\/strong><\/p>\n<p>A disciplina tem por objetivo apresentar ao aluno uma abordagem hist\u00f3rica do exerc\u00edcio de pol\u00edticas p\u00fablicas em diferentes contextos e pa\u00edses, bem como detalhar conceitual e metodologicamente os processos de formula\u00e7\u00e3o, gest\u00e3o e implementa\u00e7\u00e3o de programas e mecanismos direcionados ao setor rural.<\/p>\n<p>Ementa<\/p>\n<p>O curso visa dar o embasamento geral sobre o tema das pol\u00edticas p\u00fablicas para o sistema agroalimentar atrav\u00e9s de tr\u00eas abordagens: a) um exame dos procedimentos, mecanismos, instrumentos e metodologias empregados na formula\u00e7\u00e3o\/an\u00e1lise de pol\u00edticas p\u00fablicas no setor rural, \u00e0 luz das quest\u00f5es tratadas no \u00e2mbito das dimens\u00f5es da pol\u00edtica macroecon\u00f4mica e pol\u00edtico-institucional; b) o resgate da interface entre agricultura e o processo de desenvolvimento e seus respectivos desdobramentos no cen\u00e1rio recente, informando novos modelos de interven\u00e7\u00e3o do Estado e formata\u00e7\u00e3o de programas setoriais diferenciados; c) uma an\u00e1lise hist\u00f3rica do processo de formula\u00e7\u00e3o, implementa\u00e7\u00e3o e execu\u00e7\u00e3o de pol\u00edticas agr\u00edcolas e agr\u00e1rias, tendo por base a experi\u00eancia brasileira e internacional.<\/p>\n<p><strong>Bibliografia<\/strong><\/p>\n<p>BUAINAIN, Antonio M. Trajet\u00f3ria recente da pol\u00edtica agr\u00edcola brasileira. Campinas: Projeto FAO\/036\/BRA, 1997.<br \/>\nCOCHRANE, W. W. The development of american agriculture. A historical analysis. Minneapolis: Univ. of Minenesota Press, 1993.<br \/>\nDELGADO, Guilherme. Capital financeiro e agricultura no Brasil. Campinas: \u00cdcone, 1985.<br \/>\nDELGADO, Guilherme. \u201cPol\u00edtica de pre\u00e7os m\u00ednimos: uma avalia\u00e7\u00e3o do sistema de garantia de pre\u00e7os da CFP\u201d. IPEA\/IPLAN. Para a d\u00e9cada de 90: prioridades e perspectivas de pol\u00edticas p\u00fablicas. v.1. Bras\u00edlia: IPEA, 1989.<br \/>\nFAO\/ONU. Macroeconom\u00eda y pol\u00edticas agricolas: una gu\u00eda metodol\u00f3gica. Roma: FAO, 1995.<br \/>\nGOHIN, Alexandre, ROGER, Claude. La politique agricole commune de l\u2019Union Europ\u00e9enne et les n\u00e9gotiations commerciales multilat\u00e9rales: un rappel. Montpellier: Ensam\/Inra, 1999.<br \/>\nLAMOUNIER, Bol\u00edvar (coord.) Determinantes pol\u00edticos da pol\u00edtica agr\u00edcola: um estudo de atores, demandas e mecanismos de decis\u00e3o. Bras\u00edlia: Ipea, 1994.<br \/>\nLEITE, S\u00e9rgio (org.) Pol\u00edticas p\u00fablicas e agricultura no Brasil. Porto Alegre: Ed. da Universidade, 2001.<br \/>\nLINDERT, Peter H. \u201cHistorical patterns of agricultural policy\u201d. In: Timmer, C.P. (ed) Agriculture and the State. Ithaca: Cornell Univ., 1991.<br \/>\nMOYANO, Eduardo. \u201cLa agricultura entre el nuevo y el viejo corporatismo\u201d. In: Giner, S. e Yruela, M.P. (coord). El corporatismo en Espa\u00f1a. Barcelona: Ariel, 1989.<\/p>\n","protected":false},"excerpt":{"rendered":"<p>IH 1516 Disciplina espec\u00edfica da linha Pol\u00edticas p\u00fablicas, Estado e atores N\u00famero de cr\u00e9ditos : 3 Carga hor\u00e1ria: 4 horas <a class=\"read-more\" href=\"https:\/\/institucional.ufrrj.br\/portalcpda\/politicas-publicas-para-o-sistema-agroalimentar\/ \" >&#8230; <span class=\"font-italic\">leia mais <i class=\"fas fa-angle-right\"><\/i><\/span><\/a><\/p>\n","protected":false},"author":634,"featured_media":0,"parent":0,"menu_order":0,"comment_status":"open","ping_status":"open","template":"","meta":{"_acf_changed":false,"footnotes":""},"class_list":["post-196","page","type-page","status-publish","hentry"],"yoast_head":"<!-- This site is optimized with the Yoast SEO plugin v27.2 - https:\/\/yoast.com\/product\/yoast-seo-wordpress\/ -->\n<title>Pol\u00edticas p\u00fablicas para o sistema agroalimentar - CPDA<\/title>\n<meta name=\"robots\" content=\"index, follow, max-snippet:-1, max-image-preview:large, max-video-preview:-1\" \/>\n<link rel=\"canonical\" href=\"https:\/\/institucional.ufrrj.br\/portalcpda\/politicas-publicas-para-o-sistema-agroalimentar\/\" \/>\n<meta property=\"og:locale\" content=\"pt_BR\" \/>\n<meta property=\"og:type\" content=\"article\" \/>\n<meta property=\"og:title\" content=\"Pol\u00edticas p\u00fablicas para o sistema agroalimentar - CPDA\" \/>\n<meta property=\"og:description\" content=\"IH 1516 Disciplina espec\u00edfica da linha Pol\u00edticas p\u00fablicas, Estado e atores N\u00famero de cr\u00e9ditos : 3 Carga hor\u00e1ria: 4 horas ... leia mais\" \/>\n<meta property=\"og:url\" content=\"https:\/\/institucional.ufrrj.br\/portalcpda\/politicas-publicas-para-o-sistema-agroalimentar\/\" \/>\n<meta property=\"og:site_name\" content=\"CPDA\" \/>\n<meta property=\"article:modified_time\" content=\"2018-06-29T19:14:56+00:00\" \/>\n<meta name=\"twitter:card\" content=\"summary_large_image\" \/>\n<meta name=\"twitter:label1\" content=\"Est. tempo de leitura\" \/>\n\t<meta name=\"twitter:data1\" content=\"2 minutos\" \/>\n<script type=\"application\/ld+json\" class=\"yoast-schema-graph\">{\"@context\":\"https:\/\/schema.org\",\"@graph\":[{\"@type\":\"WebPage\",\"@id\":\"https:\/\/institucional.ufrrj.br\/portalcpda\/politicas-publicas-para-o-sistema-agroalimentar\/\",\"url\":\"https:\/\/institucional.ufrrj.br\/portalcpda\/politicas-publicas-para-o-sistema-agroalimentar\/\",\"name\":\"Pol\u00edticas p\u00fablicas para o sistema agroalimentar - CPDA\",\"isPartOf\":{\"@id\":\"https:\/\/institucional.ufrrj.br\/portalcpda\/#website\"},\"datePublished\":\"2011-07-05T19:32:29+00:00\",\"dateModified\":\"2018-06-29T19:14:56+00:00\",\"breadcrumb\":{\"@id\":\"https:\/\/institucional.ufrrj.br\/portalcpda\/politicas-publicas-para-o-sistema-agroalimentar\/#breadcrumb\"},\"inLanguage\":\"pt-BR\",\"potentialAction\":[{\"@type\":\"ReadAction\",\"target\":[\"https:\/\/institucional.ufrrj.br\/portalcpda\/politicas-publicas-para-o-sistema-agroalimentar\/\"]}]},{\"@type\":\"BreadcrumbList\",\"@id\":\"https:\/\/institucional.ufrrj.br\/portalcpda\/politicas-publicas-para-o-sistema-agroalimentar\/#breadcrumb\",\"itemListElement\":[{\"@type\":\"ListItem\",\"position\":1,\"name\":\"In\u00edcio\",\"item\":\"https:\/\/institucional.ufrrj.br\/portalcpda\/\"},{\"@type\":\"ListItem\",\"position\":2,\"name\":\"Pol\u00edticas p\u00fablicas para o sistema agroalimentar\"}]},{\"@type\":\"WebSite\",\"@id\":\"https:\/\/institucional.ufrrj.br\/portalcpda\/#website\",\"url\":\"https:\/\/institucional.ufrrj.br\/portalcpda\/\",\"name\":\"CPDA\",\"description\":\"institucional.ufrrj.br\",\"potentialAction\":[{\"@type\":\"SearchAction\",\"target\":{\"@type\":\"EntryPoint\",\"urlTemplate\":\"https:\/\/institucional.ufrrj.br\/portalcpda\/?s={search_term_string}\"},\"query-input\":{\"@type\":\"PropertyValueSpecification\",\"valueRequired\":true,\"valueName\":\"search_term_string\"}}],\"inLanguage\":\"pt-BR\"}]}<\/script>\n<!-- \/ Yoast SEO plugin. -->","yoast_head_json":{"title":"Pol\u00edticas p\u00fablicas para o sistema agroalimentar - CPDA","robots":{"index":"index","follow":"follow","max-snippet":"max-snippet:-1","max-image-preview":"max-image-preview:large","max-video-preview":"max-video-preview:-1"},"canonical":"https:\/\/institucional.ufrrj.br\/portalcpda\/politicas-publicas-para-o-sistema-agroalimentar\/","og_locale":"pt_BR","og_type":"article","og_title":"Pol\u00edticas p\u00fablicas para o sistema agroalimentar - CPDA","og_description":"IH 1516 Disciplina espec\u00edfica da linha Pol\u00edticas p\u00fablicas, Estado e atores N\u00famero de cr\u00e9ditos : 3 Carga hor\u00e1ria: 4 horas ... leia mais","og_url":"https:\/\/institucional.ufrrj.br\/portalcpda\/politicas-publicas-para-o-sistema-agroalimentar\/","og_site_name":"CPDA","article_modified_time":"2018-06-29T19:14:56+00:00","twitter_card":"summary_large_image","twitter_misc":{"Est. tempo de leitura":"2 minutos"},"schema":{"@context":"https:\/\/schema.org","@graph":[{"@type":"WebPage","@id":"https:\/\/institucional.ufrrj.br\/portalcpda\/politicas-publicas-para-o-sistema-agroalimentar\/","url":"https:\/\/institucional.ufrrj.br\/portalcpda\/politicas-publicas-para-o-sistema-agroalimentar\/","name":"Pol\u00edticas p\u00fablicas para o sistema agroalimentar - CPDA","isPartOf":{"@id":"https:\/\/institucional.ufrrj.br\/portalcpda\/#website"},"datePublished":"2011-07-05T19:32:29+00:00","dateModified":"2018-06-29T19:14:56+00:00","breadcrumb":{"@id":"https:\/\/institucional.ufrrj.br\/portalcpda\/politicas-publicas-para-o-sistema-agroalimentar\/#breadcrumb"},"inLanguage":"pt-BR","potentialAction":[{"@type":"ReadAction","target":["https:\/\/institucional.ufrrj.br\/portalcpda\/politicas-publicas-para-o-sistema-agroalimentar\/"]}]},{"@type":"BreadcrumbList","@id":"https:\/\/institucional.ufrrj.br\/portalcpda\/politicas-publicas-para-o-sistema-agroalimentar\/#breadcrumb","itemListElement":[{"@type":"ListItem","position":1,"name":"In\u00edcio","item":"https:\/\/institucional.ufrrj.br\/portalcpda\/"},{"@type":"ListItem","position":2,"name":"Pol\u00edticas p\u00fablicas para o sistema agroalimentar"}]},{"@type":"WebSite","@id":"https:\/\/institucional.ufrrj.br\/portalcpda\/#website","url":"https:\/\/institucional.ufrrj.br\/portalcpda\/","name":"CPDA","description":"institucional.ufrrj.br","potentialAction":[{"@type":"SearchAction","target":{"@type":"EntryPoint","urlTemplate":"https:\/\/institucional.ufrrj.br\/portalcpda\/?s={search_term_string}"},"query-input":{"@type":"PropertyValueSpecification","valueRequired":true,"valueName":"search_term_string"}}],"inLanguage":"pt-BR"}]}},"acf":[],"_links":{"self":[{"href":"https:\/\/institucional.ufrrj.br\/portalcpda\/wp-json\/wp\/v2\/pages\/196","targetHints":{"allow":["GET"]}}],"collection":[{"href":"https:\/\/institucional.ufrrj.br\/portalcpda\/wp-json\/wp\/v2\/pages"}],"about":[{"href":"https:\/\/institucional.ufrrj.br\/portalcpda\/wp-json\/wp\/v2\/types\/page"}],"author":[{"embeddable":true,"href":"https:\/\/institucional.ufrrj.br\/portalcpda\/wp-json\/wp\/v2\/users\/634"}],"replies":[{"embeddable":true,"href":"https:\/\/institucional.ufrrj.br\/portalcpda\/wp-json\/wp\/v2\/comments?post=196"}],"version-history":[{"count":1,"href":"https:\/\/institucional.ufrrj.br\/portalcpda\/wp-json\/wp\/v2\/pages\/196\/revisions"}],"predecessor-version":[{"id":13346,"href":"https:\/\/institucional.ufrrj.br\/portalcpda\/wp-json\/wp\/v2\/pages\/196\/revisions\/13346"}],"wp:attachment":[{"href":"https:\/\/institucional.ufrrj.br\/portalcpda\/wp-json\/wp\/v2\/media?parent=196"}],"curies":[{"name":"wp","href":"https:\/\/api.w.org\/{rel}","templated":true}]}}

Políticas públicas para o sistema agroalimentar

<p>IH 1516</p>
<p>Disciplina específica da linha Políticas públicas, Estado e atores<br />
Número de créditos : 3<br />
Carga horária: 4 horas aulas semanais (2 teóricas e 2 práticas)<br />
Professor responsável: Sérgio Pereira Leite</p>
<p><strong>Objetivos</strong></p>
<p>A disciplina tem por objetivo apresentar ao aluno uma abordagem histórica do exercício de políticas públicas em diferentes contextos e países, bem como detalhar conceitual e metodologicamente os processos de formulação, gestão e implementação de programas e mecanismos direcionados ao setor rural.</p>
<p>Ementa</p>
<p>O curso visa dar o embasamento geral sobre o tema das políticas públicas para o sistema agroalimentar através de três abordagens: a) um exame dos procedimentos, mecanismos, instrumentos e metodologias empregados na formulação/análise de políticas públicas no setor rural, à luz das questões tratadas no âmbito das dimensões da política macroeconômica e político-institucional; b) o resgate da interface entre agricultura e o processo de desenvolvimento e seus respectivos desdobramentos no cenário recente, informando novos modelos de intervenção do Estado e formatação de programas setoriais diferenciados; c) uma análise histórica do processo de formulação, implementação e execução de políticas agrícolas e agrárias, tendo por base a experiência brasileira e internacional.</p>
<p><strong>Bibliografia</strong></p>
<p>BUAINAIN, Antonio M. Trajetória recente da política agrícola brasileira. Campinas: Projeto FAO/036/BRA, 1997.<br />
COCHRANE, W. W. The development of american agriculture. A historical analysis. Minneapolis: Univ. of Minenesota Press, 1993.<br />
DELGADO, Guilherme. Capital financeiro e agricultura no Brasil. Campinas: Ícone, 1985.<br />
DELGADO, Guilherme. “Política de preços mínimos: uma avaliação do sistema de garantia de preços da CFP”. IPEA/IPLAN. Para a década de 90: prioridades e perspectivas de políticas públicas. v.1. Brasília: IPEA, 1989.<br />
FAO/ONU. Macroeconomía y políticas agricolas: una guía metodológica. Roma: FAO, 1995.<br />
GOHIN, Alexandre, ROGER, Claude. La politique agricole commune de l’Union Européenne et les négotiations commerciales multilatérales: un rappel. Montpellier: Ensam/Inra, 1999.<br />
LAMOUNIER, Bolívar (coord.) Determinantes políticos da política agrícola: um estudo de atores, demandas e mecanismos de decisão. Brasília: Ipea, 1994.<br />
LEITE, Sérgio (org.) Políticas públicas e agricultura no Brasil. Porto Alegre: Ed. da Universidade, 2001.<br />
LINDERT, Peter H. “Historical patterns of agricultural policy”. In: Timmer, C.P. (ed) Agriculture and the State. Ithaca: Cornell Univ., 1991.<br />
MOYANO, Eduardo. “La agricultura entre el nuevo y el viejo corporatismo”. In: Giner, S. e Yruela, M.P. (coord). El corporatismo en España. Barcelona: Ariel, 1989.</p>

<p>IH 1516 Disciplina específica da linha Políticas públicas, Estado e atores Número de créditos : 3 Carga horária: 4 horas <a class="read-more" href="https://institucional.ufrrj.br/portalcpda/politicas-publicas-para-o-sistema-agroalimentar/ " >&#8230; <span class="font-italic">leia mais <i class="fas fa-angle-right"></i></span></a></p>

<!-- This site is optimized with the Yoast SEO plugin v27.2 - https://yoast.com/product/yoast-seo-wordpress/ -->
<title>Políticas públicas para o sistema agroalimentar - CPDA</title>
<meta name="robots" content="index, follow, max-snippet:-1, max-image-preview:large, max-video-preview:-1" />
<link rel="canonical" href="https://institucional.ufrrj.br/portalcpda/politicas-publicas-para-o-sistema-agroalimentar/" />
<meta property="og:locale" content="pt_BR" />
<meta property="og:type" content="article" />
<meta property="og:title" content="Políticas públicas para o sistema agroalimentar - CPDA" />
<meta property="og:description" content="IH 1516 Disciplina específica da linha Políticas públicas, Estado e atores Número de créditos : 3 Carga horária: 4 horas ... leia mais" />
<meta property="og:url" content="https://institucional.ufrrj.br/portalcpda/politicas-publicas-para-o-sistema-agroalimentar/" />
<meta property="og:site_name" content="CPDA" />
<meta property="article:modified_time" content="2018-06-29T19:14:56+00:00" />
<meta name="twitter:card" content="summary_large_image" />
<meta name="twitter:label1" content="Est. tempo de leitura" />
	<meta name="twitter:data1" content="2 minutos" />
<script type="application/ld+json" class="yoast-schema-graph">{"@context":"https://schema.org","@graph":[{"@type":"WebPage","@id":"https://institucional.ufrrj.br/portalcpda/politicas-publicas-para-o-sistema-agroalimentar/","url":"https://institucional.ufrrj.br/portalcpda/politicas-publicas-para-o-sistema-agroalimentar/","name":"Políticas públicas para o sistema agroalimentar - CPDA","isPartOf":{"@id":"https://institucional.ufrrj.br/portalcpda/#website"},"datePublished":"2011-07-05T19:32:29+00:00","dateModified":"2018-06-29T19:14:56+00:00","breadcrumb":{"@id":"https://institucional.ufrrj.br/portalcpda/politicas-publicas-para-o-sistema-agroalimentar/#breadcrumb"},"inLanguage":"pt-BR","potentialAction":[{"@type":"ReadAction","target":["https://institucional.ufrrj.br/portalcpda/politicas-publicas-para-o-sistema-agroalimentar/"]}]},{"@type":"BreadcrumbList","@id":"https://institucional.ufrrj.br/portalcpda/politicas-publicas-para-o-sistema-agroalimentar/#breadcrumb","itemListElement":[{"@type":"ListItem","position":1,"name":"Início","item":"https://institucional.ufrrj.br/portalcpda/"},{"@type":"ListItem","position":2,"name":"Políticas públicas para o sistema agroalimentar"}]},{"@type":"WebSite","@id":"https://institucional.ufrrj.br/portalcpda/#website","url":"https://institucional.ufrrj.br/portalcpda/","name":"CPDA","description":"institucional.ufrrj.br","potentialAction":[{"@type":"SearchAction","target":{"@type":"EntryPoint","urlTemplate":"https://institucional.ufrrj.br/portalcpda/?s={search_term_string}"},"query-input":{"@type":"PropertyValueSpecification","valueRequired":true,"valueName":"search_term_string"}}],"inLanguage":"pt-BR"}]}</script>
<!-- / Yoast SEO plugin. -->

Políticas públicas para o sistema agroalimentar - CPDA

IH 1516 Disciplina específica da linha Políticas públicas, Estado e atores Número de créditos : 3 Carga horária: 4 horas ... leia mais

Início
