{"id":184,"date":"2011-07-05T19:28:02","date_gmt":"2011-07-05T19:28:02","guid":{"rendered":"http:\/\/r1.ufrrj.br\/cpda\/?page_id=184"},"modified":"2018-06-29T16:15:21","modified_gmt":"2018-06-29T19:15:21","slug":"sociologia-politica","status":"publish","type":"page","link":"https:\/\/institucional.ufrrj.br\/portalcpda\/sociologia-politica\/","title":{"rendered":"Sociologia pol\u00edtica"},"content":{"rendered":"<p>IH 1522<\/p>\n<p>Disciplina espec\u00edfica da linha Movimentos sociais<br \/>\nN\u00famero de cr\u00e9ditos: 3<br \/>\nHoras aula: 4 (2 te\u00f3ricas e 2 pr\u00e1ticas)<br \/>\nProfessor respons\u00e1vel: Leonilde Servolo de Medeiros<\/p>\n<p><strong>Objetivos<\/strong><\/p>\n<p>A disciplina visa analisar diferentes contribui\u00e7\u00f5es te\u00f3ricas de autores cl\u00e1ssicos e contempor\u00e2neos, de distintas vertentes disciplinares, para an\u00e1lise da a\u00e7\u00e3o coletiva em suas diferentes formas.<\/p>\n<p><strong>Ementa<\/strong><\/p>\n<p>A disciplina tratar\u00e1 de temas como: possibilidades te\u00f3ricas de tratamento das diferentes formas de a\u00e7\u00e3o coletiva, tais como protestos, resist\u00eancias cotidianas, organiza\u00e7\u00f5es, etc; formas de organiza\u00e7\u00e3o e express\u00e3o dos conflitos e movimentos sociais; rela\u00e7\u00f5es entre movimentos sociais e institui\u00e7\u00f5es pol\u00edticas; redes de movimentos sociais; internacionaliza\u00e7\u00e3o dos movimentos sociais.<\/p>\n<p><strong>Bibliografia<\/strong><\/p>\n<p>ALEXANDER, Jeffrey. \u201cA\u00e7\u00e3o coletiva, cultura e sociedade civil: seculariza\u00e7\u00e3o, atualiza\u00e7\u00e3o, invers\u00e3o, revis\u00e3o e deslocamento do modelo cl\u00e1ssico dos movimentos sociais\u201d in Revista Brasileira de Ci\u00eancias Sociais. 37, junho de 1998.<br \/>\nCOHEN, Jean L. e ARATO, Andrew. Sociedad civil y teoria politica. M\u00e9xico: Fondo de Cultura Economica, 2000.<br \/>\nTOURAINE, Alan. Poderemos viver juntos? Iguais e diferentes. Petr\u00f3polis, Vozes, 1999.<br \/>\nMELUCCI, Alberto. Chalenging codes. Collective action in the information age. Cambridge, Cambridge University Press, 1996<br \/>\nSANTOS, Boaventura de Sousa. Pela m\u00e3o de Alice. O social e o pol\u00edtico na p\u00f3s modernidade. S\u00e3o Paulo, Cortez, 1995.<br \/>\nTHOMPSON, E. P. Costumes em Comum. Estudos sobre a cultura popular tradicional. S\u00e3o Paulo, Companhia das Letras, 1998.<br \/>\nBOURDIEU, P. O poder simb\u00f3lico. Rio de Janeiro\/Lisboa: Bertrand Brasil\/Difel, 1989.<br \/>\nOFFE, Claus. Capitalismo desorganizado. S\u00e3o Paulo: Brasiliense, 1989.<br \/>\nCHAMPAGNE, Patrick. Faire l&#8217;opinion. Le nouveau jeu politique. Paris, Minuit, 1990.<br \/>\nALVAREZ, S.; DAGNINO, E. e ESCOBAR, A. Cultura e pol\u00edtica nos movimentos sociais latino-americanos. Novas leituras. Belo Horizonte, Editora da UFMG, 2000 \/\/<\/p>\n","protected":false},"excerpt":{"rendered":"<p>IH 1522 Disciplina espec\u00edfica da linha Movimentos sociais N\u00famero de cr\u00e9ditos: 3 Horas aula: 4 (2 te\u00f3ricas e 2 pr\u00e1ticas) <a class=\"read-more\" href=\"https:\/\/institucional.ufrrj.br\/portalcpda\/sociologia-politica\/ \" >&#8230; <span class=\"font-italic\">leia mais <i class=\"fas fa-angle-right\"><\/i><\/span><\/a><\/p>\n","protected":false},"author":634,"featured_media":0,"parent":0,"menu_order":0,"comment_status":"open","ping_status":"open","template":"","meta":{"_acf_changed":false,"footnotes":""},"class_list":["post-184","page","type-page","status-publish","hentry"],"yoast_head":"<!-- This site is optimized with the Yoast SEO plugin v27.2 - https:\/\/yoast.com\/product\/yoast-seo-wordpress\/ -->\n<title>Sociologia pol\u00edtica - CPDA<\/title>\n<meta name=\"robots\" content=\"index, follow, max-snippet:-1, max-image-preview:large, max-video-preview:-1\" \/>\n<link rel=\"canonical\" href=\"https:\/\/institucional.ufrrj.br\/portalcpda\/sociologia-politica\/\" \/>\n<meta property=\"og:locale\" content=\"pt_BR\" \/>\n<meta property=\"og:type\" content=\"article\" \/>\n<meta property=\"og:title\" content=\"Sociologia pol\u00edtica - CPDA\" \/>\n<meta property=\"og:description\" content=\"IH 1522 Disciplina espec\u00edfica da linha Movimentos sociais N\u00famero de cr\u00e9ditos: 3 Horas aula: 4 (2 te\u00f3ricas e 2 pr\u00e1ticas) ... leia mais\" \/>\n<meta property=\"og:url\" content=\"https:\/\/institucional.ufrrj.br\/portalcpda\/sociologia-politica\/\" \/>\n<meta property=\"og:site_name\" content=\"CPDA\" \/>\n<meta property=\"article:modified_time\" content=\"2018-06-29T19:15:21+00:00\" \/>\n<meta name=\"twitter:card\" content=\"summary_large_image\" \/>\n<meta name=\"twitter:label1\" content=\"Est. tempo de leitura\" \/>\n\t<meta name=\"twitter:data1\" content=\"1 minuto\" \/>\n<script type=\"application\/ld+json\" class=\"yoast-schema-graph\">{\"@context\":\"https:\/\/schema.org\",\"@graph\":[{\"@type\":\"WebPage\",\"@id\":\"https:\/\/institucional.ufrrj.br\/portalcpda\/sociologia-politica\/\",\"url\":\"https:\/\/institucional.ufrrj.br\/portalcpda\/sociologia-politica\/\",\"name\":\"Sociologia pol\u00edtica - CPDA\",\"isPartOf\":{\"@id\":\"https:\/\/institucional.ufrrj.br\/portalcpda\/#website\"},\"datePublished\":\"2011-07-05T19:28:02+00:00\",\"dateModified\":\"2018-06-29T19:15:21+00:00\",\"breadcrumb\":{\"@id\":\"https:\/\/institucional.ufrrj.br\/portalcpda\/sociologia-politica\/#breadcrumb\"},\"inLanguage\":\"pt-BR\",\"potentialAction\":[{\"@type\":\"ReadAction\",\"target\":[\"https:\/\/institucional.ufrrj.br\/portalcpda\/sociologia-politica\/\"]}]},{\"@type\":\"BreadcrumbList\",\"@id\":\"https:\/\/institucional.ufrrj.br\/portalcpda\/sociologia-politica\/#breadcrumb\",\"itemListElement\":[{\"@type\":\"ListItem\",\"position\":1,\"name\":\"In\u00edcio\",\"item\":\"https:\/\/institucional.ufrrj.br\/portalcpda\/\"},{\"@type\":\"ListItem\",\"position\":2,\"name\":\"Sociologia pol\u00edtica\"}]},{\"@type\":\"WebSite\",\"@id\":\"https:\/\/institucional.ufrrj.br\/portalcpda\/#website\",\"url\":\"https:\/\/institucional.ufrrj.br\/portalcpda\/\",\"name\":\"CPDA\",\"description\":\"institucional.ufrrj.br\",\"potentialAction\":[{\"@type\":\"SearchAction\",\"target\":{\"@type\":\"EntryPoint\",\"urlTemplate\":\"https:\/\/institucional.ufrrj.br\/portalcpda\/?s={search_term_string}\"},\"query-input\":{\"@type\":\"PropertyValueSpecification\",\"valueRequired\":true,\"valueName\":\"search_term_string\"}}],\"inLanguage\":\"pt-BR\"}]}<\/script>\n<!-- \/ Yoast SEO plugin. -->","yoast_head_json":{"title":"Sociologia pol\u00edtica - CPDA","robots":{"index":"index","follow":"follow","max-snippet":"max-snippet:-1","max-image-preview":"max-image-preview:large","max-video-preview":"max-video-preview:-1"},"canonical":"https:\/\/institucional.ufrrj.br\/portalcpda\/sociologia-politica\/","og_locale":"pt_BR","og_type":"article","og_title":"Sociologia pol\u00edtica - CPDA","og_description":"IH 1522 Disciplina espec\u00edfica da linha Movimentos sociais N\u00famero de cr\u00e9ditos: 3 Horas aula: 4 (2 te\u00f3ricas e 2 pr\u00e1ticas) ... leia mais","og_url":"https:\/\/institucional.ufrrj.br\/portalcpda\/sociologia-politica\/","og_site_name":"CPDA","article_modified_time":"2018-06-29T19:15:21+00:00","twitter_card":"summary_large_image","twitter_misc":{"Est. tempo de leitura":"1 minuto"},"schema":{"@context":"https:\/\/schema.org","@graph":[{"@type":"WebPage","@id":"https:\/\/institucional.ufrrj.br\/portalcpda\/sociologia-politica\/","url":"https:\/\/institucional.ufrrj.br\/portalcpda\/sociologia-politica\/","name":"Sociologia pol\u00edtica - CPDA","isPartOf":{"@id":"https:\/\/institucional.ufrrj.br\/portalcpda\/#website"},"datePublished":"2011-07-05T19:28:02+00:00","dateModified":"2018-06-29T19:15:21+00:00","breadcrumb":{"@id":"https:\/\/institucional.ufrrj.br\/portalcpda\/sociologia-politica\/#breadcrumb"},"inLanguage":"pt-BR","potentialAction":[{"@type":"ReadAction","target":["https:\/\/institucional.ufrrj.br\/portalcpda\/sociologia-politica\/"]}]},{"@type":"BreadcrumbList","@id":"https:\/\/institucional.ufrrj.br\/portalcpda\/sociologia-politica\/#breadcrumb","itemListElement":[{"@type":"ListItem","position":1,"name":"In\u00edcio","item":"https:\/\/institucional.ufrrj.br\/portalcpda\/"},{"@type":"ListItem","position":2,"name":"Sociologia pol\u00edtica"}]},{"@type":"WebSite","@id":"https:\/\/institucional.ufrrj.br\/portalcpda\/#website","url":"https:\/\/institucional.ufrrj.br\/portalcpda\/","name":"CPDA","description":"institucional.ufrrj.br","potentialAction":[{"@type":"SearchAction","target":{"@type":"EntryPoint","urlTemplate":"https:\/\/institucional.ufrrj.br\/portalcpda\/?s={search_term_string}"},"query-input":{"@type":"PropertyValueSpecification","valueRequired":true,"valueName":"search_term_string"}}],"inLanguage":"pt-BR"}]}},"acf":[],"_links":{"self":[{"href":"https:\/\/institucional.ufrrj.br\/portalcpda\/wp-json\/wp\/v2\/pages\/184","targetHints":{"allow":["GET"]}}],"collection":[{"href":"https:\/\/institucional.ufrrj.br\/portalcpda\/wp-json\/wp\/v2\/pages"}],"about":[{"href":"https:\/\/institucional.ufrrj.br\/portalcpda\/wp-json\/wp\/v2\/types\/page"}],"author":[{"embeddable":true,"href":"https:\/\/institucional.ufrrj.br\/portalcpda\/wp-json\/wp\/v2\/users\/634"}],"replies":[{"embeddable":true,"href":"https:\/\/institucional.ufrrj.br\/portalcpda\/wp-json\/wp\/v2\/comments?post=184"}],"version-history":[{"count":1,"href":"https:\/\/institucional.ufrrj.br\/portalcpda\/wp-json\/wp\/v2\/pages\/184\/revisions"}],"predecessor-version":[{"id":13342,"href":"https:\/\/institucional.ufrrj.br\/portalcpda\/wp-json\/wp\/v2\/pages\/184\/revisions\/13342"}],"wp:attachment":[{"href":"https:\/\/institucional.ufrrj.br\/portalcpda\/wp-json\/wp\/v2\/media?parent=184"}],"curies":[{"name":"wp","href":"https:\/\/api.w.org\/{rel}","templated":true}]}}