{"id":165,"date":"2011-07-05T19:16:44","date_gmt":"2011-07-05T19:16:44","guid":{"rendered":"http:\/\/r1.ufrrj.br\/cpda\/?page_id=165"},"modified":"2018-06-29T16:15:48","modified_gmt":"2018-06-29T19:15:48","slug":"topicos-especiais-em-estudos-sobre-cultura-e-mundo-rural","status":"publish","type":"page","link":"https:\/\/institucional.ufrrj.br\/portalcpda\/topicos-especiais-em-estudos-sobre-cultura-e-mundo-rural\/","title":{"rendered":"T\u00f3picos Especiais em Estudos de Cultura e Mundo Rural"},"content":{"rendered":"<p style=\"text-align: justify\">IH 1541<br \/>\nDisciplina Espec\u00edfica da Linha de Pesquisa Estudos de Cultura e Mundo Rural<br \/>\nN\u00famero de cr\u00e9ditos: 3<br \/>\nCarga hor\u00e1ria: 4 horas aulas semanais (2 te\u00f3ricas e 2 pr\u00e1ticas)<br \/>\nProfessor respons\u00e1vel: todos professores da linha de pesquisa correspondente<\/p>\n<p style=\"text-align: justify\"><strong>Objetivos<\/strong><\/p>\n<p style=\"text-align: justify\">Os T\u00f3picos Especiais em Estudos de Cultura e Mundo Rural s\u00e3o dedicados ao aprofundamento, a partir de atividades te\u00f3rico-pr\u00e1ticas, da perspectiva dos estudos culturais aplicados \u00e0 problem\u00e1tica do mundo rural.<\/p>\n<p style=\"text-align: justify\"><strong>Ementa<\/strong><\/p>\n<p style=\"text-align: justify\">Quest\u00f5es te\u00f3ricas, emp\u00edricas e metodol\u00f3gicas em pesquisas sobre cultura, pol\u00edtica e mundo rural. Produ\u00e7\u00e3o social das no\u00e7\u00f5es de categorias sociais, culturais e pol\u00edticas construtoras da realidade e das identidades rurais no Brasil. Valores, costumes e sensibilidades da civilidade brasileira. Poder, territ\u00f3rio e mundo rural. Vis\u00f5es de sociedade e de rural: modernidade e p\u00f3s-modernidade; sociabilidades hegem\u00f4nicas e subalternas; globalismos e localismos. Mundo rural, cidadania e civilidade.<\/p>\n<p style=\"text-align: justify\"><strong>Bibliografia<\/strong><\/p>\n<p style=\"text-align: justify\">CANCLINI, N\u00e9stor Garc\u00eda. Culturas h\u00edbridas. Estrat\u00e9gias para entrar e sair da modernidade. S\u00e3o Paulo: Edusp, 2000.<br \/>\nHOLANDA, S\u00e9rgio Buarque de. Ra\u00edzes do Brasil. S\u00e3o Paulo: Companhia das Letras, 1995.<br \/>\nMARTINS, Jos\u00e9 de Souza. O poder do atraso. Ensaios de sociologia da hist\u00f3ria lenta. S\u00e3o Paulo: Hucitec, 1994.<\/p>\n<p style=\"text-align: justify\"><a href=\"https:\/\/institucional.ufrrj.br\/portalcpda\/files\/2011\/07\/2015-02-TE-em-ECMR-Antropologia-das-Pr\u00e1ticas-de-Poder.pdf\" rel=\"nofollow\">2015-02 TE em ECMR Antropologia das Pr\u00e1ticas de Poder<\/a><\/p>\n","protected":false},"excerpt":{"rendered":"<p>IH 1541 Disciplina Espec\u00edfica da Linha de Pesquisa Estudos de Cultura e Mundo Rural N\u00famero de cr\u00e9ditos: 3 Carga hor\u00e1ria: <a class=\"read-more\" href=\"https:\/\/institucional.ufrrj.br\/portalcpda\/topicos-especiais-em-estudos-sobre-cultura-e-mundo-rural\/ \" >&#8230; <span class=\"font-italic\">leia mais <i class=\"fas fa-angle-right\"><\/i><\/span><\/a><\/p>\n","protected":false},"author":634,"featured_media":0,"parent":0,"menu_order":0,"comment_status":"open","ping_status":"open","template":"","meta":{"_acf_changed":false,"footnotes":""},"class_list":["post-165","page","type-page","status-publish","hentry"],"yoast_head":"<!-- This site is optimized with the Yoast SEO plugin v27.2 - https:\/\/yoast.com\/product\/yoast-seo-wordpress\/ -->\n<title>T\u00f3picos Especiais em Estudos de Cultura e Mundo Rural - CPDA<\/title>\n<meta name=\"robots\" content=\"index, follow, max-snippet:-1, max-image-preview:large, max-video-preview:-1\" \/>\n<link rel=\"canonical\" href=\"https:\/\/institucional.ufrrj.br\/portalcpda\/topicos-especiais-em-estudos-sobre-cultura-e-mundo-rural\/\" \/>\n<meta property=\"og:locale\" content=\"pt_BR\" \/>\n<meta property=\"og:type\" content=\"article\" \/>\n<meta property=\"og:title\" content=\"T\u00f3picos Especiais em Estudos de Cultura e Mundo Rural - CPDA\" \/>\n<meta property=\"og:description\" content=\"IH 1541 Disciplina Espec\u00edfica da Linha de Pesquisa Estudos de Cultura e Mundo Rural N\u00famero de cr\u00e9ditos: 3 Carga hor\u00e1ria: ... leia mais\" \/>\n<meta property=\"og:url\" content=\"https:\/\/institucional.ufrrj.br\/portalcpda\/topicos-especiais-em-estudos-sobre-cultura-e-mundo-rural\/\" \/>\n<meta property=\"og:site_name\" content=\"CPDA\" \/>\n<meta property=\"article:modified_time\" content=\"2018-06-29T19:15:48+00:00\" \/>\n<meta name=\"twitter:card\" content=\"summary_large_image\" \/>\n<meta name=\"twitter:label1\" content=\"Est. tempo de leitura\" \/>\n\t<meta name=\"twitter:data1\" content=\"1 minuto\" \/>\n<script type=\"application\/ld+json\" class=\"yoast-schema-graph\">{\"@context\":\"https:\/\/schema.org\",\"@graph\":[{\"@type\":\"WebPage\",\"@id\":\"https:\/\/institucional.ufrrj.br\/portalcpda\/topicos-especiais-em-estudos-sobre-cultura-e-mundo-rural\/\",\"url\":\"https:\/\/institucional.ufrrj.br\/portalcpda\/topicos-especiais-em-estudos-sobre-cultura-e-mundo-rural\/\",\"name\":\"T\u00f3picos Especiais em Estudos de Cultura e Mundo Rural - CPDA\",\"isPartOf\":{\"@id\":\"https:\/\/institucional.ufrrj.br\/portalcpda\/#website\"},\"datePublished\":\"2011-07-05T19:16:44+00:00\",\"dateModified\":\"2018-06-29T19:15:48+00:00\",\"breadcrumb\":{\"@id\":\"https:\/\/institucional.ufrrj.br\/portalcpda\/topicos-especiais-em-estudos-sobre-cultura-e-mundo-rural\/#breadcrumb\"},\"inLanguage\":\"pt-BR\",\"potentialAction\":[{\"@type\":\"ReadAction\",\"target\":[\"https:\/\/institucional.ufrrj.br\/portalcpda\/topicos-especiais-em-estudos-sobre-cultura-e-mundo-rural\/\"]}]},{\"@type\":\"BreadcrumbList\",\"@id\":\"https:\/\/institucional.ufrrj.br\/portalcpda\/topicos-especiais-em-estudos-sobre-cultura-e-mundo-rural\/#breadcrumb\",\"itemListElement\":[{\"@type\":\"ListItem\",\"position\":1,\"name\":\"In\u00edcio\",\"item\":\"https:\/\/institucional.ufrrj.br\/portalcpda\/\"},{\"@type\":\"ListItem\",\"position\":2,\"name\":\"T\u00f3picos Especiais em Estudos de Cultura e Mundo Rural\"}]},{\"@type\":\"WebSite\",\"@id\":\"https:\/\/institucional.ufrrj.br\/portalcpda\/#website\",\"url\":\"https:\/\/institucional.ufrrj.br\/portalcpda\/\",\"name\":\"CPDA\",\"description\":\"institucional.ufrrj.br\",\"potentialAction\":[{\"@type\":\"SearchAction\",\"target\":{\"@type\":\"EntryPoint\",\"urlTemplate\":\"https:\/\/institucional.ufrrj.br\/portalcpda\/?s={search_term_string}\"},\"query-input\":{\"@type\":\"PropertyValueSpecification\",\"valueRequired\":true,\"valueName\":\"search_term_string\"}}],\"inLanguage\":\"pt-BR\"}]}<\/script>\n<!-- \/ Yoast SEO plugin. -->","yoast_head_json":{"title":"T\u00f3picos Especiais em Estudos de Cultura e Mundo Rural - CPDA","robots":{"index":"index","follow":"follow","max-snippet":"max-snippet:-1","max-image-preview":"max-image-preview:large","max-video-preview":"max-video-preview:-1"},"canonical":"https:\/\/institucional.ufrrj.br\/portalcpda\/topicos-especiais-em-estudos-sobre-cultura-e-mundo-rural\/","og_locale":"pt_BR","og_type":"article","og_title":"T\u00f3picos Especiais em Estudos de Cultura e Mundo Rural - CPDA","og_description":"IH 1541 Disciplina Espec\u00edfica da Linha de Pesquisa Estudos de Cultura e Mundo Rural N\u00famero de cr\u00e9ditos: 3 Carga hor\u00e1ria: ... leia mais","og_url":"https:\/\/institucional.ufrrj.br\/portalcpda\/topicos-especiais-em-estudos-sobre-cultura-e-mundo-rural\/","og_site_name":"CPDA","article_modified_time":"2018-06-29T19:15:48+00:00","twitter_card":"summary_large_image","twitter_misc":{"Est. tempo de leitura":"1 minuto"},"schema":{"@context":"https:\/\/schema.org","@graph":[{"@type":"WebPage","@id":"https:\/\/institucional.ufrrj.br\/portalcpda\/topicos-especiais-em-estudos-sobre-cultura-e-mundo-rural\/","url":"https:\/\/institucional.ufrrj.br\/portalcpda\/topicos-especiais-em-estudos-sobre-cultura-e-mundo-rural\/","name":"T\u00f3picos Especiais em Estudos de Cultura e Mundo Rural - CPDA","isPartOf":{"@id":"https:\/\/institucional.ufrrj.br\/portalcpda\/#website"},"datePublished":"2011-07-05T19:16:44+00:00","dateModified":"2018-06-29T19:15:48+00:00","breadcrumb":{"@id":"https:\/\/institucional.ufrrj.br\/portalcpda\/topicos-especiais-em-estudos-sobre-cultura-e-mundo-rural\/#breadcrumb"},"inLanguage":"pt-BR","potentialAction":[{"@type":"ReadAction","target":["https:\/\/institucional.ufrrj.br\/portalcpda\/topicos-especiais-em-estudos-sobre-cultura-e-mundo-rural\/"]}]},{"@type":"BreadcrumbList","@id":"https:\/\/institucional.ufrrj.br\/portalcpda\/topicos-especiais-em-estudos-sobre-cultura-e-mundo-rural\/#breadcrumb","itemListElement":[{"@type":"ListItem","position":1,"name":"In\u00edcio","item":"https:\/\/institucional.ufrrj.br\/portalcpda\/"},{"@type":"ListItem","position":2,"name":"T\u00f3picos Especiais em Estudos de Cultura e Mundo Rural"}]},{"@type":"WebSite","@id":"https:\/\/institucional.ufrrj.br\/portalcpda\/#website","url":"https:\/\/institucional.ufrrj.br\/portalcpda\/","name":"CPDA","description":"institucional.ufrrj.br","potentialAction":[{"@type":"SearchAction","target":{"@type":"EntryPoint","urlTemplate":"https:\/\/institucional.ufrrj.br\/portalcpda\/?s={search_term_string}"},"query-input":{"@type":"PropertyValueSpecification","valueRequired":true,"valueName":"search_term_string"}}],"inLanguage":"pt-BR"}]}},"acf":[],"_links":{"self":[{"href":"https:\/\/institucional.ufrrj.br\/portalcpda\/wp-json\/wp\/v2\/pages\/165","targetHints":{"allow":["GET"]}}],"collection":[{"href":"https:\/\/institucional.ufrrj.br\/portalcpda\/wp-json\/wp\/v2\/pages"}],"about":[{"href":"https:\/\/institucional.ufrrj.br\/portalcpda\/wp-json\/wp\/v2\/types\/page"}],"author":[{"embeddable":true,"href":"https:\/\/institucional.ufrrj.br\/portalcpda\/wp-json\/wp\/v2\/users\/634"}],"replies":[{"embeddable":true,"href":"https:\/\/institucional.ufrrj.br\/portalcpda\/wp-json\/wp\/v2\/comments?post=165"}],"version-history":[{"count":2,"href":"https:\/\/institucional.ufrrj.br\/portalcpda\/wp-json\/wp\/v2\/pages\/165\/revisions"}],"predecessor-version":[{"id":14463,"href":"https:\/\/institucional.ufrrj.br\/portalcpda\/wp-json\/wp\/v2\/pages\/165\/revisions\/14463"}],"wp:attachment":[{"href":"https:\/\/institucional.ufrrj.br\/portalcpda\/wp-json\/wp\/v2\/media?parent=165"}],"curies":[{"name":"wp","href":"https:\/\/api.w.org\/{rel}","templated":true}]}}