{"id":153,"date":"2011-07-05T19:10:02","date_gmt":"2011-07-05T19:10:02","guid":{"rendered":"http:\/\/r1.ufrrj.br\/cpda\/?page_id=153"},"modified":"2018-06-29T16:13:44","modified_gmt":"2018-06-29T19:13:44","slug":"familia-comunidade-e-politica","status":"publish","type":"page","link":"https:\/\/institucional.ufrrj.br\/portalcpda\/familia-comunidade-e-politica\/","title":{"rendered":"Fam\u00edlia, comunidade e pol\u00edtica"},"content":{"rendered":"<p style=\"text-align: justify\">IH 1504<\/p>\n<p style=\"text-align: justify\">Disciplina espec\u00edfica da linha de pesquisa Estudos de cultura e mundo rural<br \/>\nN\u00famero de cr\u00e9ditos: 3<br \/>\nCarga hor\u00e1ria: 4 horas aulas semanais (2 te\u00f3ricas e 2 pr\u00e1ticas)<br \/>\nProfessor respons\u00e1vel: Andrey Cordeiro Ferreira<\/p>\n<p style=\"text-align: justify\"><strong>Objetivos<\/strong><br \/>\nApresentar aos estudantes conceitos que permitam relativizar recortes previamente dados da rela\u00e7\u00e3o entre processos locais e cotidianos e \u201cmacro-processos\u201d (regionais, nacionais, globais, etc), bem como recortes dados da atividade pol\u00edtica e do funcionamento do Estado. Nesse sentido, o curso pretende oferecer instrumentos para a investiga\u00e7\u00e3o de rela\u00e7\u00f5es e concep\u00e7\u00f5es centradas na fam\u00edlia e nas rela\u00e7\u00f5es entre fam\u00edlias, uma vez que a recupera\u00e7\u00e3o desse ponto de vista \u00e9 estrat\u00e9gica no sentido de relativizar os mencionados recortes.<\/p>\n<p style=\"text-align: justify\"><strong>Ementa<\/strong><br \/>\nA import\u00e2ncia das rela\u00e7\u00f5es entre fam\u00edlia e comunidade e entre fam\u00edlia e pol\u00edtica \u00e9 apontada por muitos estudos a respeito do mundo rural e do universo campon\u00eas, no Brasil e em outros pa\u00edses. No\u00e7\u00f5es como honra e reputa\u00e7\u00e3o est\u00e3o presentes nas reflex\u00f5es sobre conflitos de fam\u00edlias, conflitos pol\u00edticos e controle social nas comunidades rurais, bem como na discuss\u00e3o sobre pol\u00edtica, fac\u00e7\u00f5es, patronagem e clientelismo. O curso pretende abordar as possibilidades heur\u00edsticas abertas por esses conceitos e pela rela\u00e7\u00e3o entre eles. Ao mesmo tempo, procurar\u00e1 discutir concep\u00e7\u00f5es sobre a rela\u00e7\u00e3o entre local e nacional e entre privado e p\u00fablico, trazendo subs\u00eddios \u00e0 reflex\u00e3o sobre os processos de constru\u00e7\u00e3o e funcionamento do Estado, a rela\u00e7\u00e3o Estado\/sociedade e pol\u00edtica\/cultura. Isso servir\u00e1 de base para a leitura de an\u00e1lises referentes a temas espec\u00edficos como os processos de conflito e mobiliza\u00e7\u00e3o pol\u00edtica dos camponeses, as tentativas de implanta\u00e7\u00e3o local de pol\u00edticas p\u00fablicas voltadas para o mundo rural, a din\u00e2mica eleitoral nos munic\u00edpios do interior, as din\u00e2micas territoriais e sua rela\u00e7\u00e3o com o parentesco e a reputa\u00e7\u00e3o, entre outros.<\/p>\n<p style=\"text-align: justify\"><strong>Bibliografia <\/strong><br \/>\nGEERTZ, Clifford \u201cForm and variation in balinese village structure\u201d. In POTTER et al. al.: Peasant Society: a Reader. Boston: Little Brown, pp 255 &#8211; 278.<br \/>\nELIAS, Norbert. Os estabelecidos e os outsiders. Rio de Janeiro: Zahar, (1976) 2000.<br \/>\nBAILEY, F.G. \u201cGifts and poison\u201d. In Gifts and poison. Oxford: Basil Blackwell. 1971.<br \/>\nBOURDIEU. P. \u201cO sentimento de honra na sociedade Cab\u00edlia\u201d. In Peristiany, J.G. Honra e vergonha \u2013 valores das sociedades mediterr\u00e2nicas. Lisboa: Calouste Gulbenkian, 1965.<br \/>\nPITT-RIVERS, Julian. \u201cFriendship and authority\u201d. In :The People of the Sierra. London: The University of Chicago Press, 1971.<br \/>\nTHOMAS, W.I. &amp; ZNANIECKI, F. The polish peasant in Europe and America. New York: Octagon Books, 1974. V.1. \u201cThe peasant family\u201d e &#8220;Marriage\u201d.<br \/>\nLEAL, Victor Nunes. Coronelismo, enxada e voto. O munic\u00edpio e o regime representativo no Brasil. S\u00e3o Paulo: Alfa-\u00f4mega. 1975.<br \/>\nQUEIROZ. Maria Isaura Pereira de. \u201cO coronelismo numa interpreta\u00e7\u00e3o sociol\u00f3gica\u201d. Em O mandonismo local na vida pol\u00edtica brasileira e outros ensaios. S\u00e3o Paulo: Alfa-\u00d4mega, 1976.<br \/>\nLEWIN, Linda. Pol\u00edtica e Parentela na Para\u00edba. Um estudo de caso da oligarquia de base familiar. Rio de Janeiro: Record, 1993 [1987]. (introd. e cap. 3, \u201cA parentela no Imp\u00e9rio e na Rep\u00fablica\u201d).<\/p>\n","protected":false},"excerpt":{"rendered":"<p>IH 1504 Disciplina espec\u00edfica da linha de pesquisa Estudos de cultura e mundo rural N\u00famero de cr\u00e9ditos: 3 Carga hor\u00e1ria: <a class=\"read-more\" href=\"https:\/\/institucional.ufrrj.br\/portalcpda\/familia-comunidade-e-politica\/ \" >&#8230; <span class=\"font-italic\">leia mais <i class=\"fas fa-angle-right\"><\/i><\/span><\/a><\/p>\n","protected":false},"author":634,"featured_media":0,"parent":0,"menu_order":0,"comment_status":"open","ping_status":"open","template":"","meta":{"_acf_changed":false,"footnotes":""},"class_list":["post-153","page","type-page","status-publish","hentry"],"yoast_head":"<!-- This site is optimized with the Yoast SEO plugin v27.2 - https:\/\/yoast.com\/product\/yoast-seo-wordpress\/ -->\n<title>Fam\u00edlia, comunidade e pol\u00edtica - CPDA<\/title>\n<meta name=\"robots\" content=\"index, follow, max-snippet:-1, max-image-preview:large, max-video-preview:-1\" \/>\n<link rel=\"canonical\" href=\"https:\/\/institucional.ufrrj.br\/portalcpda\/familia-comunidade-e-politica\/\" \/>\n<meta property=\"og:locale\" content=\"pt_BR\" \/>\n<meta property=\"og:type\" content=\"article\" \/>\n<meta property=\"og:title\" content=\"Fam\u00edlia, comunidade e pol\u00edtica - CPDA\" \/>\n<meta property=\"og:description\" content=\"IH 1504 Disciplina espec\u00edfica da linha de pesquisa Estudos de cultura e mundo rural N\u00famero de cr\u00e9ditos: 3 Carga hor\u00e1ria: ... leia mais\" \/>\n<meta property=\"og:url\" content=\"https:\/\/institucional.ufrrj.br\/portalcpda\/familia-comunidade-e-politica\/\" \/>\n<meta property=\"og:site_name\" content=\"CPDA\" \/>\n<meta property=\"article:modified_time\" content=\"2018-06-29T19:13:44+00:00\" \/>\n<meta name=\"twitter:card\" content=\"summary_large_image\" \/>\n<meta name=\"twitter:label1\" content=\"Est. tempo de leitura\" \/>\n\t<meta name=\"twitter:data1\" content=\"3 minutos\" \/>\n<script type=\"application\/ld+json\" class=\"yoast-schema-graph\">{\"@context\":\"https:\/\/schema.org\",\"@graph\":[{\"@type\":\"WebPage\",\"@id\":\"https:\/\/institucional.ufrrj.br\/portalcpda\/familia-comunidade-e-politica\/\",\"url\":\"https:\/\/institucional.ufrrj.br\/portalcpda\/familia-comunidade-e-politica\/\",\"name\":\"Fam\u00edlia, comunidade e pol\u00edtica - CPDA\",\"isPartOf\":{\"@id\":\"https:\/\/institucional.ufrrj.br\/portalcpda\/#website\"},\"datePublished\":\"2011-07-05T19:10:02+00:00\",\"dateModified\":\"2018-06-29T19:13:44+00:00\",\"breadcrumb\":{\"@id\":\"https:\/\/institucional.ufrrj.br\/portalcpda\/familia-comunidade-e-politica\/#breadcrumb\"},\"inLanguage\":\"pt-BR\",\"potentialAction\":[{\"@type\":\"ReadAction\",\"target\":[\"https:\/\/institucional.ufrrj.br\/portalcpda\/familia-comunidade-e-politica\/\"]}]},{\"@type\":\"BreadcrumbList\",\"@id\":\"https:\/\/institucional.ufrrj.br\/portalcpda\/familia-comunidade-e-politica\/#breadcrumb\",\"itemListElement\":[{\"@type\":\"ListItem\",\"position\":1,\"name\":\"In\u00edcio\",\"item\":\"https:\/\/institucional.ufrrj.br\/portalcpda\/\"},{\"@type\":\"ListItem\",\"position\":2,\"name\":\"Fam\u00edlia, comunidade e pol\u00edtica\"}]},{\"@type\":\"WebSite\",\"@id\":\"https:\/\/institucional.ufrrj.br\/portalcpda\/#website\",\"url\":\"https:\/\/institucional.ufrrj.br\/portalcpda\/\",\"name\":\"CPDA\",\"description\":\"institucional.ufrrj.br\",\"potentialAction\":[{\"@type\":\"SearchAction\",\"target\":{\"@type\":\"EntryPoint\",\"urlTemplate\":\"https:\/\/institucional.ufrrj.br\/portalcpda\/?s={search_term_string}\"},\"query-input\":{\"@type\":\"PropertyValueSpecification\",\"valueRequired\":true,\"valueName\":\"search_term_string\"}}],\"inLanguage\":\"pt-BR\"}]}<\/script>\n<!-- \/ Yoast SEO plugin. -->","yoast_head_json":{"title":"Fam\u00edlia, comunidade e pol\u00edtica - CPDA","robots":{"index":"index","follow":"follow","max-snippet":"max-snippet:-1","max-image-preview":"max-image-preview:large","max-video-preview":"max-video-preview:-1"},"canonical":"https:\/\/institucional.ufrrj.br\/portalcpda\/familia-comunidade-e-politica\/","og_locale":"pt_BR","og_type":"article","og_title":"Fam\u00edlia, comunidade e pol\u00edtica - CPDA","og_description":"IH 1504 Disciplina espec\u00edfica da linha de pesquisa Estudos de cultura e mundo rural N\u00famero de cr\u00e9ditos: 3 Carga hor\u00e1ria: ... leia mais","og_url":"https:\/\/institucional.ufrrj.br\/portalcpda\/familia-comunidade-e-politica\/","og_site_name":"CPDA","article_modified_time":"2018-06-29T19:13:44+00:00","twitter_card":"summary_large_image","twitter_misc":{"Est. tempo de leitura":"3 minutos"},"schema":{"@context":"https:\/\/schema.org","@graph":[{"@type":"WebPage","@id":"https:\/\/institucional.ufrrj.br\/portalcpda\/familia-comunidade-e-politica\/","url":"https:\/\/institucional.ufrrj.br\/portalcpda\/familia-comunidade-e-politica\/","name":"Fam\u00edlia, comunidade e pol\u00edtica - CPDA","isPartOf":{"@id":"https:\/\/institucional.ufrrj.br\/portalcpda\/#website"},"datePublished":"2011-07-05T19:10:02+00:00","dateModified":"2018-06-29T19:13:44+00:00","breadcrumb":{"@id":"https:\/\/institucional.ufrrj.br\/portalcpda\/familia-comunidade-e-politica\/#breadcrumb"},"inLanguage":"pt-BR","potentialAction":[{"@type":"ReadAction","target":["https:\/\/institucional.ufrrj.br\/portalcpda\/familia-comunidade-e-politica\/"]}]},{"@type":"BreadcrumbList","@id":"https:\/\/institucional.ufrrj.br\/portalcpda\/familia-comunidade-e-politica\/#breadcrumb","itemListElement":[{"@type":"ListItem","position":1,"name":"In\u00edcio","item":"https:\/\/institucional.ufrrj.br\/portalcpda\/"},{"@type":"ListItem","position":2,"name":"Fam\u00edlia, comunidade e pol\u00edtica"}]},{"@type":"WebSite","@id":"https:\/\/institucional.ufrrj.br\/portalcpda\/#website","url":"https:\/\/institucional.ufrrj.br\/portalcpda\/","name":"CPDA","description":"institucional.ufrrj.br","potentialAction":[{"@type":"SearchAction","target":{"@type":"EntryPoint","urlTemplate":"https:\/\/institucional.ufrrj.br\/portalcpda\/?s={search_term_string}"},"query-input":{"@type":"PropertyValueSpecification","valueRequired":true,"valueName":"search_term_string"}}],"inLanguage":"pt-BR"}]}},"acf":[],"_links":{"self":[{"href":"https:\/\/institucional.ufrrj.br\/portalcpda\/wp-json\/wp\/v2\/pages\/153","targetHints":{"allow":["GET"]}}],"collection":[{"href":"https:\/\/institucional.ufrrj.br\/portalcpda\/wp-json\/wp\/v2\/pages"}],"about":[{"href":"https:\/\/institucional.ufrrj.br\/portalcpda\/wp-json\/wp\/v2\/types\/page"}],"author":[{"embeddable":true,"href":"https:\/\/institucional.ufrrj.br\/portalcpda\/wp-json\/wp\/v2\/users\/634"}],"replies":[{"embeddable":true,"href":"https:\/\/institucional.ufrrj.br\/portalcpda\/wp-json\/wp\/v2\/comments?post=153"}],"version-history":[{"count":2,"href":"https:\/\/institucional.ufrrj.br\/portalcpda\/wp-json\/wp\/v2\/pages\/153\/revisions"}],"predecessor-version":[{"id":14387,"href":"https:\/\/institucional.ufrrj.br\/portalcpda\/wp-json\/wp\/v2\/pages\/153\/revisions\/14387"}],"wp:attachment":[{"href":"https:\/\/institucional.ufrrj.br\/portalcpda\/wp-json\/wp\/v2\/media?parent=153"}],"curies":[{"name":"wp","href":"https:\/\/api.w.org\/{rel}","templated":true}]}}