{"id":14631,"date":"2018-07-11T14:01:23","date_gmt":"2018-07-11T17:01:23","guid":{"rendered":"http:\/\/institucional.ufrrj.br\/portalcpda\/?page_id=14631"},"modified":"2018-08-15T15:28:46","modified_gmt":"2018-08-15T18:28:46","slug":"grade-2018-2","status":"publish","type":"page","link":"https:\/\/institucional.ufrrj.br\/portalcpda\/grade-2018-2\/","title":{"rendered":"Grade 2018.2"},"content":{"rendered":"<p>&nbsp;<\/p>\n<table border=\"1\" cellspacing=\"0\" cellpadding=\"0\">\n<tbody>\n<tr>\n<td style=\"text-align: center\" colspan=\"6\" valign=\"center\" width=\"1800\"><strong><span style=\"font-size: small\">GRADE DE HOR\u00c1RIOS \u2013 2\u00ba SEMESTRE 2018 \u2013 CPDA\/UFRRJ<\/span><\/strong><span style=\"font-size: small\">*<\/span><\/td>\n<\/tr>\n<tr>\n<td valign=\"center\"><\/td>\n<td style=\"text-align: center\" valign=\"top\" width=\"300\"><strong><span style=\"font-size: small\">Segunda<\/span><\/strong><\/td>\n<td valign=\"top\" width=\"300\">\n<p style=\"text-align: center\"><strong><span style=\"font-size: small\">Ter\u00e7a<\/span><\/strong><\/p>\n<\/td>\n<td style=\"text-align: center\" valign=\"top\" width=\"300\"><strong><span style=\"font-size: small\">Quarta<\/span><\/strong><\/td>\n<td style=\"text-align: center\" valign=\"top\" width=\"300\"><strong><span style=\"font-size: small\">Quinta<\/span><\/strong><\/td>\n<td style=\"text-align: center\" valign=\"top\" width=\"300\"><strong><span style=\"font-size: small\">Sexta<\/span><\/strong><\/td>\n<\/tr>\n<tr>\n<td valign=\"top\">&nbsp;<\/p>\n<p>&nbsp;<\/p>\n<p>&nbsp;<\/p>\n<p>&nbsp;<\/p>\n<p>&nbsp;<\/p>\n<p>&nbsp;<\/p>\n<p>&nbsp;<\/p>\n<p>&nbsp;<\/p>\n<p>&nbsp;<\/p>\n<p>&nbsp;<\/p>\n<p style=\"text-align: center\"><strong><span style=\"font-size: small\">Manh\u00e3<br \/>\n9 \u00e0s 13h<\/span><\/strong><\/p>\n<\/td>\n<td valign=\"center\" width=\"300\">\n<p style=\"text-align: center\"><strong><a href=\"https:\/\/institucional.ufrrj.br\/portalcpda\/files\/2018\/07\/IH1522-Sociologia-Pol\u00edtica.pdf\" target=\"_blank\" rel=\"noopener\"><span style=\"font-size: small\">IH 1522<br \/>\nSociologia Pol\u00edtica<\/span><\/a><\/strong><\/p>\n<p style=\"text-align: center\"><strong><span style=\"font-size: small\">Prof\u00aa. Leonilde Medeiros<br \/>\n(Sala 1)<br \/>\n<\/span><\/strong><\/p>\n<p>&nbsp;<\/p>\n<p>&nbsp;<\/p>\n<p style=\"text-align: center\"><strong><span style=\"font-size: small\">IH 1572<br \/>\nTE em IMR \u2013 Economia Politica do Desenvolvimento <\/span><\/strong><\/p>\n<p style=\"text-align: center\"><strong><span style=\"font-size: small\"> Prof. Georges Flexor<br \/>\n(Sala 2)<br \/>\n<\/span><\/strong><\/p>\n<\/td>\n<td valign=\"center\" width=\"300\">\n<p style=\"text-align: center\"><a href=\"https:\/\/institucional.ufrrj.br\/portalcpda\/files\/2018\/08\/IH1516-Topico-Especial-em-Politicas-Publicas-Estado-e-Atores-Sociais.pdf\" target=\"_blank\" rel=\"noopener\"><span style=\"font-size: small\"><strong>IH1516<br \/>\nTE em PPEAS \u2013 Alimentos, Pol\u00edtica e Desenvolvimento<\/strong><\/span><\/a><\/p>\n<p style=\"text-align: center\"><strong><span style=\"font-size: small\">Prof. Renato Maluf<br \/>\n(Sala 1)<\/span><\/strong><\/p>\n<p>&nbsp;<\/p>\n<p style=\"text-align: center\"><a href=\"https:\/\/institucional.ufrrj.br\/portalcpda\/files\/2018\/08\/IH1579-Epistemologia-das-Ci\u00eancias-Sociais.pdf\" target=\"_blank\" rel=\"noopener\"><strong><span style=\"font-size: small\">IH 1579<br \/>\nEpistemologia das Ci\u00eancias Sociais<\/span><\/strong><\/a><\/p>\n<p style=\"text-align: center\"><strong><span style=\"font-size: small\">Prof\u00aa. Leonilde Medeiros, Claudia Job Schmitt e Thereza Menezes<br \/>\n(Sala 2)<\/span><\/strong><\/p>\n<p style=\"text-align: center\">\n<\/td>\n<td valign=\"center\" width=\"208\">\n<p style=\"text-align: center\"><strong><a href=\"https:\/\/institucional.ufrrj.br\/portalcpda\/files\/2018\/07\/IH1535-M\u00e9todos-de-Pesquisa-em-Ci\u00eancias-Sociais-II.pdf\" target=\"_blank\" rel=\"noopener\"><span style=\"font-size: small\">IH 1535<br \/>\nM\u00e9todos e T\u00e9cnicas de Pesquisa 2<br \/>\n<\/span><\/a><span style=\"font-size: small\">(Obrigat\u00f3ria Mestrado)<\/span><\/strong><\/p>\n<p style=\"text-align: center\"><strong><span style=\"font-size: small\">Prof\u00aa Debora Lerrer<br \/>\n(Sala 1)<\/span><\/strong><\/p>\n<p>&nbsp;<\/td>\n<td valign=\"center\" width=\"198\">\n<p style=\"text-align: center\"><span style=\"font-size: small\"><strong>IH 1563<\/strong><br \/>\n<strong> Conven\u00e7\u00f5es Globais Ambientais e Respostas Nacionais Comparadas<\/strong><br \/>\n<\/span><\/p>\n<p style=\"text-align: center\"><strong><span style=\"font-size: small\">Prof. Peter May<br \/>\n(Sala 1)<\/span><\/strong><\/p>\n<p>&nbsp;<\/p>\n<p style=\"text-align: center\"><a href=\"https:\/\/institucional.ufrrj.br\/portalcpda\/files\/2018\/08\/IH1514-Organizacao-Poltica-e-Poder.pdf\" target=\"_blank\" rel=\"noopener\"><strong><span style=\"font-size: small\">IH 1514<br \/>\n<\/span><\/strong><strong><span style=\"font-size: small\">Organiza\u00e7\u00e3o Pol\u00edtica e Poder<\/span><\/strong><\/a><\/p>\n<p style=\"text-align: center\"><strong><span style=\"font-size: small\">Prof\u00aa Regina Bruno<br \/>\n(Sala 2)<\/span><\/strong><\/p>\n<\/td>\n<td valign=\"center\" width=\"198\">\n<p style=\"text-align: center\"><strong><span style=\"font-size: small\"><a href=\"https:\/\/institucional.ufrrj.br\/portalcpda\/files\/2018\/08\/IH1515-Pensamento-social-e-pol\u00edtico-do-Brasil-contempor\u00e2neo.pdf\" target=\"_blank\" rel=\"noopener\">IH 1515<br \/>\nPensamento Social do Brasil Contempor\u00e2neo<\/a><br \/>\n(Fundamental Doutorado)<\/span><\/strong><\/p>\n<p style=\"text-align: center\"><strong><span style=\"font-size: small\">Prof. Raimundo Santos<br \/>\n(Sala 1)<\/span><\/strong><\/p>\n<p>&nbsp;<\/p>\n<p style=\"text-align: center\"><strong><span style=\"font-size: small\">IH 1565<br \/>\nTE em PPEAS \u2013 Teoria e Pol\u00edtica do Desenvolvimento Local <\/span><\/strong><\/p>\n<p style=\"text-align: center\"><strong><span style=\"font-size: small\"><a href=\"https:\/\/institucional.ufrrj.br\/portalcpda\/files\/2018\/07\/IH1565-Turma-1-Teoria-e-Pol\u00edtica-de-Desenvolvimento-Local.pdf\" target=\"_blank\" rel=\"noopener\">Prof. Nelson Delgado<br \/>\n(Turma 1)<\/a><\/span><\/strong><\/p>\n<p style=\"text-align: center\"><strong><span style=\"font-size: small\"><br \/>\n<a href=\"https:\/\/institucional.ufrrj.br\/portalcpda\/files\/2018\/07\/IH1565-Turma-2-Teoria-e-Pol\u00edtica-de-Desenvolvimento-Local.pdf\" target=\"_blank\" rel=\"noopener\">Prof. Jorge Romano<br \/>\n(Turma 2)<\/a><br \/>\n(Sala 2)<\/span><\/strong><\/p>\n<p>&nbsp;<\/p>\n<p style=\"text-align: center\"><strong><a href=\"https:\/\/institucional.ufrrj.br\/portalcpda\/files\/2018\/07\/IH1584-Tecnologia-Ci\u00eancia-e-Saberes-na-Agricultura-1.pdf\" target=\"_blank\" rel=\"noopener\"><span style=\"font-size: small\">IH 1584<br \/>\nTecnologia, Ci\u00eancia e Saberes na Agricultura<\/span><\/a><\/strong><\/p>\n<p style=\"text-align: center\"><strong><span style=\"font-size: small\"><strong>Prof\u00aa Claudia Job Sc<\/strong>hmitt<br \/>\n(Sala 3)<\/span><\/strong><\/p>\n<\/td>\n<\/tr>\n<tr>\n<td valign=\"center\">&nbsp;<\/p>\n<p>&nbsp;<\/p>\n<p>&nbsp;<\/p>\n<p>&nbsp;<\/p>\n<p>&nbsp;<\/p>\n<p style=\"text-align: center\"><strong><span style=\"font-size: small\">Tarde<\/span><\/strong><\/p>\n<p style=\"text-align: center\"><strong><span style=\"font-size: small\">14 \u00e0s 18h<br \/>\n<\/span><\/strong><\/p>\n<\/td>\n<td valign=\"center\" width=\"198\">\n<p style=\"text-align: center\"><strong><a href=\"https:\/\/institucional.ufrrj.br\/portalcpda\/files\/2018\/07\/IH1519-TE-em-PPEAS-Debates-sobre-Emancipacao-e-Alternativas.pdf\" target=\"_blank\" rel=\"noopener\"><span style=\"font-size: small\">IH 1519<br \/>\nTE em PPEAS \u2013 Debates sobre emancipa\u00e7\u00f5es a alternativas<\/span><\/a><\/strong><\/p>\n<p style=\"text-align: center\"><strong><span style=\"font-size: small\">Prof. Jorge Romano<br \/>\n(Sala 2)<br \/>\n<\/span><\/strong><\/p>\n<\/td>\n<td valign=\"center\" width=\"198\">\n<p style=\"text-align: center\"><a href=\"https:\/\/institucional.ufrrj.br\/portalcpda\/files\/2018\/08\/IH1580-Financeiriza\u00e7\u00e3o-da-agricultura-e-formas-de-apropria\u00e7\u00e3o-de-terras.pdf\" target=\"_blank\" rel=\"noopener\"><strong><span style=\"font-size: small\">IH 1580<br \/>\nFinanceiriza\u00e7\u00e3o da Agricultura e Formas de Apropria\u00e7\u00e3o de Terras <\/span><\/strong><\/a><\/p>\n<p style=\"text-align: center\"><strong><span style=\"font-size: small\">Prof\u00aa Karina Kato e Prof. Sergio Leite<br \/>\n(Sala 1)<\/span><\/strong><\/p>\n<p>&nbsp;<\/p>\n<p>&nbsp;<\/p>\n<p style=\"text-align: center\"><span style=\"font-size: small\"><strong>IH 1535<\/strong><br \/>\n<strong> M\u00e9todos e T\u00e9cnicas de Pesquisa 2<\/strong><br \/>\n<strong> (Obrigat\u00f3ria Mestrado)<\/strong><br \/>\n<\/span><\/p>\n<p style=\"text-align: center\"><strong><span style=\"font-size: small\">Prof\u00aa Eli Lima<br \/>\n(Sala 2)<\/span><\/strong><\/p>\n<p style=\"text-align: center\">\n<\/td>\n<td style=\"text-align: center\" valign=\"CENTER\" width=\"300\">\n<p style=\"text-align: center\"><span style=\"font-size: small\"><strong>IH 1549<\/strong><br \/>\n<strong> Mundo Rural e Na\u00e7\u00e3o em Representa\u00e7\u00f5es Liter\u00e1rias<\/strong><br \/>\n<\/span><\/p>\n<p style=\"text-align: center\"><strong><span style=\"font-size: small\">Prof\u00aa Eli Lima<br \/>\n(Sala 1)<\/span><\/strong><\/p>\n<p>&nbsp;<\/p>\n<p style=\"text-align: center\"><span style=\"font-size: small\"><a href=\"https:\/\/institucional.ufrrj.br\/portalcpda\/files\/2018\/08\/IH1572-TE-em-IMR-\u2013-Sociologia-da-Alimenta\u00e7\u00e3o.pdf\" target=\"_blank\" rel=\"noopener\"><strong>IH 1572<br \/>\n<\/strong><strong>TE em IMR \u2013 Sociologia da Alimenta\u00e7\u00e3o<\/strong><\/a><br \/>\n<\/span><\/p>\n<p style=\"text-align: center\"><strong><span style=\"font-size: small\">Prof\u00aa F\u00e1tima Portilho<br \/>\n(Sala 2)<\/span><\/strong><\/p>\n<p>&nbsp;<\/p>\n<p style=\"text-align: center\"><a href=\"https:\/\/institucional.ufrrj.br\/portalcpda\/files\/2018\/08\/IH1529-Teoria-Antropol\u00f3gica.pdf\" target=\"_blank\" rel=\"noopener\"><span style=\"font-size: small\"><strong>IH 1529<\/strong><br \/>\n<strong>Teoria Antropol\u00f3gica<\/strong><\/span><\/a><br \/>\n<strong><span style=\"font-size: small\">(Fundamental Mestrado)<\/span><\/strong><\/p>\n<p style=\"text-align: center\"><strong><span style=\"font-size: small\">Prof\u00aa Thereza Menezes<br \/>\n(Sala 3)<\/span><\/strong><\/p>\n<p style=\"text-align: center\">\n<\/td>\n<td valign=\"center\" width=\"198\">\n<p style=\"text-align: center\"><strong><span style=\"font-size: small\">Hor\u00e1rio reservado para reuni\u00f5es dos Colegiados do CPDA, reuni\u00f5es do DDAS, Semin\u00e1rios e outras atividades acad\u00eamicas.<\/span><\/strong><\/p>\n<\/td>\n<td valign=\"center\" width=\"198\">\n<p style=\"text-align: center\"><span style=\"font-size: small\"><a href=\"https:\/\/institucional.ufrrj.br\/portalcpda\/files\/2018\/08\/IH1528-Sociologia-econ\u00f4mica.pdf\" target=\"_blank\" rel=\"noopener\"><strong>IH 1528<\/strong><br \/>\n<strong>Sociologia Econ\u00f4mica<\/strong><\/a><br \/>\n<strong> (Fundamental Doutorado)<\/strong><br \/>\n<\/span><\/p>\n<p style=\"text-align: center\"><strong><span style=\"font-size: small\">Prof. John Wilkinson<br \/>\n(Sala 1)<\/span><\/strong><\/p>\n<p>&nbsp;<\/p>\n<p style=\"text-align: center\"><strong><a href=\"https:\/\/institucional.ufrrj.br\/portalcpda\/files\/2018\/08\/IH1527-Natureza-e-Sociedade.pdf\" target=\"_blank\" rel=\"noopener\"><span style=\"font-size: small\">IH 1527<br \/>\nNatureza e Sociedade<\/span><\/a><br \/>\n<span style=\"font-size: small\">(Fundamental Mestrado)<\/span><\/strong><\/p>\n<p style=\"text-align: center\"><strong><span style=\"font-size: small\">Prof\u00aa Carmen Andriolli<br \/>\n(Sala 2)<\/span><\/strong><\/p>\n<p>&nbsp;<\/td>\n<\/tr>\n<\/tbody>\n<\/table>\n<p>&nbsp;<\/p>\n<p><strong><u>Legenda<\/u><\/strong><br \/>\nTE \u2013 T\u00f3pico Especial<br \/>\nPPEAS \u2013 Pol\u00edticas P\u00fablicas, Estado e Atores Sociais<br \/>\nMS \u2013 Movimentos Sociais<br \/>\nNCS \u2013 Natureza, Ci\u00eancia e Saberes<br \/>\nECMR \u2013 Estudos de Cultura e Mundo Rural<br \/>\nIMR \u2013 Institui\u00e7\u00f5es, mercados e regula\u00e7\u00e3o<\/p>\n<p>&nbsp;<\/p>\n<p><strong><u>Calend\u00e1rio 2018\/2<\/u><\/strong><br \/>\nPer\u00edodo letivo: 06\/08\/2018 a 07\/12\/2018<br \/>\nMatr\u00edculas: 13 a 24\/08\/2018<br \/>\nCancelamento de matr\u00edcula em disciplina: 25\/08 a 07\/09\/2018<br \/>\nPrazo para entrega dos conceitos referentes ao 1\u00ba semestre de 2018: de 24\/08\/18 a 07\/12\/18<br \/>\nPrazo para entrega, na Secretaria Acad\u00eamica, dos conceitos referentes ao 2\u00ba semestre de 2018: A definir<br \/>\nSemana Acad\u00eamica: A confirmar<br \/>\nF\u00f3rum CPDA: A confirmar<br \/>\nSemin\u00e1rio de Doutorado (Turma D-2014): A confirmar<\/p>\n<p>&nbsp;<\/p>\n<p>&nbsp;<\/p>\n","protected":false},"excerpt":{"rendered":"<p>&nbsp; GRADE DE HOR\u00c1RIOS \u2013 2\u00ba SEMESTRE 2018 \u2013 CPDA\/UFRRJ* Segunda Ter\u00e7a Quarta Quinta Sexta &nbsp; &nbsp; &nbsp; &nbsp; &nbsp; <a class=\"read-more\" href=\"https:\/\/institucional.ufrrj.br\/portalcpda\/grade-2018-2\/ \" >&#8230; <span class=\"font-italic\">leia mais <i class=\"fas fa-angle-right\"><\/i><\/span><\/a><\/p>\n","protected":false},"author":717,"featured_media":0,"parent":0,"menu_order":0,"comment_status":"closed","ping_status":"closed","template":"","meta":{"_acf_changed":false,"footnotes":""},"class_list":["post-14631","page","type-page","status-publish","hentry"],"yoast_head":"<!-- This site is optimized with the Yoast SEO plugin v27.2 - https:\/\/yoast.com\/product\/yoast-seo-wordpress\/ -->\n<title>Grade 2018.2 - CPDA<\/title>\n<meta name=\"robots\" content=\"index, follow, max-snippet:-1, max-image-preview:large, max-video-preview:-1\" \/>\n<link rel=\"canonical\" href=\"https:\/\/institucional.ufrrj.br\/portalcpda\/grade-2018-2\/\" \/>\n<meta property=\"og:locale\" content=\"pt_BR\" \/>\n<meta property=\"og:type\" content=\"article\" \/>\n<meta property=\"og:title\" content=\"Grade 2018.2 - CPDA\" \/>\n<meta property=\"og:description\" content=\"&nbsp; GRADE DE HOR\u00c1RIOS \u2013 2\u00ba SEMESTRE 2018 \u2013 CPDA\/UFRRJ* Segunda Ter\u00e7a Quarta Quinta Sexta &nbsp; &nbsp; &nbsp; &nbsp; &nbsp; ... leia mais\" \/>\n<meta property=\"og:url\" content=\"https:\/\/institucional.ufrrj.br\/portalcpda\/grade-2018-2\/\" \/>\n<meta property=\"og:site_name\" content=\"CPDA\" \/>\n<meta property=\"article:modified_time\" content=\"2018-08-15T18:28:46+00:00\" \/>\n<meta name=\"twitter:card\" content=\"summary_large_image\" \/>\n<meta name=\"twitter:label1\" content=\"Est. tempo de leitura\" \/>\n\t<meta name=\"twitter:data1\" content=\"2 minutos\" \/>\n<script type=\"application\/ld+json\" class=\"yoast-schema-graph\">{\"@context\":\"https:\/\/schema.org\",\"@graph\":[{\"@type\":\"WebPage\",\"@id\":\"https:\/\/institucional.ufrrj.br\/portalcpda\/grade-2018-2\/\",\"url\":\"https:\/\/institucional.ufrrj.br\/portalcpda\/grade-2018-2\/\",\"name\":\"Grade 2018.2 - CPDA\",\"isPartOf\":{\"@id\":\"https:\/\/institucional.ufrrj.br\/portalcpda\/#website\"},\"datePublished\":\"2018-07-11T17:01:23+00:00\",\"dateModified\":\"2018-08-15T18:28:46+00:00\",\"breadcrumb\":{\"@id\":\"https:\/\/institucional.ufrrj.br\/portalcpda\/grade-2018-2\/#breadcrumb\"},\"inLanguage\":\"pt-BR\",\"potentialAction\":[{\"@type\":\"ReadAction\",\"target\":[\"https:\/\/institucional.ufrrj.br\/portalcpda\/grade-2018-2\/\"]}]},{\"@type\":\"BreadcrumbList\",\"@id\":\"https:\/\/institucional.ufrrj.br\/portalcpda\/grade-2018-2\/#breadcrumb\",\"itemListElement\":[{\"@type\":\"ListItem\",\"position\":1,\"name\":\"In\u00edcio\",\"item\":\"https:\/\/institucional.ufrrj.br\/portalcpda\/\"},{\"@type\":\"ListItem\",\"position\":2,\"name\":\"Grade 2018.2\"}]},{\"@type\":\"WebSite\",\"@id\":\"https:\/\/institucional.ufrrj.br\/portalcpda\/#website\",\"url\":\"https:\/\/institucional.ufrrj.br\/portalcpda\/\",\"name\":\"CPDA\",\"description\":\"institucional.ufrrj.br\",\"potentialAction\":[{\"@type\":\"SearchAction\",\"target\":{\"@type\":\"EntryPoint\",\"urlTemplate\":\"https:\/\/institucional.ufrrj.br\/portalcpda\/?s={search_term_string}\"},\"query-input\":{\"@type\":\"PropertyValueSpecification\",\"valueRequired\":true,\"valueName\":\"search_term_string\"}}],\"inLanguage\":\"pt-BR\"}]}<\/script>\n<!-- \/ Yoast SEO plugin. -->","yoast_head_json":{"title":"Grade 2018.2 - CPDA","robots":{"index":"index","follow":"follow","max-snippet":"max-snippet:-1","max-image-preview":"max-image-preview:large","max-video-preview":"max-video-preview:-1"},"canonical":"https:\/\/institucional.ufrrj.br\/portalcpda\/grade-2018-2\/","og_locale":"pt_BR","og_type":"article","og_title":"Grade 2018.2 - CPDA","og_description":"&nbsp; GRADE DE HOR\u00c1RIOS \u2013 2\u00ba SEMESTRE 2018 \u2013 CPDA\/UFRRJ* Segunda Ter\u00e7a Quarta Quinta Sexta &nbsp; &nbsp; &nbsp; &nbsp; &nbsp; ... leia mais","og_url":"https:\/\/institucional.ufrrj.br\/portalcpda\/grade-2018-2\/","og_site_name":"CPDA","article_modified_time":"2018-08-15T18:28:46+00:00","twitter_card":"summary_large_image","twitter_misc":{"Est. tempo de leitura":"2 minutos"},"schema":{"@context":"https:\/\/schema.org","@graph":[{"@type":"WebPage","@id":"https:\/\/institucional.ufrrj.br\/portalcpda\/grade-2018-2\/","url":"https:\/\/institucional.ufrrj.br\/portalcpda\/grade-2018-2\/","name":"Grade 2018.2 - CPDA","isPartOf":{"@id":"https:\/\/institucional.ufrrj.br\/portalcpda\/#website"},"datePublished":"2018-07-11T17:01:23+00:00","dateModified":"2018-08-15T18:28:46+00:00","breadcrumb":{"@id":"https:\/\/institucional.ufrrj.br\/portalcpda\/grade-2018-2\/#breadcrumb"},"inLanguage":"pt-BR","potentialAction":[{"@type":"ReadAction","target":["https:\/\/institucional.ufrrj.br\/portalcpda\/grade-2018-2\/"]}]},{"@type":"BreadcrumbList","@id":"https:\/\/institucional.ufrrj.br\/portalcpda\/grade-2018-2\/#breadcrumb","itemListElement":[{"@type":"ListItem","position":1,"name":"In\u00edcio","item":"https:\/\/institucional.ufrrj.br\/portalcpda\/"},{"@type":"ListItem","position":2,"name":"Grade 2018.2"}]},{"@type":"WebSite","@id":"https:\/\/institucional.ufrrj.br\/portalcpda\/#website","url":"https:\/\/institucional.ufrrj.br\/portalcpda\/","name":"CPDA","description":"institucional.ufrrj.br","potentialAction":[{"@type":"SearchAction","target":{"@type":"EntryPoint","urlTemplate":"https:\/\/institucional.ufrrj.br\/portalcpda\/?s={search_term_string}"},"query-input":{"@type":"PropertyValueSpecification","valueRequired":true,"valueName":"search_term_string"}}],"inLanguage":"pt-BR"}]}},"acf":[],"_links":{"self":[{"href":"https:\/\/institucional.ufrrj.br\/portalcpda\/wp-json\/wp\/v2\/pages\/14631","targetHints":{"allow":["GET"]}}],"collection":[{"href":"https:\/\/institucional.ufrrj.br\/portalcpda\/wp-json\/wp\/v2\/pages"}],"about":[{"href":"https:\/\/institucional.ufrrj.br\/portalcpda\/wp-json\/wp\/v2\/types\/page"}],"author":[{"embeddable":true,"href":"https:\/\/institucional.ufrrj.br\/portalcpda\/wp-json\/wp\/v2\/users\/717"}],"replies":[{"embeddable":true,"href":"https:\/\/institucional.ufrrj.br\/portalcpda\/wp-json\/wp\/v2\/comments?post=14631"}],"version-history":[{"count":64,"href":"https:\/\/institucional.ufrrj.br\/portalcpda\/wp-json\/wp\/v2\/pages\/14631\/revisions"}],"predecessor-version":[{"id":15073,"href":"https:\/\/institucional.ufrrj.br\/portalcpda\/wp-json\/wp\/v2\/pages\/14631\/revisions\/15073"}],"wp:attachment":[{"href":"https:\/\/institucional.ufrrj.br\/portalcpda\/wp-json\/wp\/v2\/media?parent=14631"}],"curies":[{"name":"wp","href":"https:\/\/api.w.org\/{rel}","templated":true}]}}