{"id":13198,"date":"2011-06-30T16:18:07","date_gmt":"2011-06-30T16:18:07","guid":{"rendered":"http:\/\/r1.ufrrj.br\/cpda\/?page_id=6"},"modified":"2021-09-17T19:45:34","modified_gmt":"2021-09-17T22:45:34","slug":"areadeconcentracao","status":"publish","type":"page","link":"https:\/\/institucional.ufrrj.br\/portalcpda\/areadeconcentracao\/","title":{"rendered":"\u00c1rea de Concentra\u00e7\u00e3o"},"content":{"rendered":"<p><strong>Desenvolvimento, Agricultura e Sociedade<\/strong><\/p>\n<p>As bases te\u00f3ricas e anal\u00edticas do Programa est\u00e3o direcionadas aos estudos de identidades sociais, institui\u00e7\u00f5es, atores, movimentos sociais e profiss\u00f5es, e suas manifesta\u00e7\u00f5es nos processos tecno-produtivos, socioambientais e pol\u00edticos. A atualiza\u00e7\u00e3o da no\u00e7\u00e3o de desenvolvimento, al\u00e9m de enfocar estrat\u00e9gias de crescimento econ\u00f4mico, imp\u00f5e o desafio de tratar temas como equidade social, cidadania, democracia, territorialidade e intera\u00e7\u00e3o sustent\u00e1vel com a natureza.<\/p>\n<p>Valendo-se de categorias anal\u00edticas herdadas da reflex\u00e3o das Ci\u00eancias Sociais, o Programa busca compreender os processos de reconfigura\u00e7\u00e3o das autonomias nacionais, de dilui\u00e7\u00e3o das antigas fronteiras e de constru\u00e7\u00e3o de outros espa\u00e7os pol\u00edticos, econ\u00f4micos e culturais locais, macro-regionais e globais. Tais processos s\u00e3o vistos como portadores de conflitos e de novas configura\u00e7\u00f5es de poder que transformam as rela\u00e7\u00f5es campo-cidade; mobilizam atores e movimentos nacionais e transnacionais; promovem mudan\u00e7as nas ci\u00eancias, nas t\u00e9cnicas e profiss\u00f5es, nos processos educativos e de socializa\u00e7\u00e3o, nas rela\u00e7\u00f5es econ\u00f4micas, na cultura e no exerc\u00edcio da pol\u00edtica, redefinindo os espa\u00e7os p\u00fablicos e privados, governamentais e n\u00e3o-governamentais.<\/p>\n<p>Em uma perspectiva hist\u00f3rica e, quando comparada aos seus correlatos industriais\/urbanos, a no\u00e7\u00e3o de rural esteve, na modernidade, associada a processos sociais, econ\u00f4micos, pol\u00edticos e culturais identificados com o atraso, com o produtivismo da moderniza\u00e7\u00e3o agr\u00edcola e com a constitui\u00e7\u00e3o de estruturas e mercados agroindustriais. No debate contempor\u00e2neo, ganham relevo suas associa\u00e7\u00f5es com valores e novas fun\u00e7\u00f5es ligadas \u00e0 natureza, ao territ\u00f3rio e aos crit\u00e9rios de desenvolvimento sustent\u00e1vel que, entre outros, definem mudan\u00e7as no quadro institucional, inclusive do agroneg\u00f3cio, passando a adquirir outros significados culturais e pol\u00edticos.<\/p>\n<p>Para tratar dessa diversidade de quest\u00f5es, o CPDA desenvolve suas atividades acad\u00eamicas em torno de seis <a title=\"Linhas de Pesquisa\" href=\"https:\/\/institucional.ufrrj.br\/portalcpda\/linhas-de-pesquisa\/\" rel=\"nofollow\">Linhas de Pesquisa<\/a>.<\/p>\n<p>&nbsp;<\/p>\n<p>&nbsp;<\/p>\n<p>&nbsp;<\/p>\n<div class=\"dc\"><\/div>\n<div><\/div>\n<div><\/div>\n","protected":false},"excerpt":{"rendered":"<p>Desenvolvimento, Agricultura e Sociedade As bases te\u00f3ricas e anal\u00edticas do Programa est\u00e3o direcionadas aos estudos de identidades sociais, institui\u00e7\u00f5es, atores, <a class=\"read-more\" href=\"https:\/\/institucional.ufrrj.br\/portalcpda\/areadeconcentracao\/ \" >&#8230; <span class=\"font-italic\">leia mais <i class=\"fas fa-angle-right\"><\/i><\/span><\/a><\/p>\n","protected":false},"author":634,"featured_media":0,"parent":0,"menu_order":0,"comment_status":"open","ping_status":"open","template":"","meta":{"_acf_changed":false,"footnotes":""},"class_list":["post-13198","page","type-page","status-publish","hentry"],"yoast_head":"<!-- This site is optimized with the Yoast SEO plugin v27.2 - https:\/\/yoast.com\/product\/yoast-seo-wordpress\/ -->\n<title>\u00c1rea de Concentra\u00e7\u00e3o - CPDA<\/title>\n<meta name=\"robots\" content=\"index, follow, max-snippet:-1, max-image-preview:large, max-video-preview:-1\" \/>\n<link rel=\"canonical\" href=\"https:\/\/institucional.ufrrj.br\/portalcpda\/areadeconcentracao\/\" \/>\n<meta property=\"og:locale\" content=\"pt_BR\" \/>\n<meta property=\"og:type\" content=\"article\" \/>\n<meta property=\"og:title\" content=\"\u00c1rea de Concentra\u00e7\u00e3o - CPDA\" \/>\n<meta property=\"og:description\" content=\"Desenvolvimento, Agricultura e Sociedade As bases te\u00f3ricas e anal\u00edticas do Programa est\u00e3o direcionadas aos estudos de identidades sociais, institui\u00e7\u00f5es, atores, ... leia mais\" \/>\n<meta property=\"og:url\" content=\"https:\/\/institucional.ufrrj.br\/portalcpda\/areadeconcentracao\/\" \/>\n<meta property=\"og:site_name\" content=\"CPDA\" \/>\n<meta property=\"article:modified_time\" content=\"2021-09-17T22:45:34+00:00\" \/>\n<meta name=\"twitter:card\" content=\"summary_large_image\" \/>\n<meta name=\"twitter:label1\" content=\"Est. tempo de leitura\" \/>\n\t<meta name=\"twitter:data1\" content=\"2 minutos\" \/>\n<script type=\"application\/ld+json\" class=\"yoast-schema-graph\">{\"@context\":\"https:\/\/schema.org\",\"@graph\":[{\"@type\":\"WebPage\",\"@id\":\"https:\/\/institucional.ufrrj.br\/portalcpda\/areadeconcentracao\/\",\"url\":\"https:\/\/institucional.ufrrj.br\/portalcpda\/areadeconcentracao\/\",\"name\":\"\u00c1rea de Concentra\u00e7\u00e3o - CPDA\",\"isPartOf\":{\"@id\":\"https:\/\/institucional.ufrrj.br\/portalcpda\/#website\"},\"datePublished\":\"2011-06-30T16:18:07+00:00\",\"dateModified\":\"2021-09-17T22:45:34+00:00\",\"breadcrumb\":{\"@id\":\"https:\/\/institucional.ufrrj.br\/portalcpda\/areadeconcentracao\/#breadcrumb\"},\"inLanguage\":\"pt-BR\",\"potentialAction\":[{\"@type\":\"ReadAction\",\"target\":[\"https:\/\/institucional.ufrrj.br\/portalcpda\/areadeconcentracao\/\"]}]},{\"@type\":\"BreadcrumbList\",\"@id\":\"https:\/\/institucional.ufrrj.br\/portalcpda\/areadeconcentracao\/#breadcrumb\",\"itemListElement\":[{\"@type\":\"ListItem\",\"position\":1,\"name\":\"In\u00edcio\",\"item\":\"https:\/\/institucional.ufrrj.br\/portalcpda\/\"},{\"@type\":\"ListItem\",\"position\":2,\"name\":\"\u00c1rea de Concentra\u00e7\u00e3o\"}]},{\"@type\":\"WebSite\",\"@id\":\"https:\/\/institucional.ufrrj.br\/portalcpda\/#website\",\"url\":\"https:\/\/institucional.ufrrj.br\/portalcpda\/\",\"name\":\"CPDA\",\"description\":\"institucional.ufrrj.br\",\"potentialAction\":[{\"@type\":\"SearchAction\",\"target\":{\"@type\":\"EntryPoint\",\"urlTemplate\":\"https:\/\/institucional.ufrrj.br\/portalcpda\/?s={search_term_string}\"},\"query-input\":{\"@type\":\"PropertyValueSpecification\",\"valueRequired\":true,\"valueName\":\"search_term_string\"}}],\"inLanguage\":\"pt-BR\"}]}<\/script>\n<!-- \/ Yoast SEO plugin. -->","yoast_head_json":{"title":"\u00c1rea de Concentra\u00e7\u00e3o - CPDA","robots":{"index":"index","follow":"follow","max-snippet":"max-snippet:-1","max-image-preview":"max-image-preview:large","max-video-preview":"max-video-preview:-1"},"canonical":"https:\/\/institucional.ufrrj.br\/portalcpda\/areadeconcentracao\/","og_locale":"pt_BR","og_type":"article","og_title":"\u00c1rea de Concentra\u00e7\u00e3o - CPDA","og_description":"Desenvolvimento, Agricultura e Sociedade As bases te\u00f3ricas e anal\u00edticas do Programa est\u00e3o direcionadas aos estudos de identidades sociais, institui\u00e7\u00f5es, atores, ... leia mais","og_url":"https:\/\/institucional.ufrrj.br\/portalcpda\/areadeconcentracao\/","og_site_name":"CPDA","article_modified_time":"2021-09-17T22:45:34+00:00","twitter_card":"summary_large_image","twitter_misc":{"Est. tempo de leitura":"2 minutos"},"schema":{"@context":"https:\/\/schema.org","@graph":[{"@type":"WebPage","@id":"https:\/\/institucional.ufrrj.br\/portalcpda\/areadeconcentracao\/","url":"https:\/\/institucional.ufrrj.br\/portalcpda\/areadeconcentracao\/","name":"\u00c1rea de Concentra\u00e7\u00e3o - CPDA","isPartOf":{"@id":"https:\/\/institucional.ufrrj.br\/portalcpda\/#website"},"datePublished":"2011-06-30T16:18:07+00:00","dateModified":"2021-09-17T22:45:34+00:00","breadcrumb":{"@id":"https:\/\/institucional.ufrrj.br\/portalcpda\/areadeconcentracao\/#breadcrumb"},"inLanguage":"pt-BR","potentialAction":[{"@type":"ReadAction","target":["https:\/\/institucional.ufrrj.br\/portalcpda\/areadeconcentracao\/"]}]},{"@type":"BreadcrumbList","@id":"https:\/\/institucional.ufrrj.br\/portalcpda\/areadeconcentracao\/#breadcrumb","itemListElement":[{"@type":"ListItem","position":1,"name":"In\u00edcio","item":"https:\/\/institucional.ufrrj.br\/portalcpda\/"},{"@type":"ListItem","position":2,"name":"\u00c1rea de Concentra\u00e7\u00e3o"}]},{"@type":"WebSite","@id":"https:\/\/institucional.ufrrj.br\/portalcpda\/#website","url":"https:\/\/institucional.ufrrj.br\/portalcpda\/","name":"CPDA","description":"institucional.ufrrj.br","potentialAction":[{"@type":"SearchAction","target":{"@type":"EntryPoint","urlTemplate":"https:\/\/institucional.ufrrj.br\/portalcpda\/?s={search_term_string}"},"query-input":{"@type":"PropertyValueSpecification","valueRequired":true,"valueName":"search_term_string"}}],"inLanguage":"pt-BR"}]}},"acf":[],"_links":{"self":[{"href":"https:\/\/institucional.ufrrj.br\/portalcpda\/wp-json\/wp\/v2\/pages\/13198","targetHints":{"allow":["GET"]}}],"collection":[{"href":"https:\/\/institucional.ufrrj.br\/portalcpda\/wp-json\/wp\/v2\/pages"}],"about":[{"href":"https:\/\/institucional.ufrrj.br\/portalcpda\/wp-json\/wp\/v2\/types\/page"}],"author":[{"embeddable":true,"href":"https:\/\/institucional.ufrrj.br\/portalcpda\/wp-json\/wp\/v2\/users\/634"}],"replies":[{"embeddable":true,"href":"https:\/\/institucional.ufrrj.br\/portalcpda\/wp-json\/wp\/v2\/comments?post=13198"}],"version-history":[{"count":15,"href":"https:\/\/institucional.ufrrj.br\/portalcpda\/wp-json\/wp\/v2\/pages\/13198\/revisions"}],"predecessor-version":[{"id":22068,"href":"https:\/\/institucional.ufrrj.br\/portalcpda\/wp-json\/wp\/v2\/pages\/13198\/revisions\/22068"}],"wp:attachment":[{"href":"https:\/\/institucional.ufrrj.br\/portalcpda\/wp-json\/wp\/v2\/media?parent=13198"}],"curies":[{"name":"wp","href":"https:\/\/api.w.org\/{rel}","templated":true}]}}