{"id":12167,"date":"2017-09-12T16:04:33","date_gmt":"2017-09-12T19:04:33","guid":{"rendered":"http:\/\/r1.ufrrj.br\/cpda\/?page_id=12167"},"modified":"2025-04-07T12:44:40","modified_gmt":"2025-04-07T15:44:40","slug":"terra-poder-e-territorio","status":"publish","type":"page","link":"https:\/\/institucional.ufrrj.br\/portalcpda\/terra-poder-e-territorio\/","title":{"rendered":"Terra, Poder e Territ\u00f3rio"},"content":{"rendered":"<p>&nbsp;<\/p>\n<div align=\"justify\">Aborda o estudo das rela\u00e7\u00f5es entre terra, territ\u00f3rio, cultura e poder, consideradas como dimens\u00f5es chave da geopol\u00edtica global e das din\u00e2micas sociopol\u00edticas locais no s\u00e9culo XXI. Terra e territ\u00f3rio s\u00e3o a base de uma ampla diversidade de identidades sociais, culturais e \u00e9tnicas, e ao mesmo tempo fatores centrais das cadeias de produ\u00e7\u00e3o e desenvolvimento econ\u00f4mico global. O in\u00edcio do s\u00e9culo XXI trouxe um processo de reestrutura\u00e7\u00e3o global do territ\u00f3rio, que se traduziu na intensifica\u00e7\u00e3o de conflitos territoriais, processos de expropria\u00e7\u00e3o, landgrabbing e neocolonialismo. Tal processo foi consequ\u00eancia de transforma\u00e7\u00f5es da economia mundial e da ascens\u00e3o do poder de grandes corpora\u00e7\u00f5es multinacionais que passaram a lutar pelo controle de terra e recursos naturais. A linha engloba o estudo de temas como: sistema interestatal, quest\u00e3o agr\u00e1ria e colonialismo; rela\u00e7\u00f5es e sistemas inter\u00e9tnicos e territorializa\u00e7\u00e3o; campesinatos, grupos \u00e9tnicos e formas de domina\u00e7\u00e3o e resist\u00eancia; insurg\u00eancias, autonomias e din\u00e2micas territoriais; Estado, organiza\u00e7\u00e3o do poder, simbolismo; direito de propriedade, bens comuns e direitos origin\u00e1rios; sistemas econ\u00f4micos e esferas econ\u00f4micas n\u00e3o-mercantis; ordenamentos jur\u00eddicos locais e direito consuetudin\u00e1rio; pol\u00edticas para comunidades remanescentes de quilombo, povos ind\u00edgenas e tradicionais; processos pol\u00edticos transnacionais e territ\u00f3rio; multinacionais, recursos naturais e territ\u00f3rio; estrangeiriza\u00e7\u00e3o, processos de apropria\u00e7\u00e3o e financeiriza\u00e7\u00e3o de terras.<\/div>\n<h2>Professores<\/h2>\n<p>Andrey Cordeiro Ferreira<br \/>\nAnton\u00e1dia Borges<br \/>\nCarmen Andriolli<br \/>\nD\u00e9bora Franco Lerrer<br \/>\nFabrina Furtado<br \/>\nKarina Kato<br \/>\nMarcelo Carvalho Rosa<br \/>\nPriscilla de Carvalho<br \/>\nSergio Pereira Leite<br \/>\nThereza Menezes<\/p>\n","protected":false},"excerpt":{"rendered":"<p>&nbsp; Aborda o estudo das rela\u00e7\u00f5es entre terra, territ\u00f3rio, cultura e poder, consideradas como dimens\u00f5es chave da geopol\u00edtica global e <a class=\"read-more\" href=\"https:\/\/institucional.ufrrj.br\/portalcpda\/terra-poder-e-territorio\/ \" >&#8230; <span class=\"font-italic\">leia mais <i class=\"fas fa-angle-right\"><\/i><\/span><\/a><\/p>\n","protected":false},"author":634,"featured_media":0,"parent":0,"menu_order":0,"comment_status":"open","ping_status":"open","template":"","meta":{"_acf_changed":false,"footnotes":""},"class_list":["post-12167","page","type-page","status-publish","hentry"],"yoast_head":"<!-- This site is optimized with the Yoast SEO plugin v27.2 - https:\/\/yoast.com\/product\/yoast-seo-wordpress\/ -->\n<title>Terra, Poder e Territ\u00f3rio - CPDA<\/title>\n<meta name=\"robots\" content=\"index, follow, max-snippet:-1, max-image-preview:large, max-video-preview:-1\" \/>\n<link rel=\"canonical\" href=\"https:\/\/institucional.ufrrj.br\/portalcpda\/terra-poder-e-territorio\/\" \/>\n<meta property=\"og:locale\" content=\"pt_BR\" \/>\n<meta property=\"og:type\" content=\"article\" \/>\n<meta property=\"og:title\" content=\"Terra, Poder e Territ\u00f3rio - CPDA\" \/>\n<meta property=\"og:description\" content=\"&nbsp; Aborda o estudo das rela\u00e7\u00f5es entre terra, territ\u00f3rio, cultura e poder, consideradas como dimens\u00f5es chave da geopol\u00edtica global e ... leia mais\" \/>\n<meta property=\"og:url\" content=\"https:\/\/institucional.ufrrj.br\/portalcpda\/terra-poder-e-territorio\/\" \/>\n<meta property=\"og:site_name\" content=\"CPDA\" \/>\n<meta property=\"article:modified_time\" content=\"2025-04-07T15:44:40+00:00\" \/>\n<meta name=\"twitter:card\" content=\"summary_large_image\" \/>\n<meta name=\"twitter:label1\" content=\"Est. tempo de leitura\" \/>\n\t<meta name=\"twitter:data1\" content=\"1 minuto\" \/>\n<script type=\"application\/ld+json\" class=\"yoast-schema-graph\">{\"@context\":\"https:\/\/schema.org\",\"@graph\":[{\"@type\":\"WebPage\",\"@id\":\"https:\/\/institucional.ufrrj.br\/portalcpda\/terra-poder-e-territorio\/\",\"url\":\"https:\/\/institucional.ufrrj.br\/portalcpda\/terra-poder-e-territorio\/\",\"name\":\"Terra, Poder e Territ\u00f3rio - CPDA\",\"isPartOf\":{\"@id\":\"https:\/\/institucional.ufrrj.br\/portalcpda\/#website\"},\"datePublished\":\"2017-09-12T19:04:33+00:00\",\"dateModified\":\"2025-04-07T15:44:40+00:00\",\"breadcrumb\":{\"@id\":\"https:\/\/institucional.ufrrj.br\/portalcpda\/terra-poder-e-territorio\/#breadcrumb\"},\"inLanguage\":\"pt-BR\",\"potentialAction\":[{\"@type\":\"ReadAction\",\"target\":[\"https:\/\/institucional.ufrrj.br\/portalcpda\/terra-poder-e-territorio\/\"]}]},{\"@type\":\"BreadcrumbList\",\"@id\":\"https:\/\/institucional.ufrrj.br\/portalcpda\/terra-poder-e-territorio\/#breadcrumb\",\"itemListElement\":[{\"@type\":\"ListItem\",\"position\":1,\"name\":\"In\u00edcio\",\"item\":\"https:\/\/institucional.ufrrj.br\/portalcpda\/\"},{\"@type\":\"ListItem\",\"position\":2,\"name\":\"Terra, Poder e Territ\u00f3rio\"}]},{\"@type\":\"WebSite\",\"@id\":\"https:\/\/institucional.ufrrj.br\/portalcpda\/#website\",\"url\":\"https:\/\/institucional.ufrrj.br\/portalcpda\/\",\"name\":\"CPDA\",\"description\":\"institucional.ufrrj.br\",\"potentialAction\":[{\"@type\":\"SearchAction\",\"target\":{\"@type\":\"EntryPoint\",\"urlTemplate\":\"https:\/\/institucional.ufrrj.br\/portalcpda\/?s={search_term_string}\"},\"query-input\":{\"@type\":\"PropertyValueSpecification\",\"valueRequired\":true,\"valueName\":\"search_term_string\"}}],\"inLanguage\":\"pt-BR\"}]}<\/script>\n<!-- \/ Yoast SEO plugin. -->","yoast_head_json":{"title":"Terra, Poder e Territ\u00f3rio - CPDA","robots":{"index":"index","follow":"follow","max-snippet":"max-snippet:-1","max-image-preview":"max-image-preview:large","max-video-preview":"max-video-preview:-1"},"canonical":"https:\/\/institucional.ufrrj.br\/portalcpda\/terra-poder-e-territorio\/","og_locale":"pt_BR","og_type":"article","og_title":"Terra, Poder e Territ\u00f3rio - CPDA","og_description":"&nbsp; Aborda o estudo das rela\u00e7\u00f5es entre terra, territ\u00f3rio, cultura e poder, consideradas como dimens\u00f5es chave da geopol\u00edtica global e ... leia mais","og_url":"https:\/\/institucional.ufrrj.br\/portalcpda\/terra-poder-e-territorio\/","og_site_name":"CPDA","article_modified_time":"2025-04-07T15:44:40+00:00","twitter_card":"summary_large_image","twitter_misc":{"Est. tempo de leitura":"1 minuto"},"schema":{"@context":"https:\/\/schema.org","@graph":[{"@type":"WebPage","@id":"https:\/\/institucional.ufrrj.br\/portalcpda\/terra-poder-e-territorio\/","url":"https:\/\/institucional.ufrrj.br\/portalcpda\/terra-poder-e-territorio\/","name":"Terra, Poder e Territ\u00f3rio - CPDA","isPartOf":{"@id":"https:\/\/institucional.ufrrj.br\/portalcpda\/#website"},"datePublished":"2017-09-12T19:04:33+00:00","dateModified":"2025-04-07T15:44:40+00:00","breadcrumb":{"@id":"https:\/\/institucional.ufrrj.br\/portalcpda\/terra-poder-e-territorio\/#breadcrumb"},"inLanguage":"pt-BR","potentialAction":[{"@type":"ReadAction","target":["https:\/\/institucional.ufrrj.br\/portalcpda\/terra-poder-e-territorio\/"]}]},{"@type":"BreadcrumbList","@id":"https:\/\/institucional.ufrrj.br\/portalcpda\/terra-poder-e-territorio\/#breadcrumb","itemListElement":[{"@type":"ListItem","position":1,"name":"In\u00edcio","item":"https:\/\/institucional.ufrrj.br\/portalcpda\/"},{"@type":"ListItem","position":2,"name":"Terra, Poder e Territ\u00f3rio"}]},{"@type":"WebSite","@id":"https:\/\/institucional.ufrrj.br\/portalcpda\/#website","url":"https:\/\/institucional.ufrrj.br\/portalcpda\/","name":"CPDA","description":"institucional.ufrrj.br","potentialAction":[{"@type":"SearchAction","target":{"@type":"EntryPoint","urlTemplate":"https:\/\/institucional.ufrrj.br\/portalcpda\/?s={search_term_string}"},"query-input":{"@type":"PropertyValueSpecification","valueRequired":true,"valueName":"search_term_string"}}],"inLanguage":"pt-BR"}]}},"acf":[],"_links":{"self":[{"href":"https:\/\/institucional.ufrrj.br\/portalcpda\/wp-json\/wp\/v2\/pages\/12167","targetHints":{"allow":["GET"]}}],"collection":[{"href":"https:\/\/institucional.ufrrj.br\/portalcpda\/wp-json\/wp\/v2\/pages"}],"about":[{"href":"https:\/\/institucional.ufrrj.br\/portalcpda\/wp-json\/wp\/v2\/types\/page"}],"author":[{"embeddable":true,"href":"https:\/\/institucional.ufrrj.br\/portalcpda\/wp-json\/wp\/v2\/users\/634"}],"replies":[{"embeddable":true,"href":"https:\/\/institucional.ufrrj.br\/portalcpda\/wp-json\/wp\/v2\/comments?post=12167"}],"version-history":[{"count":7,"href":"https:\/\/institucional.ufrrj.br\/portalcpda\/wp-json\/wp\/v2\/pages\/12167\/revisions"}],"predecessor-version":[{"id":26607,"href":"https:\/\/institucional.ufrrj.br\/portalcpda\/wp-json\/wp\/v2\/pages\/12167\/revisions\/26607"}],"wp:attachment":[{"href":"https:\/\/institucional.ufrrj.br\/portalcpda\/wp-json\/wp\/v2\/media?parent=12167"}],"curies":[{"name":"wp","href":"https:\/\/api.w.org\/{rel}","templated":true}]}}