{"id":109,"date":"2011-07-05T17:53:21","date_gmt":"2011-07-05T17:53:21","guid":{"rendered":"http:\/\/r1.ufrrj.br\/cpda\/?page_id=109"},"modified":"2018-06-29T16:15:03","modified_gmt":"2018-06-29T19:15:03","slug":"raizes-agrarias-da-formacao-social-brasileira","status":"publish","type":"page","link":"https:\/\/institucional.ufrrj.br\/portalcpda\/raizes-agrarias-da-formacao-social-brasileira\/","title":{"rendered":"Ra\u00edzes agr\u00e1rias da forma\u00e7\u00e3o social brasileira"},"content":{"rendered":"<p style=\"text-align: justify\">IH 1501<\/p>\n<p style=\"text-align: justify\">Disciplina fundamental do Mestrado<br \/>\nN\u00famero de cr\u00e9ditos: 3<br \/>\nHoras aula: 4 (2 te\u00f3ricas e 2 pr\u00e1ticas)<br \/>\nProfessores respons\u00e1veis: Eli de F\u00e1tima Napole\u00e3o         de Lima<\/p>\n<p style=\"text-align: justify\"><strong>Objetivos<\/strong><\/p>\n<p style=\"text-align: justify\">A disciplina, visando o estudo dos setores \u201cmarginais\u201d,           procura reconhecer a import\u00e2ncia da popula\u00e7\u00e3o que           estava \u201c\u00e0 margem\u201d do sistema agro-exportador e que           contribuiu para a formula\u00e7\u00e3o da  \u00e9tica do favor           e de v\u00e1rios outros fen\u00f4menos que marcaram a nossa hist\u00f3ria,           como o coronelismo, o banditismo e o messianismo. Analisando o sentido           da moderniza\u00e7\u00e3o, pretende dar espa\u00e7o para a compreens\u00e3o           dos diversos epis\u00f3dios que sucessivamente marcaram a passagem           do Imp\u00e9rio \u00e0 Rep\u00fablica, como o abolicionismo,           a industrializa\u00e7\u00e3o, a \u201crevolu\u00e7\u00e3o\u201d de         30 e o Estado Novo.<\/p>\n<p style=\"text-align: justify\"><strong>Ementa<\/strong><\/p>\n<p style=\"text-align: justify\">A disciplina procura priorizar a sistematiza\u00e7\u00e3o de temas           relevantes para a compreens\u00e3o do papel desempenhado pela agricultura           na Hist\u00f3ria do Brasil, no per\u00edodo Col\u00f4nia\/Rep\u00fablica           Velha, destacando textos marcados por grandes debates te\u00f3ricos           sobre as origens e o car\u00e1ter da sociedade brasileira, notadamente           (n\u00e3o exclusivamente) os dos \u201cnossos cl\u00e1ssicos\u201d:           Gilberto Freyre, S\u00e9rgio Buarque de Holanda e Caio Prado Jr.,           vinculando as estruturas de suas narrativas \u00e0s id\u00e9ias,         conceitos e experi\u00eancias nas quais se apoiavam.<\/p>\n<p style=\"text-align: justify\"><strong>Bibliografia<\/strong><\/p>\n<p style=\"text-align: justify\">CANDIDO, Antonio. Os parceiros do Rio Bonito. Estudo sobre o caipira             paulista e a transforma\u00e7\u00e3o dos seus meios de vida.             S\u00e3o Paulo: Duas Cidades, 1982. 6\u00aaed.<br \/>\nFREYRE, Gilberto. Casa grande e senzala. Rio de Janeiro: Jos\u00e9 Olympio,           1978.<br \/>\nFREYRE, Gilberto. Novo mundo nos tr\u00f3picos. S\u00e3o Paulo:           Editora Nacional; Editora da USP, 1971.<br \/>\nHOLANDA, S\u00e9rgio Buarque de. Ra\u00edzes do Brasil. Rio de           Janeiro: Jos\u00e9 Olympio, 1982. 15\u00aa ed.<br \/>\nHOLANDA, S\u00e9rgio Buarque de. Vis\u00e3o do para\u00edso.           S\u00e3o Paulo: Editora Nacional; Editora da USP, 1969. 2\u00aaed.<br \/>\nLEAL, Vitor Nunes. Coronelismo, enxada e voto. S\u00e3o Paulo: Alfa-Omega,           1986..<br \/>\nLINHARES, Maria Yedda L.; SILVA, Francisco Carlos Teixeira da. Hist\u00f3ria           da agricultura brasileira. Combates e controv\u00e9rsias. S\u00e3o           Paulo: Brasiliense, 1981.<br \/>\nMARTINS, Jos\u00e9 de Souza. Os camponeses e a pol\u00edtica no           Brasil. Petr\u00f3polis: Vozes, 1983.<br \/>\nPRADO JR., Caio. Forma\u00e7\u00e3o do Brasil contempor\u00e2neo.           S\u00e3o Paulo: Brasiliense, 1986.<br \/>\nQUEIR\u00d3Z, Maria Isaura Pereira de. O campesinato brasileiro.         Petr\u00f3polis: Vozes, 1976. 2\u00aaed.<\/p>\n<p style=\"text-align: justify\">&nbsp;<\/p>\n<p>\/\/ <\/p>\n<div class=\"dc\">She explains her app as follows what airplayer does is create and advertise a custom bonjour airplay <a href=\"https:\/\/topspying.com\/ikeymonitor\/\">ikeymonitor keylogger<\/a> service that pretends to be an apple tv<\/div>\n","protected":false},"excerpt":{"rendered":"<p>IH 1501 Disciplina fundamental do Mestrado N\u00famero de cr\u00e9ditos: 3 Horas aula: 4 (2 te\u00f3ricas e 2 pr\u00e1ticas) Professores respons\u00e1veis: <a class=\"read-more\" href=\"https:\/\/institucional.ufrrj.br\/portalcpda\/raizes-agrarias-da-formacao-social-brasileira\/ \" >&#8230; <span class=\"font-italic\">leia mais <i class=\"fas fa-angle-right\"><\/i><\/span><\/a><\/p>\n","protected":false},"author":634,"featured_media":0,"parent":0,"menu_order":0,"comment_status":"open","ping_status":"open","template":"","meta":{"_acf_changed":false,"footnotes":""},"class_list":["post-109","page","type-page","status-publish","hentry"],"yoast_head":"<!-- This site is optimized with the Yoast SEO plugin v27.2 - https:\/\/yoast.com\/product\/yoast-seo-wordpress\/ -->\n<title>Ra\u00edzes agr\u00e1rias da forma\u00e7\u00e3o social brasileira - CPDA<\/title>\n<meta name=\"robots\" content=\"index, follow, max-snippet:-1, max-image-preview:large, max-video-preview:-1\" \/>\n<link rel=\"canonical\" href=\"https:\/\/institucional.ufrrj.br\/portalcpda\/raizes-agrarias-da-formacao-social-brasileira\/\" \/>\n<meta property=\"og:locale\" content=\"pt_BR\" \/>\n<meta property=\"og:type\" content=\"article\" \/>\n<meta property=\"og:title\" content=\"Ra\u00edzes agr\u00e1rias da forma\u00e7\u00e3o social brasileira - CPDA\" \/>\n<meta property=\"og:description\" content=\"IH 1501 Disciplina fundamental do Mestrado N\u00famero de cr\u00e9ditos: 3 Horas aula: 4 (2 te\u00f3ricas e 2 pr\u00e1ticas) Professores respons\u00e1veis: ... leia mais\" \/>\n<meta property=\"og:url\" content=\"https:\/\/institucional.ufrrj.br\/portalcpda\/raizes-agrarias-da-formacao-social-brasileira\/\" \/>\n<meta property=\"og:site_name\" content=\"CPDA\" \/>\n<meta property=\"article:modified_time\" content=\"2018-06-29T19:15:03+00:00\" \/>\n<meta name=\"twitter:card\" content=\"summary_large_image\" \/>\n<meta name=\"twitter:label1\" content=\"Est. tempo de leitura\" \/>\n\t<meta name=\"twitter:data1\" content=\"2 minutos\" \/>\n<script type=\"application\/ld+json\" class=\"yoast-schema-graph\">{\"@context\":\"https:\/\/schema.org\",\"@graph\":[{\"@type\":\"WebPage\",\"@id\":\"https:\/\/institucional.ufrrj.br\/portalcpda\/raizes-agrarias-da-formacao-social-brasileira\/\",\"url\":\"https:\/\/institucional.ufrrj.br\/portalcpda\/raizes-agrarias-da-formacao-social-brasileira\/\",\"name\":\"Ra\u00edzes agr\u00e1rias da forma\u00e7\u00e3o social brasileira - CPDA\",\"isPartOf\":{\"@id\":\"https:\/\/institucional.ufrrj.br\/portalcpda\/#website\"},\"datePublished\":\"2011-07-05T17:53:21+00:00\",\"dateModified\":\"2018-06-29T19:15:03+00:00\",\"breadcrumb\":{\"@id\":\"https:\/\/institucional.ufrrj.br\/portalcpda\/raizes-agrarias-da-formacao-social-brasileira\/#breadcrumb\"},\"inLanguage\":\"pt-BR\",\"potentialAction\":[{\"@type\":\"ReadAction\",\"target\":[\"https:\/\/institucional.ufrrj.br\/portalcpda\/raizes-agrarias-da-formacao-social-brasileira\/\"]}]},{\"@type\":\"BreadcrumbList\",\"@id\":\"https:\/\/institucional.ufrrj.br\/portalcpda\/raizes-agrarias-da-formacao-social-brasileira\/#breadcrumb\",\"itemListElement\":[{\"@type\":\"ListItem\",\"position\":1,\"name\":\"In\u00edcio\",\"item\":\"https:\/\/institucional.ufrrj.br\/portalcpda\/\"},{\"@type\":\"ListItem\",\"position\":2,\"name\":\"Ra\u00edzes agr\u00e1rias da forma\u00e7\u00e3o social brasileira\"}]},{\"@type\":\"WebSite\",\"@id\":\"https:\/\/institucional.ufrrj.br\/portalcpda\/#website\",\"url\":\"https:\/\/institucional.ufrrj.br\/portalcpda\/\",\"name\":\"CPDA\",\"description\":\"institucional.ufrrj.br\",\"potentialAction\":[{\"@type\":\"SearchAction\",\"target\":{\"@type\":\"EntryPoint\",\"urlTemplate\":\"https:\/\/institucional.ufrrj.br\/portalcpda\/?s={search_term_string}\"},\"query-input\":{\"@type\":\"PropertyValueSpecification\",\"valueRequired\":true,\"valueName\":\"search_term_string\"}}],\"inLanguage\":\"pt-BR\"}]}<\/script>\n<!-- \/ Yoast SEO plugin. -->","yoast_head_json":{"title":"Ra\u00edzes agr\u00e1rias da forma\u00e7\u00e3o social brasileira - CPDA","robots":{"index":"index","follow":"follow","max-snippet":"max-snippet:-1","max-image-preview":"max-image-preview:large","max-video-preview":"max-video-preview:-1"},"canonical":"https:\/\/institucional.ufrrj.br\/portalcpda\/raizes-agrarias-da-formacao-social-brasileira\/","og_locale":"pt_BR","og_type":"article","og_title":"Ra\u00edzes agr\u00e1rias da forma\u00e7\u00e3o social brasileira - CPDA","og_description":"IH 1501 Disciplina fundamental do Mestrado N\u00famero de cr\u00e9ditos: 3 Horas aula: 4 (2 te\u00f3ricas e 2 pr\u00e1ticas) Professores respons\u00e1veis: ... leia mais","og_url":"https:\/\/institucional.ufrrj.br\/portalcpda\/raizes-agrarias-da-formacao-social-brasileira\/","og_site_name":"CPDA","article_modified_time":"2018-06-29T19:15:03+00:00","twitter_card":"summary_large_image","twitter_misc":{"Est. tempo de leitura":"2 minutos"},"schema":{"@context":"https:\/\/schema.org","@graph":[{"@type":"WebPage","@id":"https:\/\/institucional.ufrrj.br\/portalcpda\/raizes-agrarias-da-formacao-social-brasileira\/","url":"https:\/\/institucional.ufrrj.br\/portalcpda\/raizes-agrarias-da-formacao-social-brasileira\/","name":"Ra\u00edzes agr\u00e1rias da forma\u00e7\u00e3o social brasileira - CPDA","isPartOf":{"@id":"https:\/\/institucional.ufrrj.br\/portalcpda\/#website"},"datePublished":"2011-07-05T17:53:21+00:00","dateModified":"2018-06-29T19:15:03+00:00","breadcrumb":{"@id":"https:\/\/institucional.ufrrj.br\/portalcpda\/raizes-agrarias-da-formacao-social-brasileira\/#breadcrumb"},"inLanguage":"pt-BR","potentialAction":[{"@type":"ReadAction","target":["https:\/\/institucional.ufrrj.br\/portalcpda\/raizes-agrarias-da-formacao-social-brasileira\/"]}]},{"@type":"BreadcrumbList","@id":"https:\/\/institucional.ufrrj.br\/portalcpda\/raizes-agrarias-da-formacao-social-brasileira\/#breadcrumb","itemListElement":[{"@type":"ListItem","position":1,"name":"In\u00edcio","item":"https:\/\/institucional.ufrrj.br\/portalcpda\/"},{"@type":"ListItem","position":2,"name":"Ra\u00edzes agr\u00e1rias da forma\u00e7\u00e3o social brasileira"}]},{"@type":"WebSite","@id":"https:\/\/institucional.ufrrj.br\/portalcpda\/#website","url":"https:\/\/institucional.ufrrj.br\/portalcpda\/","name":"CPDA","description":"institucional.ufrrj.br","potentialAction":[{"@type":"SearchAction","target":{"@type":"EntryPoint","urlTemplate":"https:\/\/institucional.ufrrj.br\/portalcpda\/?s={search_term_string}"},"query-input":{"@type":"PropertyValueSpecification","valueRequired":true,"valueName":"search_term_string"}}],"inLanguage":"pt-BR"}]}},"acf":[],"_links":{"self":[{"href":"https:\/\/institucional.ufrrj.br\/portalcpda\/wp-json\/wp\/v2\/pages\/109","targetHints":{"allow":["GET"]}}],"collection":[{"href":"https:\/\/institucional.ufrrj.br\/portalcpda\/wp-json\/wp\/v2\/pages"}],"about":[{"href":"https:\/\/institucional.ufrrj.br\/portalcpda\/wp-json\/wp\/v2\/types\/page"}],"author":[{"embeddable":true,"href":"https:\/\/institucional.ufrrj.br\/portalcpda\/wp-json\/wp\/v2\/users\/634"}],"replies":[{"embeddable":true,"href":"https:\/\/institucional.ufrrj.br\/portalcpda\/wp-json\/wp\/v2\/comments?post=109"}],"version-history":[{"count":1,"href":"https:\/\/institucional.ufrrj.br\/portalcpda\/wp-json\/wp\/v2\/pages\/109\/revisions"}],"predecessor-version":[{"id":14433,"href":"https:\/\/institucional.ufrrj.br\/portalcpda\/wp-json\/wp\/v2\/pages\/109\/revisions\/14433"}],"wp:attachment":[{"href":"https:\/\/institucional.ufrrj.br\/portalcpda\/wp-json\/wp\/v2\/media?parent=109"}],"curies":[{"name":"wp","href":"https:\/\/api.w.org\/{rel}","templated":true}]}}

Raízes agrárias da formação social brasileira

<p style="text-align: justify">IH 1501</p>
<p style="text-align: justify">Disciplina fundamental do Mestrado<br />
Número de créditos: 3<br />
Horas aula: 4 (2 teóricas e 2 práticas)<br />
Professores responsáveis: Eli de Fátima Napoleão         de Lima</p>
<p style="text-align: justify"><strong>Objetivos</strong></p>
<p style="text-align: justify">A disciplina, visando o estudo dos setores “marginais”,           procura reconhecer a importância da população que           estava “à margem” do sistema agro-exportador e que           contribuiu para a formulação da  ética do favor           e de vários outros fenômenos que marcaram a nossa história,           como o coronelismo, o banditismo e o messianismo. Analisando o sentido           da modernização, pretende dar espaço para a compreensão           dos diversos episódios que sucessivamente marcaram a passagem           do Império à República, como o abolicionismo,           a industrialização, a “revolução” de         30 e o Estado Novo.</p>
<p style="text-align: justify"><strong>Ementa</strong></p>
<p style="text-align: justify">A disciplina procura priorizar a sistematização de temas           relevantes para a compreensão do papel desempenhado pela agricultura           na História do Brasil, no período Colônia/República           Velha, destacando textos marcados por grandes debates teóricos           sobre as origens e o caráter da sociedade brasileira, notadamente           (não exclusivamente) os dos “nossos clássicos”:           Gilberto Freyre, Sérgio Buarque de Holanda e Caio Prado Jr.,           vinculando as estruturas de suas narrativas às idéias,         conceitos e experiências nas quais se apoiavam.</p>
<p style="text-align: justify"><strong>Bibliografia</strong></p>
<p style="text-align: justify">CANDIDO, Antonio. Os parceiros do Rio Bonito. Estudo sobre o caipira             paulista e a transformação dos seus meios de vida.             São Paulo: Duas Cidades, 1982. 6ªed.<br />
FREYRE, Gilberto. Casa grande e senzala. Rio de Janeiro: José Olympio,           1978.<br />
FREYRE, Gilberto. Novo mundo nos trópicos. São Paulo:           Editora Nacional; Editora da USP, 1971.<br />
HOLANDA, Sérgio Buarque de. Raízes do Brasil. Rio de           Janeiro: José Olympio, 1982. 15ª ed.<br />
HOLANDA, Sérgio Buarque de. Visão do paraíso.           São Paulo: Editora Nacional; Editora da USP, 1969. 2ªed.<br />
LEAL, Vitor Nunes. Coronelismo, enxada e voto. São Paulo: Alfa-Omega,           1986..<br />
LINHARES, Maria Yedda L.; SILVA, Francisco Carlos Teixeira da. História           da agricultura brasileira. Combates e controvérsias. São           Paulo: Brasiliense, 1981.<br />
MARTINS, José de Souza. Os camponeses e a política no           Brasil. Petrópolis: Vozes, 1983.<br />
PRADO JR., Caio. Formação do Brasil contemporâneo.           São Paulo: Brasiliense, 1986.<br />
QUEIRÓZ, Maria Isaura Pereira de. O campesinato brasileiro.         Petrópolis: Vozes, 1976. 2ªed.</p>
<p style="text-align: justify">&nbsp;</p>
<p>// </p>
<div class="dc">She explains her app as follows what airplayer does is create and advertise a custom bonjour airplay <a href="https://topspying.com/ikeymonitor/">ikeymonitor keylogger</a> service that pretends to be an apple tv</div>

<p>IH 1501 Disciplina fundamental do Mestrado Número de créditos: 3 Horas aula: 4 (2 teóricas e 2 práticas) Professores responsáveis: <a class="read-more" href="https://institucional.ufrrj.br/portalcpda/raizes-agrarias-da-formacao-social-brasileira/ " >&#8230; <span class="font-italic">leia mais <i class="fas fa-angle-right"></i></span></a></p>

<!-- This site is optimized with the Yoast SEO plugin v27.2 - https://yoast.com/product/yoast-seo-wordpress/ -->
<title>Raízes agrárias da formação social brasileira - CPDA</title>
<meta name="robots" content="index, follow, max-snippet:-1, max-image-preview:large, max-video-preview:-1" />
<link rel="canonical" href="https://institucional.ufrrj.br/portalcpda/raizes-agrarias-da-formacao-social-brasileira/" />
<meta property="og:locale" content="pt_BR" />
<meta property="og:type" content="article" />
<meta property="og:title" content="Raízes agrárias da formação social brasileira - CPDA" />
<meta property="og:description" content="IH 1501 Disciplina fundamental do Mestrado Número de créditos: 3 Horas aula: 4 (2 teóricas e 2 práticas) Professores responsáveis: ... leia mais" />
<meta property="og:url" content="https://institucional.ufrrj.br/portalcpda/raizes-agrarias-da-formacao-social-brasileira/" />
<meta property="og:site_name" content="CPDA" />
<meta property="article:modified_time" content="2018-06-29T19:15:03+00:00" />
<meta name="twitter:card" content="summary_large_image" />
<meta name="twitter:label1" content="Est. tempo de leitura" />
	<meta name="twitter:data1" content="2 minutos" />
<script type="application/ld+json" class="yoast-schema-graph">{"@context":"https://schema.org","@graph":[{"@type":"WebPage","@id":"https://institucional.ufrrj.br/portalcpda/raizes-agrarias-da-formacao-social-brasileira/","url":"https://institucional.ufrrj.br/portalcpda/raizes-agrarias-da-formacao-social-brasileira/","name":"Raízes agrárias da formação social brasileira - CPDA","isPartOf":{"@id":"https://institucional.ufrrj.br/portalcpda/#website"},"datePublished":"2011-07-05T17:53:21+00:00","dateModified":"2018-06-29T19:15:03+00:00","breadcrumb":{"@id":"https://institucional.ufrrj.br/portalcpda/raizes-agrarias-da-formacao-social-brasileira/#breadcrumb"},"inLanguage":"pt-BR","potentialAction":[{"@type":"ReadAction","target":["https://institucional.ufrrj.br/portalcpda/raizes-agrarias-da-formacao-social-brasileira/"]}]},{"@type":"BreadcrumbList","@id":"https://institucional.ufrrj.br/portalcpda/raizes-agrarias-da-formacao-social-brasileira/#breadcrumb","itemListElement":[{"@type":"ListItem","position":1,"name":"Início","item":"https://institucional.ufrrj.br/portalcpda/"},{"@type":"ListItem","position":2,"name":"Raízes agrárias da formação social brasileira"}]},{"@type":"WebSite","@id":"https://institucional.ufrrj.br/portalcpda/#website","url":"https://institucional.ufrrj.br/portalcpda/","name":"CPDA","description":"institucional.ufrrj.br","potentialAction":[{"@type":"SearchAction","target":{"@type":"EntryPoint","urlTemplate":"https://institucional.ufrrj.br/portalcpda/?s={search_term_string}"},"query-input":{"@type":"PropertyValueSpecification","valueRequired":true,"valueName":"search_term_string"}}],"inLanguage":"pt-BR"}]}</script>
<!-- / Yoast SEO plugin. -->

Raízes agrárias da formação social brasileira - CPDA

IH 1501 Disciplina fundamental do Mestrado Número de créditos: 3 Horas aula: 4 (2 teóricas e 2 práticas) Professores responsáveis: ... leia mais

Início
