{"id":1049,"date":"2011-09-26T18:40:45","date_gmt":"2011-09-26T21:40:45","guid":{"rendered":"http:\/\/r1.ufrrj.br\/cpda\/?page_id=1049"},"modified":"2022-05-17T12:55:41","modified_gmt":"2022-05-17T15:55:41","slug":"professor-joao-carlos-duarte","status":"publish","type":"page","link":"https:\/\/institucional.ufrrj.br\/portalcpda\/professor-joao-carlos-duarte\/","title":{"rendered":"Professor Jo\u00e3o Carlos Duarte"},"content":{"rendered":"<hr \/>\n<p>&nbsp;<\/p>\n<p>Jo\u00e3o Carlos Duarte, formado em agronomia, deslocou-se para as ci\u00eancias sociais j\u00e1 em seu mestrado. Atento para a preocupa\u00e7\u00e3o crescente com o problema da distribui\u00e7\u00e3o da renda no Brasil, empreendeu o seu trabalho de disserta\u00e7\u00e3o de mestrado sobre o tema. Em que pesasse \u2013 na \u00e9poca, os anos 1970 \u2013 o fato da escassez de dados e das limita\u00e7\u00f5es dos mesmos, parecia claro ao pesquisador que o padr\u00e3o de distribui\u00e7\u00e3o de renda era um dos fatores mais importantes a determinar a elei\u00e7\u00e3o de um ou outro modelo de desenvolvimento. Percebendo que seu interesse por essa quest\u00e3o situava-se no quadro mais amplo de inquiri\u00e7\u00e3o sobre a problem\u00e1tica do desenvolvimento econ\u00f4mico e de reflex\u00e3o sobre os rumos desse processo no pa\u00eds, sua disserta\u00e7\u00e3o de mestrado, intitulada &#8220;Aspectos da distribui\u00e7\u00e3o de renda no Brasil em 1970&#8221;, e defendida em 1972 na ESALQ\/USP, em um clima nacional que veiculava uma cr\u00edtica aguda ao \u201cmilagre brasileiro\u201d, foi a primeira an\u00e1lise cient\u00edfica na qual foram comparados dados de 1960 e 1970 sobre a distribui\u00e7\u00e3o da terras no Brasil, utilizando o \u00cdndice de Gini, desenvolvido pelo Prof. Rodolfo Hoffman. Por revelar um processo de concentra\u00e7\u00e3o de renda no Brasil durante a d\u00e9cada de 1970, suas conclus\u00f5es constitu\u00edram-se em argumenta\u00e7\u00e3o cr\u00edtica ao governo militar e \u00e0 pol\u00edtica econ\u00f4mica do per\u00edodo, tendo uma ampla repercuss\u00e3o nacional e internacional. Em 1974, teve publicado, no n\u00ba 2 da Revista <em>Debate &amp; Critica,<\/em> um ensaio instigante sobre \u201cAgricultura e acumula\u00e7\u00e3o\u201d, em co-autoria com Oriowaldo Queda, tratando de uma nova abordagem sobre a \u201cagricultura de subsist\u00eancia\u201d no Brasil. Realizou seu programa de PhD na<em> New School For Social Research<\/em>, em New York, durante os anos de 1974 a 1978, voltando ao Brasil para a finaliza\u00e7\u00e3o da pesquisa de PhD, que infelizmente n\u00e3o pode completar. Sua chegada no CPDA (na \u00e9poca vinculado \u00e0 FGV-RJ) inscreveu-se no quadro de refor\u00e7o da pesquisa\/ensino interdisciplinar, perspectiva adotada pelo Programa. Portador de um pensamento agudo e flex\u00edvel, aqui desenvolveu atividades de pesquisa e orienta\u00e7\u00e3o sobre mercado de trabalho, agroind\u00fastria e pol\u00edtica agr\u00edcola durante os primeiros anos da d\u00e9cada de 1980. Participou da equipe de pesquisadores do CPDA e do IESAE, tamb\u00e9m da FGV-RJ, que, no final da d\u00e9cada de 1970, realizou uma ampla pesquisa sobre \u201cMercado de trabalho rural e alternativas metodol\u00f3gicas de educa\u00e7\u00e3o\u201d. Dentre outras atividades, participou do &#8220;Grupo de assessoramento sobre quest\u00f5es de trabalho e desenvolvimento social&#8221; do CNPq e, junto com o Prof. Roberto Jos\u00e9 Moreira, escreveu um <em>paper<\/em> sob o t\u00edtulo \u201cTrabalho rural\u201d (1981), no qual exploraram algumas das caracter\u00edsticas da moderniza\u00e7\u00e3o tecnol\u00f3gica pela qual passou a agricultura brasileira, e suas consequ\u00eancias, bem como identificavam aspectos do processo que necessitava, \u00e0 \u00e9poca, de estudos mais pormenorizados, seja por serem temas novos, seja por n\u00e3o terem merecido ainda a aten\u00e7\u00e3o dos pesquisadores que vinham se preocupando com os problemas sociais do setor agr\u00edcola. Sua contribui\u00e7\u00e3o deixou marcas indel\u00e9veis, percept\u00edveis em estudos realizados sobre essa tem\u00e1tica desde ent\u00e3o. Posteriormente concentrou suas atividades, no CPDA\/UFRRJ, nos campos da economia pol\u00edtica e da teoria do conhecimento. Com a cria\u00e7\u00e3o da \u00e1rea de concentra\u00e7\u00e3o em Sociedade e Agricultura, priorizou seus estudos em metodologia cient\u00edfica, ci\u00eancia, sociedade e ideologia.<\/p>\n<p>Jo\u00e3o Carlos Duarte faleceu no Rio de Janeiro, em agosto de 1989. Ao nomear sua Sala de Defesas com o nome do Professor Jo\u00e3o Carlos Duarte, os professores e servidores do CPDA homenageiam o colega e tornam inesquec\u00edveis suas contribui\u00e7\u00f5es ao programa e aos estudos rurais.<\/p>\n","protected":false},"excerpt":{"rendered":"<p>&nbsp; Jo\u00e3o Carlos Duarte, formado em agronomia, deslocou-se para as ci\u00eancias sociais j\u00e1 em seu mestrado. Atento para a preocupa\u00e7\u00e3o <a class=\"read-more\" href=\"https:\/\/institucional.ufrrj.br\/portalcpda\/professor-joao-carlos-duarte\/ \" >&#8230; <span class=\"font-italic\">leia mais <i class=\"fas fa-angle-right\"><\/i><\/span><\/a><\/p>\n","protected":false},"author":634,"featured_media":0,"parent":0,"menu_order":0,"comment_status":"open","ping_status":"open","template":"","meta":{"_acf_changed":false,"footnotes":""},"class_list":["post-1049","page","type-page","status-publish","hentry"],"yoast_head":"<!-- This site is optimized with the Yoast SEO plugin v27.2 - https:\/\/yoast.com\/product\/yoast-seo-wordpress\/ -->\n<title>Professor Jo\u00e3o Carlos Duarte - CPDA<\/title>\n<meta name=\"robots\" content=\"index, follow, max-snippet:-1, max-image-preview:large, max-video-preview:-1\" \/>\n<link rel=\"canonical\" href=\"https:\/\/institucional.ufrrj.br\/portalcpda\/professor-joao-carlos-duarte\/\" \/>\n<meta property=\"og:locale\" content=\"pt_BR\" \/>\n<meta property=\"og:type\" content=\"article\" \/>\n<meta property=\"og:title\" content=\"Professor Jo\u00e3o Carlos Duarte - CPDA\" \/>\n<meta property=\"og:description\" content=\"&nbsp; Jo\u00e3o Carlos Duarte, formado em agronomia, deslocou-se para as ci\u00eancias sociais j\u00e1 em seu mestrado. Atento para a preocupa\u00e7\u00e3o ... leia mais\" \/>\n<meta property=\"og:url\" content=\"https:\/\/institucional.ufrrj.br\/portalcpda\/professor-joao-carlos-duarte\/\" \/>\n<meta property=\"og:site_name\" content=\"CPDA\" \/>\n<meta property=\"article:modified_time\" content=\"2022-05-17T15:55:41+00:00\" \/>\n<meta name=\"twitter:card\" content=\"summary_large_image\" \/>\n<meta name=\"twitter:label1\" content=\"Est. tempo de leitura\" \/>\n\t<meta name=\"twitter:data1\" content=\"3 minutos\" \/>\n<script type=\"application\/ld+json\" class=\"yoast-schema-graph\">{\"@context\":\"https:\/\/schema.org\",\"@graph\":[{\"@type\":\"WebPage\",\"@id\":\"https:\/\/institucional.ufrrj.br\/portalcpda\/professor-joao-carlos-duarte\/\",\"url\":\"https:\/\/institucional.ufrrj.br\/portalcpda\/professor-joao-carlos-duarte\/\",\"name\":\"Professor Jo\u00e3o Carlos Duarte - CPDA\",\"isPartOf\":{\"@id\":\"https:\/\/institucional.ufrrj.br\/portalcpda\/#website\"},\"datePublished\":\"2011-09-26T21:40:45+00:00\",\"dateModified\":\"2022-05-17T15:55:41+00:00\",\"breadcrumb\":{\"@id\":\"https:\/\/institucional.ufrrj.br\/portalcpda\/professor-joao-carlos-duarte\/#breadcrumb\"},\"inLanguage\":\"pt-BR\",\"potentialAction\":[{\"@type\":\"ReadAction\",\"target\":[\"https:\/\/institucional.ufrrj.br\/portalcpda\/professor-joao-carlos-duarte\/\"]}]},{\"@type\":\"BreadcrumbList\",\"@id\":\"https:\/\/institucional.ufrrj.br\/portalcpda\/professor-joao-carlos-duarte\/#breadcrumb\",\"itemListElement\":[{\"@type\":\"ListItem\",\"position\":1,\"name\":\"In\u00edcio\",\"item\":\"https:\/\/institucional.ufrrj.br\/portalcpda\/\"},{\"@type\":\"ListItem\",\"position\":2,\"name\":\"Professor Jo\u00e3o Carlos Duarte\"}]},{\"@type\":\"WebSite\",\"@id\":\"https:\/\/institucional.ufrrj.br\/portalcpda\/#website\",\"url\":\"https:\/\/institucional.ufrrj.br\/portalcpda\/\",\"name\":\"CPDA\",\"description\":\"institucional.ufrrj.br\",\"potentialAction\":[{\"@type\":\"SearchAction\",\"target\":{\"@type\":\"EntryPoint\",\"urlTemplate\":\"https:\/\/institucional.ufrrj.br\/portalcpda\/?s={search_term_string}\"},\"query-input\":{\"@type\":\"PropertyValueSpecification\",\"valueRequired\":true,\"valueName\":\"search_term_string\"}}],\"inLanguage\":\"pt-BR\"}]}<\/script>\n<!-- \/ Yoast SEO plugin. -->","yoast_head_json":{"title":"Professor Jo\u00e3o Carlos Duarte - CPDA","robots":{"index":"index","follow":"follow","max-snippet":"max-snippet:-1","max-image-preview":"max-image-preview:large","max-video-preview":"max-video-preview:-1"},"canonical":"https:\/\/institucional.ufrrj.br\/portalcpda\/professor-joao-carlos-duarte\/","og_locale":"pt_BR","og_type":"article","og_title":"Professor Jo\u00e3o Carlos Duarte - CPDA","og_description":"&nbsp; Jo\u00e3o Carlos Duarte, formado em agronomia, deslocou-se para as ci\u00eancias sociais j\u00e1 em seu mestrado. Atento para a preocupa\u00e7\u00e3o ... leia mais","og_url":"https:\/\/institucional.ufrrj.br\/portalcpda\/professor-joao-carlos-duarte\/","og_site_name":"CPDA","article_modified_time":"2022-05-17T15:55:41+00:00","twitter_card":"summary_large_image","twitter_misc":{"Est. tempo de leitura":"3 minutos"},"schema":{"@context":"https:\/\/schema.org","@graph":[{"@type":"WebPage","@id":"https:\/\/institucional.ufrrj.br\/portalcpda\/professor-joao-carlos-duarte\/","url":"https:\/\/institucional.ufrrj.br\/portalcpda\/professor-joao-carlos-duarte\/","name":"Professor Jo\u00e3o Carlos Duarte - CPDA","isPartOf":{"@id":"https:\/\/institucional.ufrrj.br\/portalcpda\/#website"},"datePublished":"2011-09-26T21:40:45+00:00","dateModified":"2022-05-17T15:55:41+00:00","breadcrumb":{"@id":"https:\/\/institucional.ufrrj.br\/portalcpda\/professor-joao-carlos-duarte\/#breadcrumb"},"inLanguage":"pt-BR","potentialAction":[{"@type":"ReadAction","target":["https:\/\/institucional.ufrrj.br\/portalcpda\/professor-joao-carlos-duarte\/"]}]},{"@type":"BreadcrumbList","@id":"https:\/\/institucional.ufrrj.br\/portalcpda\/professor-joao-carlos-duarte\/#breadcrumb","itemListElement":[{"@type":"ListItem","position":1,"name":"In\u00edcio","item":"https:\/\/institucional.ufrrj.br\/portalcpda\/"},{"@type":"ListItem","position":2,"name":"Professor Jo\u00e3o Carlos Duarte"}]},{"@type":"WebSite","@id":"https:\/\/institucional.ufrrj.br\/portalcpda\/#website","url":"https:\/\/institucional.ufrrj.br\/portalcpda\/","name":"CPDA","description":"institucional.ufrrj.br","potentialAction":[{"@type":"SearchAction","target":{"@type":"EntryPoint","urlTemplate":"https:\/\/institucional.ufrrj.br\/portalcpda\/?s={search_term_string}"},"query-input":{"@type":"PropertyValueSpecification","valueRequired":true,"valueName":"search_term_string"}}],"inLanguage":"pt-BR"}]}},"acf":[],"_links":{"self":[{"href":"https:\/\/institucional.ufrrj.br\/portalcpda\/wp-json\/wp\/v2\/pages\/1049","targetHints":{"allow":["GET"]}}],"collection":[{"href":"https:\/\/institucional.ufrrj.br\/portalcpda\/wp-json\/wp\/v2\/pages"}],"about":[{"href":"https:\/\/institucional.ufrrj.br\/portalcpda\/wp-json\/wp\/v2\/types\/page"}],"author":[{"embeddable":true,"href":"https:\/\/institucional.ufrrj.br\/portalcpda\/wp-json\/wp\/v2\/users\/634"}],"replies":[{"embeddable":true,"href":"https:\/\/institucional.ufrrj.br\/portalcpda\/wp-json\/wp\/v2\/comments?post=1049"}],"version-history":[{"count":7,"href":"https:\/\/institucional.ufrrj.br\/portalcpda\/wp-json\/wp\/v2\/pages\/1049\/revisions"}],"predecessor-version":[{"id":23245,"href":"https:\/\/institucional.ufrrj.br\/portalcpda\/wp-json\/wp\/v2\/pages\/1049\/revisions\/23245"}],"wp:attachment":[{"href":"https:\/\/institucional.ufrrj.br\/portalcpda\/wp-json\/wp\/v2\/media?parent=1049"}],"curies":[{"name":"wp","href":"https:\/\/api.w.org\/{rel}","templated":true}]}}