{"id":5,"date":"2018-07-05T13:29:31","date_gmt":"2018-07-05T16:29:31","guid":{"rendered":"http:\/\/institucional.ufrrj.br\/planejamentocompras\/?page_id=5"},"modified":"2018-07-05T13:29:31","modified_gmt":"2018-07-05T16:29:31","slug":"inscricao","status":"publish","type":"page","link":"https:\/\/institucional.ufrrj.br\/planejamentocompras\/","title":{"rendered":"Inscri\u00e7\u00e3o"},"content":{"rendered":"<p>Inscri\u00e7\u00f5es Encerradas<\/p>\n","protected":false},"excerpt":{"rendered":"","protected":false},"author":634,"featured_media":0,"parent":0,"menu_order":0,"comment_status":"closed","ping_status":"closed","template":"","meta":{"footnotes":""},"class_list":["post-5","page","type-page","status-publish","hentry"],"yoast_head":"<!-- This site is optimized with the Yoast SEO plugin v27.2 - https:\/\/yoast.com\/product\/yoast-seo-wordpress\/ -->\n<title>Inscri\u00e7\u00e3o - Planejamento de Compras<\/title>\n<meta name=\"robots\" content=\"index, follow, max-snippet:-1, max-image-preview:large, max-video-preview:-1\" \/>\n<link rel=\"canonical\" href=\"https:\/\/institucional.ufrrj.br\/planejamentocompras\/\" \/>\n<meta property=\"og:locale\" content=\"pt_BR\" \/>\n<meta property=\"og:type\" content=\"article\" \/>\n<meta property=\"og:title\" content=\"Inscri\u00e7\u00e3o - Planejamento de Compras\" \/>\n<meta property=\"og:url\" content=\"https:\/\/institucional.ufrrj.br\/planejamentocompras\/\" \/>\n<meta property=\"og:site_name\" content=\"Planejamento de Compras\" \/>\n<meta name=\"twitter:card\" content=\"summary_large_image\" \/>\n<script type=\"application\/ld+json\" class=\"yoast-schema-graph\">{\"@context\":\"https:\/\/schema.org\",\"@graph\":[{\"@type\":\"WebPage\",\"@id\":\"https:\/\/institucional.ufrrj.br\/planejamentocompras\/\",\"url\":\"https:\/\/institucional.ufrrj.br\/planejamentocompras\/\",\"name\":\"Inscri\u00e7\u00e3o - Planejamento de Compras\",\"isPartOf\":{\"@id\":\"https:\/\/institucional.ufrrj.br\/planejamentocompras\/#website\"},\"datePublished\":\"2018-07-05T16:29:31+00:00\",\"breadcrumb\":{\"@id\":\"https:\/\/institucional.ufrrj.br\/planejamentocompras\/#breadcrumb\"},\"inLanguage\":\"pt-BR\",\"potentialAction\":[{\"@type\":\"ReadAction\",\"target\":[\"https:\/\/institucional.ufrrj.br\/planejamentocompras\/\"]}]},{\"@type\":\"BreadcrumbList\",\"@id\":\"https:\/\/institucional.ufrrj.br\/planejamentocompras\/#breadcrumb\",\"itemListElement\":[{\"@type\":\"ListItem\",\"position\":1,\"name\":\"In\u00edcio\",\"item\":\"https:\/\/institucional.ufrrj.br\/planejamentocompras\/\"},{\"@type\":\"ListItem\",\"position\":2,\"name\":\"Inscri\u00e7\u00e3o\"}]},{\"@type\":\"WebSite\",\"@id\":\"https:\/\/institucional.ufrrj.br\/planejamentocompras\/#website\",\"url\":\"https:\/\/institucional.ufrrj.br\/planejamentocompras\/\",\"name\":\"Planejamento de Compras\",\"description\":\"S\u00f3 mais um site institucional.ufrrj.br\",\"potentialAction\":[{\"@type\":\"SearchAction\",\"target\":{\"@type\":\"EntryPoint\",\"urlTemplate\":\"https:\/\/institucional.ufrrj.br\/planejamentocompras\/?s={search_term_string}\"},\"query-input\":{\"@type\":\"PropertyValueSpecification\",\"valueRequired\":true,\"valueName\":\"search_term_string\"}}],\"inLanguage\":\"pt-BR\"}]}<\/script>\n<!-- \/ Yoast SEO plugin. -->","yoast_head_json":{"title":"Inscri\u00e7\u00e3o - Planejamento de Compras","robots":{"index":"index","follow":"follow","max-snippet":"max-snippet:-1","max-image-preview":"max-image-preview:large","max-video-preview":"max-video-preview:-1"},"canonical":"https:\/\/institucional.ufrrj.br\/planejamentocompras\/","og_locale":"pt_BR","og_type":"article","og_title":"Inscri\u00e7\u00e3o - Planejamento de Compras","og_url":"https:\/\/institucional.ufrrj.br\/planejamentocompras\/","og_site_name":"Planejamento de Compras","twitter_card":"summary_large_image","schema":{"@context":"https:\/\/schema.org","@graph":[{"@type":"WebPage","@id":"https:\/\/institucional.ufrrj.br\/planejamentocompras\/","url":"https:\/\/institucional.ufrrj.br\/planejamentocompras\/","name":"Inscri\u00e7\u00e3o - Planejamento de Compras","isPartOf":{"@id":"https:\/\/institucional.ufrrj.br\/planejamentocompras\/#website"},"datePublished":"2018-07-05T16:29:31+00:00","breadcrumb":{"@id":"https:\/\/institucional.ufrrj.br\/planejamentocompras\/#breadcrumb"},"inLanguage":"pt-BR","potentialAction":[{"@type":"ReadAction","target":["https:\/\/institucional.ufrrj.br\/planejamentocompras\/"]}]},{"@type":"BreadcrumbList","@id":"https:\/\/institucional.ufrrj.br\/planejamentocompras\/#breadcrumb","itemListElement":[{"@type":"ListItem","position":1,"name":"In\u00edcio","item":"https:\/\/institucional.ufrrj.br\/planejamentocompras\/"},{"@type":"ListItem","position":2,"name":"Inscri\u00e7\u00e3o"}]},{"@type":"WebSite","@id":"https:\/\/institucional.ufrrj.br\/planejamentocompras\/#website","url":"https:\/\/institucional.ufrrj.br\/planejamentocompras\/","name":"Planejamento de Compras","description":"S\u00f3 mais um site institucional.ufrrj.br","potentialAction":[{"@type":"SearchAction","target":{"@type":"EntryPoint","urlTemplate":"https:\/\/institucional.ufrrj.br\/planejamentocompras\/?s={search_term_string}"},"query-input":{"@type":"PropertyValueSpecification","valueRequired":true,"valueName":"search_term_string"}}],"inLanguage":"pt-BR"}]}},"_links":{"self":[{"href":"https:\/\/institucional.ufrrj.br\/planejamentocompras\/wp-json\/wp\/v2\/pages\/5","targetHints":{"allow":["GET"]}}],"collection":[{"href":"https:\/\/institucional.ufrrj.br\/planejamentocompras\/wp-json\/wp\/v2\/pages"}],"about":[{"href":"https:\/\/institucional.ufrrj.br\/planejamentocompras\/wp-json\/wp\/v2\/types\/page"}],"author":[{"embeddable":true,"href":"https:\/\/institucional.ufrrj.br\/planejamentocompras\/wp-json\/wp\/v2\/users\/634"}],"replies":[{"embeddable":true,"href":"https:\/\/institucional.ufrrj.br\/planejamentocompras\/wp-json\/wp\/v2\/comments?post=5"}],"version-history":[{"count":1,"href":"https:\/\/institucional.ufrrj.br\/planejamentocompras\/wp-json\/wp\/v2\/pages\/5\/revisions"}],"predecessor-version":[{"id":6,"href":"https:\/\/institucional.ufrrj.br\/planejamentocompras\/wp-json\/wp\/v2\/pages\/5\/revisions\/6"}],"wp:attachment":[{"href":"https:\/\/institucional.ufrrj.br\/planejamentocompras\/wp-json\/wp\/v2\/media?parent=5"}],"curies":[{"name":"wp","href":"https:\/\/api.w.org\/{rel}","templated":true}]}}