{"id":91,"date":"2022-03-27T22:01:08","date_gmt":"2022-03-28T01:01:08","guid":{"rendered":"http:\/\/institucional.ufrrj.br\/pibid\/?page_id=91"},"modified":"2022-03-27T22:54:39","modified_gmt":"2022-03-28T01:54:39","slug":"normas-para-submissao-de-trabalhos","status":"publish","type":"page","link":"https:\/\/institucional.ufrrj.br\/pibid\/normas-para-submissao-de-trabalhos\/","title":{"rendered":"Normas para Submiss\u00e3o de Trabalhos"},"content":{"rendered":"\n<p>A seguir, apresentamos as normas para cada modalidade de trabalho a ser submetido para o II Semin\u00e1rio Institucional Integrado do Pibid e da Resid\u00eancia Pedag\u00f3gica da UFRRJ. Tendo em vista o amplo n\u00famero de participantes em alguns subprojetos dos programas, n\u00e3o ser\u00e1 estabelecido um teto para o total de autores dos trabalhos. Recomendamos, por\u00e9m, a participa\u00e7\u00e3o do professor orientador do subprojeto na coautoria do trabalho quando o n\u00famero de autores for superior a 10 (dez). <\/p>\n\n\n\n<h2 class=\"wp-block-heading\">1) Resumo Expandido<\/h2>\n\n\n\n<p>Esta modalidade pode contemplar tanto uma s\u00edntese de pesquisa desenvolvida como tamb\u00e9m um relato de experi\u00eancia vivenciado pelo(s) autor(es) no \u00e2mbito de pr\u00e1ticas pedag\u00f3gicas relacionadas \u00e0 forma\u00e7\u00e3o docente e \u00e0 carreira do magist\u00e9rio da Educa\u00e7\u00e3o B\u00e1sica. <\/p>\n\n\n\n<p><strong>Apenas um dos autores<\/strong> do trabalho dever\u00e1 submeter, atrav\u00e9s de formul\u00e1rio eletr\u00f4nico, um texto contendo <strong>entre 3 e 6 p\u00e1ginas<\/strong>, contemplando:<\/p>\n\n\n\n<ul class=\"wp-block-list\"><li>RESUMO (entre 100 e 250 palavras)<\/li><li>PALAVRAS-CHAVE (De 3 a 5)<\/li><li>INTRODU\u00c7\u00c3O <\/li><li>REFERENCIAL TE\u00d3RICO (Pode vir anexo a introdu\u00e7\u00e3o)<\/li><li> METODOLOGIA <\/li><li>RESULTADOS E DISCUSS\u00c3O <\/li><li>CONSIDERA\u00c7\u00d5ES FINAIS<\/li><li>REFER\u00caNCIAS<\/li><\/ul>\n\n\n\n<p>Todos os trabalhos devem ser submetidos em formato PDF atrav\u00e9s do formul\u00e1rio eletr\u00f4nico: <a href=\"https:\/\/forms.gle\/AvEv8siBdwY9qQXC7\">https:\/\/forms.gle\/AvEv8siBdwY9qQXC7<\/a>. <\/p>\n\n\n\n<p><strong>Al\u00e9m disso, os autores devem seguir a formata\u00e7\u00e3o do Template do link abaixo<\/strong>. N\u00e3o ser\u00e3o aceitos trabalhos que n\u00e3o forem elaborados neste formato.<\/p>\n\n\n\n<p style=\"text-align:center\"><a href=\"https:\/\/docs.google.com\/document\/d\/1WKr20fiNPCbXXsm8LZGJorWRZqDwWRNp\/edit?usp=sharing&amp;ouid=117117981442663829955&amp;rtpof=true&amp;sd=true\">TEMPLATE DE TRABALHO NA MODALIDADE RESUMO EXPANDIDO<\/a><\/p>\n\n\n\n<p>Os trabalhos podem ter figuras e tabelas e seguirem as normas da ABNT e o formato do Template. No ato de submiss\u00e3o, um dos autores do resumo expandido deve escolher um dos seguintes eixos relacionados ao tema de seu trabalho:<\/p>\n\n\n\n<p>1) Pol\u00edticas\np\u00fablicas de forma\u00e7\u00e3o docente: dilemas, desafios e perspectivas<\/p>\n\n\n\n<p>2) Pr\u00e1ticas\neducativas exitosas<\/p>\n\n\n\n<p>3) Produ\u00e7\u00e3o, uso e\napropria\u00e7\u00e3o&nbsp;de material did\u00e1tico-pedag\u00f3gico no \u00e2mbito dos processos de\naprendizagem<\/p>\n\n\n\n<p>4) Ensino e\naprendizagem a partir do campo das metodologias ativas<\/p>\n\n\n\n<p>5) Experi\u00eancias de\nensino aprendizagem a partir da circularidade dos saberes escolar e acad\u00eamico<\/p>\n\n\n\n<p>6) Experi\u00eancias\nformativas multidisciplinares e a constru\u00e7\u00e3o de conhecimento<\/p>\n\n\n\n<p>7) Pr\u00e1ticas\neducativas inclusivas: dilemas e desafios<\/p>\n\n\n\n<p>8) Dimens\u00f5es de\nforma\u00e7\u00e3o continuada&nbsp;e pr\u00e1tica de renova\u00e7\u00e3o pedag\u00f3gica<\/p>\n\n\n\n<p>9) L\u00edngua, cultura,\narte e escrita em sua dimens\u00e3o formativa<\/p>\n\n\n\n<p>10) Educa\u00e7\u00e3o e\nforma\u00e7\u00e3o cidad\u00e3 e pol\u00edtica<\/p>\n\n\n\n<p>11) Tecnologias digitais\ne processos de ensino aprendizagem<\/p>\n\n\n\n<h2 class=\"wp-block-heading\">2) Produtos Educacionais e Pr\u00e1ticas Educativas <\/h2>\n\n\n\n<p>Nesta modalidade, os autores devem enviar um resumo, sem figuras, <strong>com 250 a 350 palavras,<\/strong> contendo uma descri\u00e7\u00e3o sucinta do recurso did\u00e1tico\/pr\u00e1tica educativa desenvolvido(a), dando recomenda\u00e7\u00f5es sobre como um(a) professor(a) da Educa\u00e7\u00e3o B\u00e1sica pode utiliz\u00e1-lo(a) em atividades did\u00e1ticas com seus alunos. <\/p>\n\n\n\n<p>Nesta modalidade, haver\u00e1 um campo para Ap\u00eandice, no qual os autores podem incluir imagens, tabelas e links de v\u00eddeos ou podcasts relacionados ao conte\u00fado do trabalho, de forma a dar mais concretude ao leitor.<\/p>\n\n\n\n<p>Em vista da pluralidade de \u00e1reas e metodologias de ensino existentes, para esta modalidade, n\u00e3o haver\u00e1 exig\u00eancia de escolha de eixos no ato de submiss\u00e3o.<\/p>\n\n\n\n<p>Todos os trabalhos devem ser submetidos em formato PDF atrav\u00e9s do formul\u00e1rio eletr\u00f4nico: <a href=\"https:\/\/forms.gle\/AvEv8siBdwY9qQXC7\">https:\/\/forms.gle\/AvEv8siBdwY9qQXC7<\/a>. <\/p>\n\n\n\n<p><strong>Al\u00e9m disso, os autores devem seguir a formata\u00e7\u00e3o do Template do link abaixo<\/strong>, espec\u00edfico da modalidade Produtos Educacionais\/Pr\u00e1ticas Educativas. N\u00e3o ser\u00e3o aceitos trabalhos que n\u00e3o forem elaborados neste formato.<\/p>\n\n\n\n<p style=\"text-align:center\"><a href=\"https:\/\/docs.google.com\/document\/d\/1jL4M5YTGom0QHhRk_SWm-XkU355KBtJf\/edit?usp=sharing&amp;ouid=117117981442663829955&amp;rtpof=true&amp;sd=true\">TEMPLATE DE TRABALHO DA MODALIDADE PRODUTO EDUCACIONAL\/PR\u00c1TICAS EDUCATIVAS<\/a><\/p>\n","protected":false},"excerpt":{"rendered":"<p>A seguir, apresentamos as normas para cada modalidade de trabalho a ser submetido para o II Semin\u00e1rio Institucional Integrado do <a class=\"read-more\" href=\"https:\/\/institucional.ufrrj.br\/pibid\/normas-para-submissao-de-trabalhos\/ \" >&#8230; <span class=\"font-italic\">leia mais <i class=\"fas fa-angle-right\"><\/i><\/span><\/a><\/p>\n","protected":false},"author":795,"featured_media":0,"parent":0,"menu_order":0,"comment_status":"closed","ping_status":"closed","template":"","meta":{"_acf_changed":false,"footnotes":""},"class_list":["post-91","page","type-page","status-publish","hentry"],"yoast_head":"<!-- This site is optimized with the Yoast SEO plugin v27.2 - https:\/\/yoast.com\/product\/yoast-seo-wordpress\/ -->\n<title>Normas para Submiss\u00e3o de Trabalhos - PIBID<\/title>\n<meta name=\"robots\" content=\"index, follow, max-snippet:-1, max-image-preview:large, max-video-preview:-1\" \/>\n<link rel=\"canonical\" href=\"https:\/\/institucional.ufrrj.br\/pibid\/normas-para-submissao-de-trabalhos\/\" \/>\n<meta property=\"og:locale\" content=\"pt_BR\" \/>\n<meta property=\"og:type\" content=\"article\" \/>\n<meta property=\"og:title\" content=\"Normas para Submiss\u00e3o de Trabalhos - PIBID\" \/>\n<meta property=\"og:description\" content=\"A seguir, apresentamos as normas para cada modalidade de trabalho a ser submetido para o II Semin\u00e1rio Institucional Integrado do ... leia mais\" \/>\n<meta property=\"og:url\" content=\"https:\/\/institucional.ufrrj.br\/pibid\/normas-para-submissao-de-trabalhos\/\" \/>\n<meta property=\"og:site_name\" content=\"PIBID\" \/>\n<meta property=\"article:modified_time\" content=\"2022-03-28T01:54:39+00:00\" \/>\n<meta name=\"twitter:card\" content=\"summary_large_image\" \/>\n<meta name=\"twitter:label1\" content=\"Est. tempo de leitura\" \/>\n\t<meta name=\"twitter:data1\" content=\"3 minutos\" \/>\n<script type=\"application\/ld+json\" class=\"yoast-schema-graph\">{\"@context\":\"https:\/\/schema.org\",\"@graph\":[{\"@type\":\"WebPage\",\"@id\":\"https:\/\/institucional.ufrrj.br\/pibid\/normas-para-submissao-de-trabalhos\/\",\"url\":\"https:\/\/institucional.ufrrj.br\/pibid\/normas-para-submissao-de-trabalhos\/\",\"name\":\"Normas para Submiss\u00e3o de Trabalhos - PIBID\",\"isPartOf\":{\"@id\":\"https:\/\/institucional.ufrrj.br\/pibid\/#website\"},\"datePublished\":\"2022-03-28T01:01:08+00:00\",\"dateModified\":\"2022-03-28T01:54:39+00:00\",\"breadcrumb\":{\"@id\":\"https:\/\/institucional.ufrrj.br\/pibid\/normas-para-submissao-de-trabalhos\/#breadcrumb\"},\"inLanguage\":\"pt-BR\",\"potentialAction\":[{\"@type\":\"ReadAction\",\"target\":[\"https:\/\/institucional.ufrrj.br\/pibid\/normas-para-submissao-de-trabalhos\/\"]}]},{\"@type\":\"BreadcrumbList\",\"@id\":\"https:\/\/institucional.ufrrj.br\/pibid\/normas-para-submissao-de-trabalhos\/#breadcrumb\",\"itemListElement\":[{\"@type\":\"ListItem\",\"position\":1,\"name\":\"In\u00edcio\",\"item\":\"https:\/\/institucional.ufrrj.br\/pibid\/\"},{\"@type\":\"ListItem\",\"position\":2,\"name\":\"Normas para Submiss\u00e3o de Trabalhos\"}]},{\"@type\":\"WebSite\",\"@id\":\"https:\/\/institucional.ufrrj.br\/pibid\/#website\",\"url\":\"https:\/\/institucional.ufrrj.br\/pibid\/\",\"name\":\"PIBID\",\"description\":\"Pr\u00f3-Reitoria de Gradua\u00e7\u00e3o\",\"potentialAction\":[{\"@type\":\"SearchAction\",\"target\":{\"@type\":\"EntryPoint\",\"urlTemplate\":\"https:\/\/institucional.ufrrj.br\/pibid\/?s={search_term_string}\"},\"query-input\":{\"@type\":\"PropertyValueSpecification\",\"valueRequired\":true,\"valueName\":\"search_term_string\"}}],\"inLanguage\":\"pt-BR\"}]}<\/script>\n<!-- \/ Yoast SEO plugin. -->","yoast_head_json":{"title":"Normas para Submiss\u00e3o de Trabalhos - PIBID","robots":{"index":"index","follow":"follow","max-snippet":"max-snippet:-1","max-image-preview":"max-image-preview:large","max-video-preview":"max-video-preview:-1"},"canonical":"https:\/\/institucional.ufrrj.br\/pibid\/normas-para-submissao-de-trabalhos\/","og_locale":"pt_BR","og_type":"article","og_title":"Normas para Submiss\u00e3o de Trabalhos - PIBID","og_description":"A seguir, apresentamos as normas para cada modalidade de trabalho a ser submetido para o II Semin\u00e1rio Institucional Integrado do ... leia mais","og_url":"https:\/\/institucional.ufrrj.br\/pibid\/normas-para-submissao-de-trabalhos\/","og_site_name":"PIBID","article_modified_time":"2022-03-28T01:54:39+00:00","twitter_card":"summary_large_image","twitter_misc":{"Est. tempo de leitura":"3 minutos"},"schema":{"@context":"https:\/\/schema.org","@graph":[{"@type":"WebPage","@id":"https:\/\/institucional.ufrrj.br\/pibid\/normas-para-submissao-de-trabalhos\/","url":"https:\/\/institucional.ufrrj.br\/pibid\/normas-para-submissao-de-trabalhos\/","name":"Normas para Submiss\u00e3o de Trabalhos - PIBID","isPartOf":{"@id":"https:\/\/institucional.ufrrj.br\/pibid\/#website"},"datePublished":"2022-03-28T01:01:08+00:00","dateModified":"2022-03-28T01:54:39+00:00","breadcrumb":{"@id":"https:\/\/institucional.ufrrj.br\/pibid\/normas-para-submissao-de-trabalhos\/#breadcrumb"},"inLanguage":"pt-BR","potentialAction":[{"@type":"ReadAction","target":["https:\/\/institucional.ufrrj.br\/pibid\/normas-para-submissao-de-trabalhos\/"]}]},{"@type":"BreadcrumbList","@id":"https:\/\/institucional.ufrrj.br\/pibid\/normas-para-submissao-de-trabalhos\/#breadcrumb","itemListElement":[{"@type":"ListItem","position":1,"name":"In\u00edcio","item":"https:\/\/institucional.ufrrj.br\/pibid\/"},{"@type":"ListItem","position":2,"name":"Normas para Submiss\u00e3o de Trabalhos"}]},{"@type":"WebSite","@id":"https:\/\/institucional.ufrrj.br\/pibid\/#website","url":"https:\/\/institucional.ufrrj.br\/pibid\/","name":"PIBID","description":"Pr\u00f3-Reitoria de Gradua\u00e7\u00e3o","potentialAction":[{"@type":"SearchAction","target":{"@type":"EntryPoint","urlTemplate":"https:\/\/institucional.ufrrj.br\/pibid\/?s={search_term_string}"},"query-input":{"@type":"PropertyValueSpecification","valueRequired":true,"valueName":"search_term_string"}}],"inLanguage":"pt-BR"}]}},"acf":[],"_links":{"self":[{"href":"https:\/\/institucional.ufrrj.br\/pibid\/wp-json\/wp\/v2\/pages\/91","targetHints":{"allow":["GET"]}}],"collection":[{"href":"https:\/\/institucional.ufrrj.br\/pibid\/wp-json\/wp\/v2\/pages"}],"about":[{"href":"https:\/\/institucional.ufrrj.br\/pibid\/wp-json\/wp\/v2\/types\/page"}],"author":[{"embeddable":true,"href":"https:\/\/institucional.ufrrj.br\/pibid\/wp-json\/wp\/v2\/users\/795"}],"replies":[{"embeddable":true,"href":"https:\/\/institucional.ufrrj.br\/pibid\/wp-json\/wp\/v2\/comments?post=91"}],"version-history":[{"count":7,"href":"https:\/\/institucional.ufrrj.br\/pibid\/wp-json\/wp\/v2\/pages\/91\/revisions"}],"predecessor-version":[{"id":106,"href":"https:\/\/institucional.ufrrj.br\/pibid\/wp-json\/wp\/v2\/pages\/91\/revisions\/106"}],"wp:attachment":[{"href":"https:\/\/institucional.ufrrj.br\/pibid\/wp-json\/wp\/v2\/media?parent=91"}],"curies":[{"name":"wp","href":"https:\/\/api.w.org\/{rel}","templated":true}]}}