{"id":39,"date":"2022-03-27T10:05:14","date_gmt":"2022-03-27T13:05:14","guid":{"rendered":"http:\/\/institucional.ufrrj.br\/pibid\/?page_id=39"},"modified":"2022-03-27T10:55:29","modified_gmt":"2022-03-27T13:55:29","slug":"eventos","status":"publish","type":"page","link":"https:\/\/institucional.ufrrj.br\/pibid\/eventos\/","title":{"rendered":"Eventos"},"content":{"rendered":"\n<p>Ao longo dos dias 25 a 30 de abril de 2022, a Universidade Federal Rural do Rio de Janeiro sediar\u00e1 o II Semin\u00e1rio Institucional Integrado do Pibid e da Resid\u00eancia Pedag\u00f3gica da UFRRJ. Com a tem\u00e1tica <em>Perspectivas de Forma\u00e7\u00e3o Docente e de Pr\u00e1ticas Educativas em Tempos de Pandemia<\/em>, o evento tem como objetivo  a socializa\u00e7\u00e3o das experi\u00eancias e pr\u00e1ticas educativas que se desenvolveram no bojo das atividades dos subprojetos dos programas institucionais Pibid e Resid\u00eancia Pedag\u00f3gica da UFRRJ entre novembro de 2020 e abril de 2022. <\/p>\n\n\n\n<p>O evento \u00e9 direcionado a alunos de cursos de licenciatura e a professores que atuam nas redes de Educa\u00e7\u00e3o B\u00e1sica. Em especial, abriremos um espa\u00e7o para submiss\u00e3o de trabalhos oriundos de experi\u00eancias pedag\u00f3gicas desenvolvidas no \u00e2mbito das Licenciaturas em Educa\u00e7\u00e3o Agr\u00edcola e da Licenciatura em Turismo, que n\u00e3o puderam ser contempladas com bolsas de nenhum dos &nbsp;programas Pibid e Resid\u00eancia Pedag\u00f3gica devido a restri\u00e7\u00f5es de participa\u00e7\u00e3o em seus editais.  <\/p>\n\n\n\n<p>As atividades ser\u00e3o organizadas n\u00e3o s\u00f3 a partir de dimens\u00f5es da profissionalidade docente como tamb\u00e9m por eixos tem\u00e1ticos relevantes atualmente no campo da forma\u00e7\u00e3o para a carreira do magist\u00e9rio. <\/p>\n\n\n\n<h2 class=\"wp-block-heading\">Realiza\u00e7\u00e3o das Atividades<\/h2>\n\n\n\n<p>Tendo em vista o alto n\u00famero de participantes dos programas Pibid e RP da UFRRJ e a pandemia de Covid-19, visando evitar aglomera\u00e7\u00f5es, o Semin\u00e1rio ser\u00e1 realizado majoritariamente atrav\u00e9s de atividades remotas, desenvolvidas em grande parte por atividades ass\u00edncronas dispostas na Plataforma Moodle da UFRRJ. Haver\u00e1 duas atividades s\u00edncronas no formato de Palestra\/Mesa Redonda que ser\u00e3o transmitidas pelo canal do Pibid-UFRRJ no YouTube. <\/p>\n\n\n\n<p>As atividades ass\u00edncronas\nconsistir\u00e3o em leituras de textos ou visualiza\u00e7\u00e3o de v\u00eddeos oriundos dos\ntrabalhos submetidos para o evento, assim como debates sobre seus conte\u00fados em\nf\u00f3runs virtuais. <\/p>\n\n\n\n<p>De maneira pontual, docentes e licenciandos vinculados a subprojetos do Pibid e da Resid\u00eancia Pedag\u00f3gica da UFRRJ poder\u00e3o desenvolver atividades presenciais nos Institutos e em escolas que recebem a\u00e7\u00f5es destes programas de forma\u00e7\u00e3o docente. <\/p>\n\n\n\n<h2 class=\"wp-block-heading\">Inscri\u00e7\u00f5es<\/h2>\n\n\n\n<p>As inscri\u00e7\u00f5es para o II Semin\u00e1rio Institucional Integrado do Pibid e da Resid\u00eancia Pedag\u00f3gica s\u00e3o <strong>gratuitas<\/strong> e estar\u00e3o abertas no per\u00edodo de <strong>26\/03 a 18\/04<\/strong>. Todas as inscri\u00e7\u00f5es ser\u00e3o realizadas atrav\u00e9s do Sistema Integrado de Gest\u00e3o de Atividades Acad\u00eamicas &#8211; SIGAA. <\/p>\n\n\n\n<p>Clique no link abaixo para obter informa\u00e7\u00f5es sobre como realizar a sua inscri\u00e7\u00e3o em nosso evento:<\/p>\n\n\n\n<p style=\"text-align:center\">INSTRU\u00c7\u00d5ES PARA REALIZA\u00c7\u00c3O DAS INSCRI\u00c7\u00d5ES <\/p>\n\n\n\n<h2 class=\"wp-block-heading\">Submiss\u00e3o de Trabalhos<\/h2>\n\n\n\n<p>Poder\u00e3o submeter trabalhos para o II Semin\u00e1rio Institucional Integrado do Pibid e da Resid\u00eancia Pedag\u00f3gica da UFRRJ:<\/p>\n\n\n\n<ul class=\"wp-block-list\"><li>Participantes (incluindo licenciandos e professores) do Pibid ou da Resid\u00eancia Pedag\u00f3gica da UFRRJ do edital 2020-2022;<\/li><li>Estudantes e Professores do Curso de Licenciatura em Ci\u00eancias Agr\u00edcolas e do Curso de Licenciatura em Turismo da UFRRJ.<\/li><\/ul>\n\n\n\n<p>Os autores poder\u00e3o optar por duas modalidades de submiss\u00e3o de trabalhos: <\/p>\n\n\n\n<p>(1) <strong>Resumo Expandido<\/strong>, cujo objetivo \u00e9 apresentar relatos de experi\u00eancia oriundos de pr\u00e1ticas pedag\u00f3gicas relacionadas ao ensino na Educa\u00e7\u00e3o B\u00e1sica. Esta modalidade tamb\u00e9m pode receber resultados parciais ou finais de pesquisas realizadas no campo educacional e no \u00e2mbito da forma\u00e7\u00e3o de professores.<\/p>\n\n\n\n<p>(2) <strong>Produtos Educacionais e Pr\u00e1ticas Educativas<\/strong>, cujo objetivo \u00e9 apresentar, de maneira sucinta e concreta, recursos did\u00e1ticos e pr\u00e1ticas pedag\u00f3gicas inovadoras, com potencial de contribuir com uma aprendizagem mais significativa para os estudantes da Educa\u00e7\u00e3o B\u00e1sica.<\/p>\n\n\n\n<p>Clique no link abaixo para acessar os Templates e as normas de submiss\u00e3o de trabalhos.<\/p>\n\n\n\n<p style=\"text-align:center\">TEMPLATES E NORMAS DE SUBMISS\u00c3O DE TRABALHOS<\/p>\n","protected":false},"excerpt":{"rendered":"<p>Ao longo dos dias 25 a 30 de abril de 2022, a Universidade Federal Rural do Rio de Janeiro sediar\u00e1 <a class=\"read-more\" href=\"https:\/\/institucional.ufrrj.br\/pibid\/eventos\/ \" >&#8230; <span class=\"font-italic\">leia mais <i class=\"fas fa-angle-right\"><\/i><\/span><\/a><\/p>\n","protected":false},"author":795,"featured_media":0,"parent":0,"menu_order":0,"comment_status":"closed","ping_status":"closed","template":"","meta":{"_acf_changed":false,"footnotes":""},"class_list":["post-39","page","type-page","status-publish","hentry"],"yoast_head":"<!-- This site is optimized with the Yoast SEO plugin v27.2 - https:\/\/yoast.com\/product\/yoast-seo-wordpress\/ -->\n<title>Eventos - PIBID<\/title>\n<meta name=\"robots\" content=\"index, follow, max-snippet:-1, max-image-preview:large, max-video-preview:-1\" \/>\n<link rel=\"canonical\" href=\"https:\/\/institucional.ufrrj.br\/pibid\/eventos\/\" \/>\n<meta property=\"og:locale\" content=\"pt_BR\" \/>\n<meta property=\"og:type\" content=\"article\" \/>\n<meta property=\"og:title\" content=\"Eventos - PIBID\" \/>\n<meta property=\"og:description\" content=\"Ao longo dos dias 25 a 30 de abril de 2022, a Universidade Federal Rural do Rio de Janeiro sediar\u00e1 ... leia mais\" \/>\n<meta property=\"og:url\" content=\"https:\/\/institucional.ufrrj.br\/pibid\/eventos\/\" \/>\n<meta property=\"og:site_name\" content=\"PIBID\" \/>\n<meta property=\"article:modified_time\" content=\"2022-03-27T13:55:29+00:00\" \/>\n<meta name=\"twitter:card\" content=\"summary_large_image\" \/>\n<meta name=\"twitter:label1\" content=\"Est. tempo de leitura\" \/>\n\t<meta name=\"twitter:data1\" content=\"3 minutos\" \/>\n<script type=\"application\/ld+json\" class=\"yoast-schema-graph\">{\"@context\":\"https:\/\/schema.org\",\"@graph\":[{\"@type\":\"WebPage\",\"@id\":\"https:\/\/institucional.ufrrj.br\/pibid\/eventos\/\",\"url\":\"https:\/\/institucional.ufrrj.br\/pibid\/eventos\/\",\"name\":\"Eventos - PIBID\",\"isPartOf\":{\"@id\":\"https:\/\/institucional.ufrrj.br\/pibid\/#website\"},\"datePublished\":\"2022-03-27T13:05:14+00:00\",\"dateModified\":\"2022-03-27T13:55:29+00:00\",\"breadcrumb\":{\"@id\":\"https:\/\/institucional.ufrrj.br\/pibid\/eventos\/#breadcrumb\"},\"inLanguage\":\"pt-BR\",\"potentialAction\":[{\"@type\":\"ReadAction\",\"target\":[\"https:\/\/institucional.ufrrj.br\/pibid\/eventos\/\"]}]},{\"@type\":\"BreadcrumbList\",\"@id\":\"https:\/\/institucional.ufrrj.br\/pibid\/eventos\/#breadcrumb\",\"itemListElement\":[{\"@type\":\"ListItem\",\"position\":1,\"name\":\"In\u00edcio\",\"item\":\"https:\/\/institucional.ufrrj.br\/pibid\/\"},{\"@type\":\"ListItem\",\"position\":2,\"name\":\"Eventos\"}]},{\"@type\":\"WebSite\",\"@id\":\"https:\/\/institucional.ufrrj.br\/pibid\/#website\",\"url\":\"https:\/\/institucional.ufrrj.br\/pibid\/\",\"name\":\"PIBID\",\"description\":\"Pr\u00f3-Reitoria de Gradua\u00e7\u00e3o\",\"potentialAction\":[{\"@type\":\"SearchAction\",\"target\":{\"@type\":\"EntryPoint\",\"urlTemplate\":\"https:\/\/institucional.ufrrj.br\/pibid\/?s={search_term_string}\"},\"query-input\":{\"@type\":\"PropertyValueSpecification\",\"valueRequired\":true,\"valueName\":\"search_term_string\"}}],\"inLanguage\":\"pt-BR\"}]}<\/script>\n<!-- \/ Yoast SEO plugin. -->","yoast_head_json":{"title":"Eventos - PIBID","robots":{"index":"index","follow":"follow","max-snippet":"max-snippet:-1","max-image-preview":"max-image-preview:large","max-video-preview":"max-video-preview:-1"},"canonical":"https:\/\/institucional.ufrrj.br\/pibid\/eventos\/","og_locale":"pt_BR","og_type":"article","og_title":"Eventos - PIBID","og_description":"Ao longo dos dias 25 a 30 de abril de 2022, a Universidade Federal Rural do Rio de Janeiro sediar\u00e1 ... leia mais","og_url":"https:\/\/institucional.ufrrj.br\/pibid\/eventos\/","og_site_name":"PIBID","article_modified_time":"2022-03-27T13:55:29+00:00","twitter_card":"summary_large_image","twitter_misc":{"Est. tempo de leitura":"3 minutos"},"schema":{"@context":"https:\/\/schema.org","@graph":[{"@type":"WebPage","@id":"https:\/\/institucional.ufrrj.br\/pibid\/eventos\/","url":"https:\/\/institucional.ufrrj.br\/pibid\/eventos\/","name":"Eventos - PIBID","isPartOf":{"@id":"https:\/\/institucional.ufrrj.br\/pibid\/#website"},"datePublished":"2022-03-27T13:05:14+00:00","dateModified":"2022-03-27T13:55:29+00:00","breadcrumb":{"@id":"https:\/\/institucional.ufrrj.br\/pibid\/eventos\/#breadcrumb"},"inLanguage":"pt-BR","potentialAction":[{"@type":"ReadAction","target":["https:\/\/institucional.ufrrj.br\/pibid\/eventos\/"]}]},{"@type":"BreadcrumbList","@id":"https:\/\/institucional.ufrrj.br\/pibid\/eventos\/#breadcrumb","itemListElement":[{"@type":"ListItem","position":1,"name":"In\u00edcio","item":"https:\/\/institucional.ufrrj.br\/pibid\/"},{"@type":"ListItem","position":2,"name":"Eventos"}]},{"@type":"WebSite","@id":"https:\/\/institucional.ufrrj.br\/pibid\/#website","url":"https:\/\/institucional.ufrrj.br\/pibid\/","name":"PIBID","description":"Pr\u00f3-Reitoria de Gradua\u00e7\u00e3o","potentialAction":[{"@type":"SearchAction","target":{"@type":"EntryPoint","urlTemplate":"https:\/\/institucional.ufrrj.br\/pibid\/?s={search_term_string}"},"query-input":{"@type":"PropertyValueSpecification","valueRequired":true,"valueName":"search_term_string"}}],"inLanguage":"pt-BR"}]}},"acf":[],"_links":{"self":[{"href":"https:\/\/institucional.ufrrj.br\/pibid\/wp-json\/wp\/v2\/pages\/39","targetHints":{"allow":["GET"]}}],"collection":[{"href":"https:\/\/institucional.ufrrj.br\/pibid\/wp-json\/wp\/v2\/pages"}],"about":[{"href":"https:\/\/institucional.ufrrj.br\/pibid\/wp-json\/wp\/v2\/types\/page"}],"author":[{"embeddable":true,"href":"https:\/\/institucional.ufrrj.br\/pibid\/wp-json\/wp\/v2\/users\/795"}],"replies":[{"embeddable":true,"href":"https:\/\/institucional.ufrrj.br\/pibid\/wp-json\/wp\/v2\/comments?post=39"}],"version-history":[{"count":11,"href":"https:\/\/institucional.ufrrj.br\/pibid\/wp-json\/wp\/v2\/pages\/39\/revisions"}],"predecessor-version":[{"id":68,"href":"https:\/\/institucional.ufrrj.br\/pibid\/wp-json\/wp\/v2\/pages\/39\/revisions\/68"}],"wp:attachment":[{"href":"https:\/\/institucional.ufrrj.br\/pibid\/wp-json\/wp\/v2\/media?parent=39"}],"curies":[{"name":"wp","href":"https:\/\/api.w.org\/{rel}","templated":true}]}}