{"id":133,"date":"2022-06-10T20:39:34","date_gmt":"2022-06-10T23:39:34","guid":{"rendered":"https:\/\/institucional.ufrrj.br\/pibid\/?page_id=133"},"modified":"2022-06-10T20:41:13","modified_gmt":"2022-06-10T23:41:13","slug":"certificados-dos-trabalhos-submetidos","status":"publish","type":"page","link":"https:\/\/institucional.ufrrj.br\/pibid\/certificados-dos-trabalhos-submetidos\/","title":{"rendered":"Certificados dos Trabalhos Submetidos"},"content":{"rendered":"\n<p>Nos links a seguir, voc\u00ea pode fazer o download do arquivo contendo os certificados referentes aos resumos expandidos e produtos educacionais submetidos para o II Semin\u00e1rio Institucional Integrado do Pibid e da Resid\u00eancia Pedag\u00f3gica da UFRRJ. Baixe o arquivo e utilize a ferramenta de busca do visualizador de arquivos pdf do seu computador\/celular, inserindo o seu nome ou o t\u00edtulo do seu trabalho para facilitar a localiza\u00e7\u00e3o do certificado.<\/p>\n\n\n\n<p><\/p>\n\n\n\n<p><strong><em>RESUMOS EXPANDIDOS<\/em><\/strong><\/p>\n\n\n\n<ul class=\"wp-block-list\"><li><a href=\"https:\/\/drive.google.com\/file\/d\/1jbLxSBIosw5WcOPl566I1rve0ShL2igy\/view?usp=sharing\">Certificados de Trabalhos de autores do Programa Pibid &#8211; UFRRJ<\/a><\/li><\/ul>\n\n\n\n<ul class=\"wp-block-list\"><li>Certificados de Trabalhos de autores do Programa Resid\u00eancia Pedag\u00f3gica &#8211; UFRRJ (em breve!!!)<\/li><\/ul>\n\n\n\n<p><\/p>\n\n\n\n<p><strong><em>PRODUTOS EDUCACIONAIS<\/em><\/strong><\/p>\n\n\n\n<ul class=\"wp-block-list\"><li><a href=\"https:\/\/drive.google.com\/file\/d\/1ZdU8UpTt9JzhfgINokuKd6UJJdSoxTxU\/view?usp=sharing\">Certificados de Trabalhos de autores do Programa Pibid &#8211; UFRRJ<\/a><\/li><\/ul>\n\n\n\n<ul class=\"wp-block-list\"><li>Certificados de Trabalhos de autores do Programa Resid\u00eancia Pedag\u00f3gica &#8211; UFRRJ (em breve!!!)<\/li><\/ul>\n","protected":false},"excerpt":{"rendered":"<p>Nos links a seguir, voc\u00ea pode fazer o download do arquivo contendo os certificados referentes aos resumos expandidos e produtos <a class=\"read-more\" href=\"https:\/\/institucional.ufrrj.br\/pibid\/certificados-dos-trabalhos-submetidos\/ \" >&#8230; <span class=\"font-italic\">leia mais <i class=\"fas fa-angle-right\"><\/i><\/span><\/a><\/p>\n","protected":false},"author":795,"featured_media":0,"parent":0,"menu_order":0,"comment_status":"closed","ping_status":"closed","template":"","meta":{"_acf_changed":false,"footnotes":""},"class_list":["post-133","page","type-page","status-publish","hentry"],"yoast_head":"<!-- This site is optimized with the Yoast SEO plugin v27.2 - https:\/\/yoast.com\/product\/yoast-seo-wordpress\/ -->\n<title>Certificados dos Trabalhos Submetidos - PIBID<\/title>\n<meta name=\"robots\" content=\"index, follow, max-snippet:-1, max-image-preview:large, max-video-preview:-1\" \/>\n<link rel=\"canonical\" href=\"https:\/\/institucional.ufrrj.br\/pibid\/certificados-dos-trabalhos-submetidos\/\" \/>\n<meta property=\"og:locale\" content=\"pt_BR\" \/>\n<meta property=\"og:type\" content=\"article\" \/>\n<meta property=\"og:title\" content=\"Certificados dos Trabalhos Submetidos - PIBID\" \/>\n<meta property=\"og:description\" content=\"Nos links a seguir, voc\u00ea pode fazer o download do arquivo contendo os certificados referentes aos resumos expandidos e produtos ... leia mais\" \/>\n<meta property=\"og:url\" content=\"https:\/\/institucional.ufrrj.br\/pibid\/certificados-dos-trabalhos-submetidos\/\" \/>\n<meta property=\"og:site_name\" content=\"PIBID\" \/>\n<meta property=\"article:modified_time\" content=\"2022-06-10T23:41:13+00:00\" \/>\n<meta name=\"twitter:card\" content=\"summary_large_image\" \/>\n<meta name=\"twitter:label1\" content=\"Est. tempo de leitura\" \/>\n\t<meta name=\"twitter:data1\" content=\"1 minuto\" \/>\n<script type=\"application\/ld+json\" class=\"yoast-schema-graph\">{\"@context\":\"https:\/\/schema.org\",\"@graph\":[{\"@type\":\"WebPage\",\"@id\":\"https:\/\/institucional.ufrrj.br\/pibid\/certificados-dos-trabalhos-submetidos\/\",\"url\":\"https:\/\/institucional.ufrrj.br\/pibid\/certificados-dos-trabalhos-submetidos\/\",\"name\":\"Certificados dos Trabalhos Submetidos - PIBID\",\"isPartOf\":{\"@id\":\"https:\/\/institucional.ufrrj.br\/pibid\/#website\"},\"datePublished\":\"2022-06-10T23:39:34+00:00\",\"dateModified\":\"2022-06-10T23:41:13+00:00\",\"breadcrumb\":{\"@id\":\"https:\/\/institucional.ufrrj.br\/pibid\/certificados-dos-trabalhos-submetidos\/#breadcrumb\"},\"inLanguage\":\"pt-BR\",\"potentialAction\":[{\"@type\":\"ReadAction\",\"target\":[\"https:\/\/institucional.ufrrj.br\/pibid\/certificados-dos-trabalhos-submetidos\/\"]}]},{\"@type\":\"BreadcrumbList\",\"@id\":\"https:\/\/institucional.ufrrj.br\/pibid\/certificados-dos-trabalhos-submetidos\/#breadcrumb\",\"itemListElement\":[{\"@type\":\"ListItem\",\"position\":1,\"name\":\"In\u00edcio\",\"item\":\"https:\/\/institucional.ufrrj.br\/pibid\/\"},{\"@type\":\"ListItem\",\"position\":2,\"name\":\"Certificados dos Trabalhos Submetidos\"}]},{\"@type\":\"WebSite\",\"@id\":\"https:\/\/institucional.ufrrj.br\/pibid\/#website\",\"url\":\"https:\/\/institucional.ufrrj.br\/pibid\/\",\"name\":\"PIBID\",\"description\":\"Pr\u00f3-Reitoria de Gradua\u00e7\u00e3o\",\"potentialAction\":[{\"@type\":\"SearchAction\",\"target\":{\"@type\":\"EntryPoint\",\"urlTemplate\":\"https:\/\/institucional.ufrrj.br\/pibid\/?s={search_term_string}\"},\"query-input\":{\"@type\":\"PropertyValueSpecification\",\"valueRequired\":true,\"valueName\":\"search_term_string\"}}],\"inLanguage\":\"pt-BR\"}]}<\/script>\n<!-- \/ Yoast SEO plugin. -->","yoast_head_json":{"title":"Certificados dos Trabalhos Submetidos - PIBID","robots":{"index":"index","follow":"follow","max-snippet":"max-snippet:-1","max-image-preview":"max-image-preview:large","max-video-preview":"max-video-preview:-1"},"canonical":"https:\/\/institucional.ufrrj.br\/pibid\/certificados-dos-trabalhos-submetidos\/","og_locale":"pt_BR","og_type":"article","og_title":"Certificados dos Trabalhos Submetidos - PIBID","og_description":"Nos links a seguir, voc\u00ea pode fazer o download do arquivo contendo os certificados referentes aos resumos expandidos e produtos ... leia mais","og_url":"https:\/\/institucional.ufrrj.br\/pibid\/certificados-dos-trabalhos-submetidos\/","og_site_name":"PIBID","article_modified_time":"2022-06-10T23:41:13+00:00","twitter_card":"summary_large_image","twitter_misc":{"Est. tempo de leitura":"1 minuto"},"schema":{"@context":"https:\/\/schema.org","@graph":[{"@type":"WebPage","@id":"https:\/\/institucional.ufrrj.br\/pibid\/certificados-dos-trabalhos-submetidos\/","url":"https:\/\/institucional.ufrrj.br\/pibid\/certificados-dos-trabalhos-submetidos\/","name":"Certificados dos Trabalhos Submetidos - PIBID","isPartOf":{"@id":"https:\/\/institucional.ufrrj.br\/pibid\/#website"},"datePublished":"2022-06-10T23:39:34+00:00","dateModified":"2022-06-10T23:41:13+00:00","breadcrumb":{"@id":"https:\/\/institucional.ufrrj.br\/pibid\/certificados-dos-trabalhos-submetidos\/#breadcrumb"},"inLanguage":"pt-BR","potentialAction":[{"@type":"ReadAction","target":["https:\/\/institucional.ufrrj.br\/pibid\/certificados-dos-trabalhos-submetidos\/"]}]},{"@type":"BreadcrumbList","@id":"https:\/\/institucional.ufrrj.br\/pibid\/certificados-dos-trabalhos-submetidos\/#breadcrumb","itemListElement":[{"@type":"ListItem","position":1,"name":"In\u00edcio","item":"https:\/\/institucional.ufrrj.br\/pibid\/"},{"@type":"ListItem","position":2,"name":"Certificados dos Trabalhos Submetidos"}]},{"@type":"WebSite","@id":"https:\/\/institucional.ufrrj.br\/pibid\/#website","url":"https:\/\/institucional.ufrrj.br\/pibid\/","name":"PIBID","description":"Pr\u00f3-Reitoria de Gradua\u00e7\u00e3o","potentialAction":[{"@type":"SearchAction","target":{"@type":"EntryPoint","urlTemplate":"https:\/\/institucional.ufrrj.br\/pibid\/?s={search_term_string}"},"query-input":{"@type":"PropertyValueSpecification","valueRequired":true,"valueName":"search_term_string"}}],"inLanguage":"pt-BR"}]}},"acf":[],"_links":{"self":[{"href":"https:\/\/institucional.ufrrj.br\/pibid\/wp-json\/wp\/v2\/pages\/133","targetHints":{"allow":["GET"]}}],"collection":[{"href":"https:\/\/institucional.ufrrj.br\/pibid\/wp-json\/wp\/v2\/pages"}],"about":[{"href":"https:\/\/institucional.ufrrj.br\/pibid\/wp-json\/wp\/v2\/types\/page"}],"author":[{"embeddable":true,"href":"https:\/\/institucional.ufrrj.br\/pibid\/wp-json\/wp\/v2\/users\/795"}],"replies":[{"embeddable":true,"href":"https:\/\/institucional.ufrrj.br\/pibid\/wp-json\/wp\/v2\/comments?post=133"}],"version-history":[{"count":4,"href":"https:\/\/institucional.ufrrj.br\/pibid\/wp-json\/wp\/v2\/pages\/133\/revisions"}],"predecessor-version":[{"id":137,"href":"https:\/\/institucional.ufrrj.br\/pibid\/wp-json\/wp\/v2\/pages\/133\/revisions\/137"}],"wp:attachment":[{"href":"https:\/\/institucional.ufrrj.br\/pibid\/wp-json\/wp\/v2\/media?parent=133"}],"curies":[{"name":"wp","href":"https:\/\/api.w.org\/{rel}","templated":true}]}}