{"id":1237,"date":"2024-07-12T14:44:35","date_gmt":"2024-07-12T17:44:35","guid":{"rendered":"https:\/\/institucional.ufrrj.br\/pdi\/?page_id=1237"},"modified":"2024-07-12T14:52:16","modified_gmt":"2024-07-12T17:52:16","slug":"avaliacao-anual-2","status":"publish","type":"page","link":"https:\/\/institucional.ufrrj.br\/pdi\/pdi-2023-a-2027\/avaliacao-anual-2\/","title":{"rendered":"Avalia\u00e7\u00e3o Anual"},"content":{"rendered":"\n<p class=\" eplus-wrapper\"><a href=\"https:\/\/ufrrj.plataformafor.mec.gov.br\/#\/login?_k=gfp2lk\">Acesso ao FORPDI &#8211; Acompanhamento PDI 2023-2027 UFRRJ<\/a><\/p>\n\n\n\n<p class=\" eplus-wrapper\"><a href=\"https:\/\/institucional.ufrrj.br\/pdi\/files\/2024\/07\/Acompsnhamento-dos-objetivos-estrategicos-1.pdf\">Acesso a Planilha de Controle (Tema, Eixo, Objetivo, Resultado, Indicador, Meta, o que fazer, como fazer)<\/a><\/p>\n\n\n\n<h2 class=\"eplus-wrapper wp-block-heading\">IMPORTANTE:<\/h2>\n\n\n\n<h2 class=\"eplus-wrapper wp-block-heading\">* Todos os respons\u00e1veis pelos objetivos, indicadores e metas ser\u00e3o treinados em agosto\/2024.<\/h2>\n\n\n\n<h2 class=\"eplus-wrapper wp-block-heading\">* A inclus\u00e3o das a\u00e7\u00f5es que foram realizadas ser\u00e3o inseridas nos meses setembro, outubro, novembro de 2024.<\/h2>\n","protected":false},"excerpt":{"rendered":"<p>Acesso ao FORPDI &#8211; Acompanhamento PDI 2023-2027 UFRRJ Acesso a Planilha de Controle (Tema, Eixo, Objetivo, Resultado, Indicador, Meta, o que fazer, [&hellip;]<\/p>\n","protected":false},"author":750,"featured_media":0,"parent":757,"menu_order":0,"comment_status":"closed","ping_status":"closed","template":"","meta":{"_acf_changed":false,"footnotes":""},"class_list":["post-1237","page","type-page","status-publish","hentry"],"yoast_head":"<!-- This site is optimized with the Yoast SEO plugin v27.2 - https:\/\/yoast.com\/product\/yoast-seo-wordpress\/ -->\n<title>Avalia\u00e7\u00e3o Anual - PDI - Plano de Desenvolvimento Institucional<\/title>\n<meta name=\"robots\" content=\"index, follow, max-snippet:-1, max-image-preview:large, max-video-preview:-1\" \/>\n<link rel=\"canonical\" href=\"https:\/\/institucional.ufrrj.br\/pdi\/pdi-2023-a-2027\/avaliacao-anual-2\/\" \/>\n<meta property=\"og:locale\" content=\"pt_BR\" \/>\n<meta property=\"og:type\" content=\"article\" \/>\n<meta property=\"og:title\" content=\"Avalia\u00e7\u00e3o Anual - PDI - Plano de Desenvolvimento Institucional\" \/>\n<meta property=\"og:description\" content=\"Acesso ao FORPDI &#8211; Acompanhamento PDI 2023-2027 UFRRJ Acesso a Planilha de Controle (Tema, Eixo, Objetivo, Resultado, Indicador, Meta, o que fazer, [&hellip;]\" \/>\n<meta property=\"og:url\" content=\"https:\/\/institucional.ufrrj.br\/pdi\/pdi-2023-a-2027\/avaliacao-anual-2\/\" \/>\n<meta property=\"og:site_name\" content=\"PDI - Plano de Desenvolvimento Institucional\" \/>\n<meta property=\"article:modified_time\" content=\"2024-07-12T17:52:16+00:00\" \/>\n<meta name=\"twitter:card\" content=\"summary_large_image\" \/>\n<script type=\"application\/ld+json\" class=\"yoast-schema-graph\">{\"@context\":\"https:\/\/schema.org\",\"@graph\":[{\"@type\":\"WebPage\",\"@id\":\"https:\/\/institucional.ufrrj.br\/pdi\/pdi-2023-a-2027\/avaliacao-anual-2\/\",\"url\":\"https:\/\/institucional.ufrrj.br\/pdi\/pdi-2023-a-2027\/avaliacao-anual-2\/\",\"name\":\"Avalia\u00e7\u00e3o Anual - PDI - Plano de Desenvolvimento Institucional\",\"isPartOf\":{\"@id\":\"https:\/\/institucional.ufrrj.br\/pdi\/#website\"},\"datePublished\":\"2024-07-12T17:44:35+00:00\",\"dateModified\":\"2024-07-12T17:52:16+00:00\",\"breadcrumb\":{\"@id\":\"https:\/\/institucional.ufrrj.br\/pdi\/pdi-2023-a-2027\/avaliacao-anual-2\/#breadcrumb\"},\"inLanguage\":\"pt-BR\",\"potentialAction\":[{\"@type\":\"ReadAction\",\"target\":[\"https:\/\/institucional.ufrrj.br\/pdi\/pdi-2023-a-2027\/avaliacao-anual-2\/\"]}]},{\"@type\":\"BreadcrumbList\",\"@id\":\"https:\/\/institucional.ufrrj.br\/pdi\/pdi-2023-a-2027\/avaliacao-anual-2\/#breadcrumb\",\"itemListElement\":[{\"@type\":\"ListItem\",\"position\":1,\"name\":\"In\u00edcio\",\"item\":\"https:\/\/institucional.ufrrj.br\/pdi\/\"},{\"@type\":\"ListItem\",\"position\":2,\"name\":\"\u00a0PDI 2023 a 2027\",\"item\":\"https:\/\/institucional.ufrrj.br\/pdi\/pdi-2023-a-2027\/\"},{\"@type\":\"ListItem\",\"position\":3,\"name\":\"Avalia\u00e7\u00e3o Anual\"}]},{\"@type\":\"WebSite\",\"@id\":\"https:\/\/institucional.ufrrj.br\/pdi\/#website\",\"url\":\"https:\/\/institucional.ufrrj.br\/pdi\/\",\"name\":\"PDI - Plano de Desenvolvimento Institucional\",\"description\":\"S\u00f3 mais um site institucional.ufrrj.br\",\"potentialAction\":[{\"@type\":\"SearchAction\",\"target\":{\"@type\":\"EntryPoint\",\"urlTemplate\":\"https:\/\/institucional.ufrrj.br\/pdi\/?s={search_term_string}\"},\"query-input\":{\"@type\":\"PropertyValueSpecification\",\"valueRequired\":true,\"valueName\":\"search_term_string\"}}],\"inLanguage\":\"pt-BR\"}]}<\/script>\n<!-- \/ Yoast SEO plugin. -->","yoast_head_json":{"title":"Avalia\u00e7\u00e3o Anual - PDI - Plano de Desenvolvimento Institucional","robots":{"index":"index","follow":"follow","max-snippet":"max-snippet:-1","max-image-preview":"max-image-preview:large","max-video-preview":"max-video-preview:-1"},"canonical":"https:\/\/institucional.ufrrj.br\/pdi\/pdi-2023-a-2027\/avaliacao-anual-2\/","og_locale":"pt_BR","og_type":"article","og_title":"Avalia\u00e7\u00e3o Anual - PDI - Plano de Desenvolvimento Institucional","og_description":"Acesso ao FORPDI &#8211; Acompanhamento PDI 2023-2027 UFRRJ Acesso a Planilha de Controle (Tema, Eixo, Objetivo, Resultado, Indicador, Meta, o que fazer, [&hellip;]","og_url":"https:\/\/institucional.ufrrj.br\/pdi\/pdi-2023-a-2027\/avaliacao-anual-2\/","og_site_name":"PDI - Plano de Desenvolvimento Institucional","article_modified_time":"2024-07-12T17:52:16+00:00","twitter_card":"summary_large_image","schema":{"@context":"https:\/\/schema.org","@graph":[{"@type":"WebPage","@id":"https:\/\/institucional.ufrrj.br\/pdi\/pdi-2023-a-2027\/avaliacao-anual-2\/","url":"https:\/\/institucional.ufrrj.br\/pdi\/pdi-2023-a-2027\/avaliacao-anual-2\/","name":"Avalia\u00e7\u00e3o Anual - PDI - Plano de Desenvolvimento Institucional","isPartOf":{"@id":"https:\/\/institucional.ufrrj.br\/pdi\/#website"},"datePublished":"2024-07-12T17:44:35+00:00","dateModified":"2024-07-12T17:52:16+00:00","breadcrumb":{"@id":"https:\/\/institucional.ufrrj.br\/pdi\/pdi-2023-a-2027\/avaliacao-anual-2\/#breadcrumb"},"inLanguage":"pt-BR","potentialAction":[{"@type":"ReadAction","target":["https:\/\/institucional.ufrrj.br\/pdi\/pdi-2023-a-2027\/avaliacao-anual-2\/"]}]},{"@type":"BreadcrumbList","@id":"https:\/\/institucional.ufrrj.br\/pdi\/pdi-2023-a-2027\/avaliacao-anual-2\/#breadcrumb","itemListElement":[{"@type":"ListItem","position":1,"name":"In\u00edcio","item":"https:\/\/institucional.ufrrj.br\/pdi\/"},{"@type":"ListItem","position":2,"name":"\u00a0PDI 2023 a 2027","item":"https:\/\/institucional.ufrrj.br\/pdi\/pdi-2023-a-2027\/"},{"@type":"ListItem","position":3,"name":"Avalia\u00e7\u00e3o Anual"}]},{"@type":"WebSite","@id":"https:\/\/institucional.ufrrj.br\/pdi\/#website","url":"https:\/\/institucional.ufrrj.br\/pdi\/","name":"PDI - Plano de Desenvolvimento Institucional","description":"S\u00f3 mais um site institucional.ufrrj.br","potentialAction":[{"@type":"SearchAction","target":{"@type":"EntryPoint","urlTemplate":"https:\/\/institucional.ufrrj.br\/pdi\/?s={search_term_string}"},"query-input":{"@type":"PropertyValueSpecification","valueRequired":true,"valueName":"search_term_string"}}],"inLanguage":"pt-BR"}]}},"acf":[],"_links":{"self":[{"href":"https:\/\/institucional.ufrrj.br\/pdi\/wp-json\/wp\/v2\/pages\/1237","targetHints":{"allow":["GET"]}}],"collection":[{"href":"https:\/\/institucional.ufrrj.br\/pdi\/wp-json\/wp\/v2\/pages"}],"about":[{"href":"https:\/\/institucional.ufrrj.br\/pdi\/wp-json\/wp\/v2\/types\/page"}],"author":[{"embeddable":true,"href":"https:\/\/institucional.ufrrj.br\/pdi\/wp-json\/wp\/v2\/users\/750"}],"replies":[{"embeddable":true,"href":"https:\/\/institucional.ufrrj.br\/pdi\/wp-json\/wp\/v2\/comments?post=1237"}],"version-history":[{"count":2,"href":"https:\/\/institucional.ufrrj.br\/pdi\/wp-json\/wp\/v2\/pages\/1237\/revisions"}],"predecessor-version":[{"id":1240,"href":"https:\/\/institucional.ufrrj.br\/pdi\/wp-json\/wp\/v2\/pages\/1237\/revisions\/1240"}],"up":[{"embeddable":true,"href":"https:\/\/institucional.ufrrj.br\/pdi\/wp-json\/wp\/v2\/pages\/757"}],"wp:attachment":[{"href":"https:\/\/institucional.ufrrj.br\/pdi\/wp-json\/wp\/v2\/media?parent=1237"}],"curies":[{"name":"wp","href":"https:\/\/api.w.org\/{rel}","templated":true}]}}