{"id":71,"date":"2024-12-16T17:15:16","date_gmt":"2024-12-16T20:15:16","guid":{"rendered":"https:\/\/institucional.ufrrj.br\/pddoc\/?page_id=71"},"modified":"2024-12-16T17:18:14","modified_gmt":"2024-12-16T20:18:14","slug":"coordenacao","status":"publish","type":"page","link":"https:\/\/institucional.ufrrj.br\/pddoc\/coordenacao\/","title":{"rendered":"COORDENA\u00c7\u00c3O"},"content":{"rendered":"\n<p class=\" has-medium-font-size eplus-wrapper\"><strong>Equipe PDDOC<\/strong> <\/p>\n\n\n\n<p class=\" eplus-wrapper\">A equipe do PDDOC \u00e9 composta por profissionais qualificadas e experientes, com o objetivo de coordenar as a\u00e7\u00f5es de forma\u00e7\u00e3o docente na nossa institui\u00e7\u00e3o. Conhe\u00e7a nossas coordenadoras:<\/p>\n\n\n\n<p class=\" eplus-wrapper\"> <strong>Danielle Fernandes da Costa<\/strong><\/p>\n\n\n\n<p class=\" eplus-wrapper\"><strong>Forma\u00e7\u00e3o:<\/strong> Pedagoga<\/p>\n\n\n\n<p class=\" eplus-wrapper\"><strong>Atua\u00e7\u00e3o<\/strong>: Pedagoga da Pr\u00f3-Reitoria de Extens\u00e3o (PROEXT)<\/p>\n\n\n\n<p class=\" eplus-wrapper\"><strong>Curr\u00edculo Lattes:<\/strong> <a href=\"http:\/\/lattes.cnpq.br\/2064947084128508\">http:\/\/lattes.cnpq.br\/2064947084128508<\/a><\/p>\n\n\n\n<p class=\" eplus-wrapper\"><strong>Zamara Graziela Pinheiro de Oliveira <\/strong><\/p>\n\n\n\n<p class=\" eplus-wrapper\"><strong>Forma\u00e7\u00e3o:<\/strong> Pedagoga e Historiadora<\/p>\n\n\n\n<p class=\" eplus-wrapper\"><strong>Atua\u00e7\u00e3o<\/strong>: T\u00e9cnica em Assuntos Educacionais da Pr\u00f3-Reitoria de Gradua\u00e7\u00e3o (PROGRAD)<\/p>\n\n\n\n<p class=\" eplus-wrapper\"><strong>Curr\u00edculo Lattes:<\/strong><a href=\"http:\/\/lattes.cnpq.br\/7694629664909911\"> http:\/\/lattes.cnpq.br\/7694629664909911<\/a><\/p>\n\n\n\n<p class=\" eplus-wrapper\"><\/p>\n\n\n\n<p class=\" eplus-wrapper\"><\/p>\n\n\n\n<p class=\" eplus-wrapper\"><\/p>\n","protected":false},"excerpt":{"rendered":"<p>Equipe PDDOC A equipe do PDDOC \u00e9 composta por profissionais qualificadas e experientes, com o objetivo de coordenar as a\u00e7\u00f5es de forma\u00e7\u00e3o [&hellip;]<\/p>\n","protected":false},"author":867,"featured_media":0,"parent":0,"menu_order":0,"comment_status":"closed","ping_status":"closed","template":"","meta":{"_acf_changed":false,"footnotes":""},"class_list":["post-71","page","type-page","status-publish","hentry"],"yoast_head":"<!-- This site is optimized with the Yoast SEO plugin v27.2 - https:\/\/yoast.com\/product\/yoast-seo-wordpress\/ -->\n<title>COORDENA\u00c7\u00c3O - PDDOC<\/title>\n<meta name=\"robots\" content=\"index, follow, max-snippet:-1, max-image-preview:large, max-video-preview:-1\" \/>\n<link rel=\"canonical\" href=\"https:\/\/institucional.ufrrj.br\/pddoc\/coordenacao\/\" \/>\n<meta property=\"og:locale\" content=\"pt_BR\" \/>\n<meta property=\"og:type\" content=\"article\" \/>\n<meta property=\"og:title\" content=\"COORDENA\u00c7\u00c3O - PDDOC\" \/>\n<meta property=\"og:description\" content=\"Equipe PDDOC A equipe do PDDOC \u00e9 composta por profissionais qualificadas e experientes, com o objetivo de coordenar as a\u00e7\u00f5es de forma\u00e7\u00e3o [&hellip;]\" \/>\n<meta property=\"og:url\" content=\"https:\/\/institucional.ufrrj.br\/pddoc\/coordenacao\/\" \/>\n<meta property=\"og:site_name\" content=\"PDDOC\" \/>\n<meta property=\"article:modified_time\" content=\"2024-12-16T20:18:14+00:00\" \/>\n<meta name=\"twitter:card\" content=\"summary_large_image\" \/>\n<meta name=\"twitter:label1\" content=\"Est. tempo de leitura\" \/>\n\t<meta name=\"twitter:data1\" content=\"1 minuto\" \/>\n<script type=\"application\/ld+json\" class=\"yoast-schema-graph\">{\"@context\":\"https:\/\/schema.org\",\"@graph\":[{\"@type\":\"WebPage\",\"@id\":\"https:\/\/institucional.ufrrj.br\/pddoc\/coordenacao\/\",\"url\":\"https:\/\/institucional.ufrrj.br\/pddoc\/coordenacao\/\",\"name\":\"COORDENA\u00c7\u00c3O - PDDOC\",\"isPartOf\":{\"@id\":\"https:\/\/institucional.ufrrj.br\/pddoc\/#website\"},\"datePublished\":\"2024-12-16T20:15:16+00:00\",\"dateModified\":\"2024-12-16T20:18:14+00:00\",\"breadcrumb\":{\"@id\":\"https:\/\/institucional.ufrrj.br\/pddoc\/coordenacao\/#breadcrumb\"},\"inLanguage\":\"pt-BR\",\"potentialAction\":[{\"@type\":\"ReadAction\",\"target\":[\"https:\/\/institucional.ufrrj.br\/pddoc\/coordenacao\/\"]}]},{\"@type\":\"BreadcrumbList\",\"@id\":\"https:\/\/institucional.ufrrj.br\/pddoc\/coordenacao\/#breadcrumb\",\"itemListElement\":[{\"@type\":\"ListItem\",\"position\":1,\"name\":\"In\u00edcio\",\"item\":\"https:\/\/institucional.ufrrj.br\/pddoc\/\"},{\"@type\":\"ListItem\",\"position\":2,\"name\":\"COORDENA\u00c7\u00c3O\"}]},{\"@type\":\"WebSite\",\"@id\":\"https:\/\/institucional.ufrrj.br\/pddoc\/#website\",\"url\":\"https:\/\/institucional.ufrrj.br\/pddoc\/\",\"name\":\"PDDOC\",\"description\":\"\",\"potentialAction\":[{\"@type\":\"SearchAction\",\"target\":{\"@type\":\"EntryPoint\",\"urlTemplate\":\"https:\/\/institucional.ufrrj.br\/pddoc\/?s={search_term_string}\"},\"query-input\":{\"@type\":\"PropertyValueSpecification\",\"valueRequired\":true,\"valueName\":\"search_term_string\"}}],\"inLanguage\":\"pt-BR\"}]}<\/script>\n<!-- \/ Yoast SEO plugin. -->","yoast_head_json":{"title":"COORDENA\u00c7\u00c3O - PDDOC","robots":{"index":"index","follow":"follow","max-snippet":"max-snippet:-1","max-image-preview":"max-image-preview:large","max-video-preview":"max-video-preview:-1"},"canonical":"https:\/\/institucional.ufrrj.br\/pddoc\/coordenacao\/","og_locale":"pt_BR","og_type":"article","og_title":"COORDENA\u00c7\u00c3O - PDDOC","og_description":"Equipe PDDOC A equipe do PDDOC \u00e9 composta por profissionais qualificadas e experientes, com o objetivo de coordenar as a\u00e7\u00f5es de forma\u00e7\u00e3o [&hellip;]","og_url":"https:\/\/institucional.ufrrj.br\/pddoc\/coordenacao\/","og_site_name":"PDDOC","article_modified_time":"2024-12-16T20:18:14+00:00","twitter_card":"summary_large_image","twitter_misc":{"Est. tempo de leitura":"1 minuto"},"schema":{"@context":"https:\/\/schema.org","@graph":[{"@type":"WebPage","@id":"https:\/\/institucional.ufrrj.br\/pddoc\/coordenacao\/","url":"https:\/\/institucional.ufrrj.br\/pddoc\/coordenacao\/","name":"COORDENA\u00c7\u00c3O - PDDOC","isPartOf":{"@id":"https:\/\/institucional.ufrrj.br\/pddoc\/#website"},"datePublished":"2024-12-16T20:15:16+00:00","dateModified":"2024-12-16T20:18:14+00:00","breadcrumb":{"@id":"https:\/\/institucional.ufrrj.br\/pddoc\/coordenacao\/#breadcrumb"},"inLanguage":"pt-BR","potentialAction":[{"@type":"ReadAction","target":["https:\/\/institucional.ufrrj.br\/pddoc\/coordenacao\/"]}]},{"@type":"BreadcrumbList","@id":"https:\/\/institucional.ufrrj.br\/pddoc\/coordenacao\/#breadcrumb","itemListElement":[{"@type":"ListItem","position":1,"name":"In\u00edcio","item":"https:\/\/institucional.ufrrj.br\/pddoc\/"},{"@type":"ListItem","position":2,"name":"COORDENA\u00c7\u00c3O"}]},{"@type":"WebSite","@id":"https:\/\/institucional.ufrrj.br\/pddoc\/#website","url":"https:\/\/institucional.ufrrj.br\/pddoc\/","name":"PDDOC","description":"","potentialAction":[{"@type":"SearchAction","target":{"@type":"EntryPoint","urlTemplate":"https:\/\/institucional.ufrrj.br\/pddoc\/?s={search_term_string}"},"query-input":{"@type":"PropertyValueSpecification","valueRequired":true,"valueName":"search_term_string"}}],"inLanguage":"pt-BR"}]}},"acf":[],"_links":{"self":[{"href":"https:\/\/institucional.ufrrj.br\/pddoc\/wp-json\/wp\/v2\/pages\/71","targetHints":{"allow":["GET"]}}],"collection":[{"href":"https:\/\/institucional.ufrrj.br\/pddoc\/wp-json\/wp\/v2\/pages"}],"about":[{"href":"https:\/\/institucional.ufrrj.br\/pddoc\/wp-json\/wp\/v2\/types\/page"}],"author":[{"embeddable":true,"href":"https:\/\/institucional.ufrrj.br\/pddoc\/wp-json\/wp\/v2\/users\/867"}],"replies":[{"embeddable":true,"href":"https:\/\/institucional.ufrrj.br\/pddoc\/wp-json\/wp\/v2\/comments?post=71"}],"version-history":[{"count":2,"href":"https:\/\/institucional.ufrrj.br\/pddoc\/wp-json\/wp\/v2\/pages\/71\/revisions"}],"predecessor-version":[{"id":73,"href":"https:\/\/institucional.ufrrj.br\/pddoc\/wp-json\/wp\/v2\/pages\/71\/revisions\/73"}],"wp:attachment":[{"href":"https:\/\/institucional.ufrrj.br\/pddoc\/wp-json\/wp\/v2\/media?parent=71"}],"curies":[{"name":"wp","href":"https:\/\/api.w.org\/{rel}","templated":true}]}}