{"id":1768,"date":"2021-01-20T14:44:14","date_gmt":"2021-01-20T14:44:14","guid":{"rendered":"http:\/\/institucional.ufrrj.br\/nit\/?page_id=1768"},"modified":"2024-09-04T19:47:04","modified_gmt":"2024-09-04T22:47:04","slug":"bibliotecapet","status":"publish","type":"page","link":"https:\/\/institucional.ufrrj.br\/nit\/bibliotecapet\/","title":{"rendered":"Biblioteca@PET"},"content":{"rendered":"\n<h4 class=\"eplus-wrapper wp-block-heading\"><em>N\u00b0 DO PEDIDO<\/em><\/h4>\n\n\n\n<p class=\" eplus-wrapper\">BR 51 2017 000549 4<\/p>\n\n\n\n<h4 class=\"eplus-wrapper wp-block-heading\"><em>ATUA\u00c7\u00c3O<\/em><\/h4>\n\n\n\n<p class=\" eplus-wrapper\">O controle de acervos (livros, revistas, artigos) por muito tempo foi feito utilizando cart\u00f5es e fichas de papel, o que em muitos casos pode ser pouco pr\u00e1tico e gerar inconsist\u00eancias. Para revolver esses problemas o uso de banco de dados bem projetado pode garantir a consist\u00eancia e o uso de sistema Web a praticidade, pois n\u00e3o se faz necess\u00e1rio ir at\u00e9 o local para verificar se est\u00e1 dispon\u00edvel ou se o acervo<br>possui o que se procura. Mediante a isso o PET-SI da UFRRJ desenvolveu uma ferramenta computacional, que engloba o projeto e a constru\u00e7\u00e3o de um sistema Web e um banco de dados para controlar pequenos acervos de livros, revistas e artigos.<\/p>\n\n\n\n<h4 class=\"eplus-wrapper wp-block-heading\"><em>FERRAMENTAS E TECNOLOGIAS<\/em><\/h4>\n\n\n\n<p class=\" eplus-wrapper\">A arquitetura do sistema foi codificada usando softwares livres, linguagem de programa\u00e7\u00e3o PHP e JavaScript, linguagem de marca\u00e7\u00e3o HTML, Bibliotecas abertas fpdf, jquery, x_core_n4, xdisplay, xtableheaderfixed, chart.min e a linguagem de folha de estilo CSS.<\/p>\n\n\n\n<h4 class=\"eplus-wrapper wp-block-heading\"><em>BENEFICIOS<\/em><\/h4>\n\n\n\n<p class=\" eplus-wrapper\">Essa ferramenta possibilita simplificar e automatizar o processo de cadastro e empr\u00e9stimos de volumes, permitindo ao usu\u00e1rio pesquisar sobre o acervo e sobre sua situa\u00e7\u00e3o com a biblioteca e ao administrador um controle sobre a movimenta\u00e7\u00e3o do acervo. Essa ferramenta \u00e9 gratuita e pode ser utilizada em escolas, pequenas bibliotecas setoriais, laborat\u00f3rios de pesquisas ou qualquer lugar que possua um pequeno acervo e necessite fazer um controle sobre a movimenta\u00e7\u00e3o do mesmo<\/p>\n\n\n\n<h4 class=\"eplus-wrapper wp-block-heading\"><em>COLABORADORES E INVENTORES<\/em><\/h4>\n\n\n\n<p class=\" eplus-wrapper\">Gustavo Sucupira Oliveira<br>S\u00e9rgio Manuel Serra da Cruz<\/p>\n","protected":false},"excerpt":{"rendered":"<p>N\u00b0 DO PEDIDO BR 51 2017 000549 4 ATUA\u00c7\u00c3O O controle de acervos (livros, revistas, artigos) por muito tempo foi <a class=\"read-more\" href=\"https:\/\/institucional.ufrrj.br\/nit\/bibliotecapet\/ \" >&#8230; <span class=\"font-italic\">leia mais <i class=\"fas fa-angle-right\"><\/i><\/span><\/a><\/p>\n","protected":false},"author":764,"featured_media":0,"parent":0,"menu_order":0,"comment_status":"closed","ping_status":"closed","template":"","meta":{"_acf_changed":false,"footnotes":"","_links_to":"","_links_to_target":""},"class_list":["post-1768","page","type-page","status-publish","hentry"],"yoast_head":"<!-- This site is optimized with the Yoast SEO plugin v27.2 - https:\/\/yoast.com\/product\/yoast-seo-wordpress\/ -->\n<title>Biblioteca@PET - Ag\u00eancia de Inova\u00e7\u00e3o da UFRRJ<\/title>\n<meta name=\"robots\" content=\"index, follow, max-snippet:-1, max-image-preview:large, max-video-preview:-1\" \/>\n<link rel=\"canonical\" href=\"https:\/\/institucional.ufrrj.br\/nit\/bibliotecapet\/\" \/>\n<meta property=\"og:locale\" content=\"pt_BR\" \/>\n<meta property=\"og:type\" content=\"article\" \/>\n<meta property=\"og:title\" content=\"Biblioteca@PET - Ag\u00eancia de Inova\u00e7\u00e3o da UFRRJ\" \/>\n<meta property=\"og:description\" content=\"N\u00b0 DO PEDIDO BR 51 2017 000549 4 ATUA\u00c7\u00c3O O controle de acervos (livros, revistas, artigos) por muito tempo foi ... leia mais\" \/>\n<meta property=\"og:url\" content=\"https:\/\/institucional.ufrrj.br\/nit\/bibliotecapet\/\" \/>\n<meta property=\"og:site_name\" content=\"Ag\u00eancia de Inova\u00e7\u00e3o da UFRRJ\" \/>\n<meta property=\"article:modified_time\" content=\"2024-09-04T22:47:04+00:00\" \/>\n<meta name=\"twitter:card\" content=\"summary_large_image\" \/>\n<meta name=\"twitter:label1\" content=\"Est. tempo de leitura\" \/>\n\t<meta name=\"twitter:data1\" content=\"2 minutos\" \/>\n<script type=\"application\/ld+json\" class=\"yoast-schema-graph\">{\"@context\":\"https:\/\/schema.org\",\"@graph\":[{\"@type\":\"WebPage\",\"@id\":\"https:\/\/institucional.ufrrj.br\/nit\/bibliotecapet\/\",\"url\":\"https:\/\/institucional.ufrrj.br\/nit\/bibliotecapet\/\",\"name\":\"Biblioteca@PET - Ag\u00eancia de Inova\u00e7\u00e3o da UFRRJ\",\"isPartOf\":{\"@id\":\"https:\/\/institucional.ufrrj.br\/nit\/#website\"},\"datePublished\":\"2021-01-20T14:44:14+00:00\",\"dateModified\":\"2024-09-04T22:47:04+00:00\",\"breadcrumb\":{\"@id\":\"https:\/\/institucional.ufrrj.br\/nit\/bibliotecapet\/#breadcrumb\"},\"inLanguage\":\"pt-BR\",\"potentialAction\":[{\"@type\":\"ReadAction\",\"target\":[\"https:\/\/institucional.ufrrj.br\/nit\/bibliotecapet\/\"]}]},{\"@type\":\"BreadcrumbList\",\"@id\":\"https:\/\/institucional.ufrrj.br\/nit\/bibliotecapet\/#breadcrumb\",\"itemListElement\":[{\"@type\":\"ListItem\",\"position\":1,\"name\":\"In\u00edcio\",\"item\":\"https:\/\/institucional.ufrrj.br\/nit\/\"},{\"@type\":\"ListItem\",\"position\":2,\"name\":\"Biblioteca@PET\"}]},{\"@type\":\"WebSite\",\"@id\":\"https:\/\/institucional.ufrrj.br\/nit\/#website\",\"url\":\"https:\/\/institucional.ufrrj.br\/nit\/\",\"name\":\"Ag\u00eancia de Inova\u00e7\u00e3o UFRRJ\",\"description\":\"UFRRJ\",\"potentialAction\":[{\"@type\":\"SearchAction\",\"target\":{\"@type\":\"EntryPoint\",\"urlTemplate\":\"https:\/\/institucional.ufrrj.br\/nit\/?s={search_term_string}\"},\"query-input\":{\"@type\":\"PropertyValueSpecification\",\"valueRequired\":true,\"valueName\":\"search_term_string\"}}],\"inLanguage\":\"pt-BR\"}]}<\/script>\n<!-- \/ Yoast SEO plugin. -->","yoast_head_json":{"title":"Biblioteca@PET - Ag\u00eancia de Inova\u00e7\u00e3o da UFRRJ","robots":{"index":"index","follow":"follow","max-snippet":"max-snippet:-1","max-image-preview":"max-image-preview:large","max-video-preview":"max-video-preview:-1"},"canonical":"https:\/\/institucional.ufrrj.br\/nit\/bibliotecapet\/","og_locale":"pt_BR","og_type":"article","og_title":"Biblioteca@PET - Ag\u00eancia de Inova\u00e7\u00e3o da UFRRJ","og_description":"N\u00b0 DO PEDIDO BR 51 2017 000549 4 ATUA\u00c7\u00c3O O controle de acervos (livros, revistas, artigos) por muito tempo foi ... leia mais","og_url":"https:\/\/institucional.ufrrj.br\/nit\/bibliotecapet\/","og_site_name":"Ag\u00eancia de Inova\u00e7\u00e3o da UFRRJ","article_modified_time":"2024-09-04T22:47:04+00:00","twitter_card":"summary_large_image","twitter_misc":{"Est. tempo de leitura":"2 minutos"},"schema":{"@context":"https:\/\/schema.org","@graph":[{"@type":"WebPage","@id":"https:\/\/institucional.ufrrj.br\/nit\/bibliotecapet\/","url":"https:\/\/institucional.ufrrj.br\/nit\/bibliotecapet\/","name":"Biblioteca@PET - Ag\u00eancia de Inova\u00e7\u00e3o da UFRRJ","isPartOf":{"@id":"https:\/\/institucional.ufrrj.br\/nit\/#website"},"datePublished":"2021-01-20T14:44:14+00:00","dateModified":"2024-09-04T22:47:04+00:00","breadcrumb":{"@id":"https:\/\/institucional.ufrrj.br\/nit\/bibliotecapet\/#breadcrumb"},"inLanguage":"pt-BR","potentialAction":[{"@type":"ReadAction","target":["https:\/\/institucional.ufrrj.br\/nit\/bibliotecapet\/"]}]},{"@type":"BreadcrumbList","@id":"https:\/\/institucional.ufrrj.br\/nit\/bibliotecapet\/#breadcrumb","itemListElement":[{"@type":"ListItem","position":1,"name":"In\u00edcio","item":"https:\/\/institucional.ufrrj.br\/nit\/"},{"@type":"ListItem","position":2,"name":"Biblioteca@PET"}]},{"@type":"WebSite","@id":"https:\/\/institucional.ufrrj.br\/nit\/#website","url":"https:\/\/institucional.ufrrj.br\/nit\/","name":"Ag\u00eancia de Inova\u00e7\u00e3o UFRRJ","description":"UFRRJ","potentialAction":[{"@type":"SearchAction","target":{"@type":"EntryPoint","urlTemplate":"https:\/\/institucional.ufrrj.br\/nit\/?s={search_term_string}"},"query-input":{"@type":"PropertyValueSpecification","valueRequired":true,"valueName":"search_term_string"}}],"inLanguage":"pt-BR"}]}},"acf":[],"_links":{"self":[{"href":"https:\/\/institucional.ufrrj.br\/nit\/wp-json\/wp\/v2\/pages\/1768","targetHints":{"allow":["GET"]}}],"collection":[{"href":"https:\/\/institucional.ufrrj.br\/nit\/wp-json\/wp\/v2\/pages"}],"about":[{"href":"https:\/\/institucional.ufrrj.br\/nit\/wp-json\/wp\/v2\/types\/page"}],"author":[{"embeddable":true,"href":"https:\/\/institucional.ufrrj.br\/nit\/wp-json\/wp\/v2\/users\/764"}],"replies":[{"embeddable":true,"href":"https:\/\/institucional.ufrrj.br\/nit\/wp-json\/wp\/v2\/comments?post=1768"}],"version-history":[{"count":3,"href":"https:\/\/institucional.ufrrj.br\/nit\/wp-json\/wp\/v2\/pages\/1768\/revisions"}],"predecessor-version":[{"id":3009,"href":"https:\/\/institucional.ufrrj.br\/nit\/wp-json\/wp\/v2\/pages\/1768\/revisions\/3009"}],"wp:attachment":[{"href":"https:\/\/institucional.ufrrj.br\/nit\/wp-json\/wp\/v2\/media?parent=1768"}],"curies":[{"name":"wp","href":"https:\/\/api.w.org\/{rel}","templated":true}]}}