{"id":1765,"date":"2021-01-20T14:26:01","date_gmt":"2021-01-20T14:26:01","guid":{"rendered":"http:\/\/institucional.ufrrj.br\/nit\/?page_id=1765"},"modified":"2024-09-04T20:02:42","modified_gmt":"2024-09-04T23:02:42","slug":"certificapet","status":"publish","type":"page","link":"https:\/\/institucional.ufrrj.br\/nit\/certificapet\/","title":{"rendered":"Certifica@PET"},"content":{"rendered":"\n<h4 class=\"eplus-wrapper wp-block-heading\"><em>N\u00b0 DO PEDIDO<\/em><\/h4>\n\n\n\n<p class=\" eplus-wrapper\"> BR 51 2017 001026 9<\/p>\n\n\n\n<h4 class=\"eplus-wrapper wp-block-heading\"><em>ATUA\u00c7\u00c3O<\/em><\/h4>\n\n\n\n<p class=\" eplus-wrapper\">O PET-SI percebeu uma necessidade de inova\u00e7\u00e3o tecnol\u00f3gica ainda n\u00e3o atendida e desenvolveu a plataforma CERTIFICA@PET que permite ao aluno obter seu certificado digital de forma eficaz, sem custos e com a possibilidade de autentica\u00e7\u00e3o do mesmo. Essa ferramenta permite cadastramento de atividades extensionistas e emiss\u00e3o de certificados digitais autentic\u00e1veis aos participantes.<\/p>\n\n\n\n<h4 class=\"eplus-wrapper wp-block-heading\"><em>FERRAMENTAS E TECNOLOGIAS<\/em><\/h4>\n\n\n\n<p class=\" eplus-wrapper\">A ferramenta foi desenvolvida pelo PET-SI da UFRRJ, \u00e9 totalmente configur\u00e1vel sendo constru\u00eddo em HTML5-PHP-MySQL (BEIGHLEY e MORRISON, 2011), est\u00e1 hospedada nos servidores da UFRRJ e dispon\u00edvel no endere\u00e7o http:\/\/r1.ufrrj.br\/petsilcertificados\/.<\/p>\n\n\n\n<h4 class=\"eplus-wrapper wp-block-heading\"><em>BENEFICIOS<\/em><\/h4>\n\n\n\n<p class=\" eplus-wrapper\">As a\u00e7\u00f5es desenvolvidas pelos grupos de Programa de Educa\u00e7\u00e3o Tutorial (PET) da UFRRJ possibilitam aos alunos a viv\u00eancia de atividades de ensino, pesquisa e extens\u00e3o. Com isso, em algumas dessas atividades a ades\u00e3o de alunos \u00e9 grande mostrando uma certa import\u00e2ncia dessas atividades no curr\u00edculo desses alunos. Hoje n\u00e3o h\u00e1 mais problemas em emitir essa certifica\u00e7\u00e3o nem comprovar a mesma, visto que o programa foi feito com intuito de facilitar a ades\u00e3o desses comprovantes.<\/p>\n\n\n\n<h4 class=\"eplus-wrapper wp-block-heading\"><em>COLABORADORES E INVENTORES<\/em><\/h4>\n\n\n\n<p class=\" eplus-wrapper\">Lucas Nunes Paim<br>Renan Carvalho T\u00e2vora Miranda<br>S\u00e9rgio Manuel Serra da Cruz<\/p>\n","protected":false},"excerpt":{"rendered":"<p>N\u00b0 DO PEDIDO BR 51 2017 001026 9 ATUA\u00c7\u00c3O O PET-SI percebeu uma necessidade de inova\u00e7\u00e3o tecnol\u00f3gica ainda n\u00e3o atendida <a class=\"read-more\" href=\"https:\/\/institucional.ufrrj.br\/nit\/certificapet\/ \" >&#8230; <span class=\"font-italic\">leia mais <i class=\"fas fa-angle-right\"><\/i><\/span><\/a><\/p>\n","protected":false},"author":764,"featured_media":0,"parent":0,"menu_order":0,"comment_status":"closed","ping_status":"closed","template":"","meta":{"_acf_changed":false,"footnotes":"","_links_to":"","_links_to_target":""},"class_list":["post-1765","page","type-page","status-publish","hentry"],"yoast_head":"<!-- This site is optimized with the Yoast SEO plugin v27.2 - https:\/\/yoast.com\/product\/yoast-seo-wordpress\/ -->\n<title>Certifica@PET - Ag\u00eancia de Inova\u00e7\u00e3o da UFRRJ<\/title>\n<meta name=\"robots\" content=\"index, follow, max-snippet:-1, max-image-preview:large, max-video-preview:-1\" \/>\n<link rel=\"canonical\" href=\"https:\/\/institucional.ufrrj.br\/nit\/certificapet\/\" \/>\n<meta property=\"og:locale\" content=\"pt_BR\" \/>\n<meta property=\"og:type\" content=\"article\" \/>\n<meta property=\"og:title\" content=\"Certifica@PET - Ag\u00eancia de Inova\u00e7\u00e3o da UFRRJ\" \/>\n<meta property=\"og:description\" content=\"N\u00b0 DO PEDIDO BR 51 2017 001026 9 ATUA\u00c7\u00c3O O PET-SI percebeu uma necessidade de inova\u00e7\u00e3o tecnol\u00f3gica ainda n\u00e3o atendida ... leia mais\" \/>\n<meta property=\"og:url\" content=\"https:\/\/institucional.ufrrj.br\/nit\/certificapet\/\" \/>\n<meta property=\"og:site_name\" content=\"Ag\u00eancia de Inova\u00e7\u00e3o da UFRRJ\" \/>\n<meta property=\"article:modified_time\" content=\"2024-09-04T23:02:42+00:00\" \/>\n<meta name=\"twitter:card\" content=\"summary_large_image\" \/>\n<meta name=\"twitter:label1\" content=\"Est. tempo de leitura\" \/>\n\t<meta name=\"twitter:data1\" content=\"2 minutos\" \/>\n<script type=\"application\/ld+json\" class=\"yoast-schema-graph\">{\"@context\":\"https:\/\/schema.org\",\"@graph\":[{\"@type\":\"WebPage\",\"@id\":\"https:\/\/institucional.ufrrj.br\/nit\/certificapet\/\",\"url\":\"https:\/\/institucional.ufrrj.br\/nit\/certificapet\/\",\"name\":\"Certifica@PET - Ag\u00eancia de Inova\u00e7\u00e3o da UFRRJ\",\"isPartOf\":{\"@id\":\"https:\/\/institucional.ufrrj.br\/nit\/#website\"},\"datePublished\":\"2021-01-20T14:26:01+00:00\",\"dateModified\":\"2024-09-04T23:02:42+00:00\",\"breadcrumb\":{\"@id\":\"https:\/\/institucional.ufrrj.br\/nit\/certificapet\/#breadcrumb\"},\"inLanguage\":\"pt-BR\",\"potentialAction\":[{\"@type\":\"ReadAction\",\"target\":[\"https:\/\/institucional.ufrrj.br\/nit\/certificapet\/\"]}]},{\"@type\":\"BreadcrumbList\",\"@id\":\"https:\/\/institucional.ufrrj.br\/nit\/certificapet\/#breadcrumb\",\"itemListElement\":[{\"@type\":\"ListItem\",\"position\":1,\"name\":\"In\u00edcio\",\"item\":\"https:\/\/institucional.ufrrj.br\/nit\/\"},{\"@type\":\"ListItem\",\"position\":2,\"name\":\"Certifica@PET\"}]},{\"@type\":\"WebSite\",\"@id\":\"https:\/\/institucional.ufrrj.br\/nit\/#website\",\"url\":\"https:\/\/institucional.ufrrj.br\/nit\/\",\"name\":\"Ag\u00eancia de Inova\u00e7\u00e3o UFRRJ\",\"description\":\"UFRRJ\",\"potentialAction\":[{\"@type\":\"SearchAction\",\"target\":{\"@type\":\"EntryPoint\",\"urlTemplate\":\"https:\/\/institucional.ufrrj.br\/nit\/?s={search_term_string}\"},\"query-input\":{\"@type\":\"PropertyValueSpecification\",\"valueRequired\":true,\"valueName\":\"search_term_string\"}}],\"inLanguage\":\"pt-BR\"}]}<\/script>\n<!-- \/ Yoast SEO plugin. -->","yoast_head_json":{"title":"Certifica@PET - Ag\u00eancia de Inova\u00e7\u00e3o da UFRRJ","robots":{"index":"index","follow":"follow","max-snippet":"max-snippet:-1","max-image-preview":"max-image-preview:large","max-video-preview":"max-video-preview:-1"},"canonical":"https:\/\/institucional.ufrrj.br\/nit\/certificapet\/","og_locale":"pt_BR","og_type":"article","og_title":"Certifica@PET - Ag\u00eancia de Inova\u00e7\u00e3o da UFRRJ","og_description":"N\u00b0 DO PEDIDO BR 51 2017 001026 9 ATUA\u00c7\u00c3O O PET-SI percebeu uma necessidade de inova\u00e7\u00e3o tecnol\u00f3gica ainda n\u00e3o atendida ... leia mais","og_url":"https:\/\/institucional.ufrrj.br\/nit\/certificapet\/","og_site_name":"Ag\u00eancia de Inova\u00e7\u00e3o da UFRRJ","article_modified_time":"2024-09-04T23:02:42+00:00","twitter_card":"summary_large_image","twitter_misc":{"Est. tempo de leitura":"2 minutos"},"schema":{"@context":"https:\/\/schema.org","@graph":[{"@type":"WebPage","@id":"https:\/\/institucional.ufrrj.br\/nit\/certificapet\/","url":"https:\/\/institucional.ufrrj.br\/nit\/certificapet\/","name":"Certifica@PET - Ag\u00eancia de Inova\u00e7\u00e3o da UFRRJ","isPartOf":{"@id":"https:\/\/institucional.ufrrj.br\/nit\/#website"},"datePublished":"2021-01-20T14:26:01+00:00","dateModified":"2024-09-04T23:02:42+00:00","breadcrumb":{"@id":"https:\/\/institucional.ufrrj.br\/nit\/certificapet\/#breadcrumb"},"inLanguage":"pt-BR","potentialAction":[{"@type":"ReadAction","target":["https:\/\/institucional.ufrrj.br\/nit\/certificapet\/"]}]},{"@type":"BreadcrumbList","@id":"https:\/\/institucional.ufrrj.br\/nit\/certificapet\/#breadcrumb","itemListElement":[{"@type":"ListItem","position":1,"name":"In\u00edcio","item":"https:\/\/institucional.ufrrj.br\/nit\/"},{"@type":"ListItem","position":2,"name":"Certifica@PET"}]},{"@type":"WebSite","@id":"https:\/\/institucional.ufrrj.br\/nit\/#website","url":"https:\/\/institucional.ufrrj.br\/nit\/","name":"Ag\u00eancia de Inova\u00e7\u00e3o UFRRJ","description":"UFRRJ","potentialAction":[{"@type":"SearchAction","target":{"@type":"EntryPoint","urlTemplate":"https:\/\/institucional.ufrrj.br\/nit\/?s={search_term_string}"},"query-input":{"@type":"PropertyValueSpecification","valueRequired":true,"valueName":"search_term_string"}}],"inLanguage":"pt-BR"}]}},"acf":[],"_links":{"self":[{"href":"https:\/\/institucional.ufrrj.br\/nit\/wp-json\/wp\/v2\/pages\/1765","targetHints":{"allow":["GET"]}}],"collection":[{"href":"https:\/\/institucional.ufrrj.br\/nit\/wp-json\/wp\/v2\/pages"}],"about":[{"href":"https:\/\/institucional.ufrrj.br\/nit\/wp-json\/wp\/v2\/types\/page"}],"author":[{"embeddable":true,"href":"https:\/\/institucional.ufrrj.br\/nit\/wp-json\/wp\/v2\/users\/764"}],"replies":[{"embeddable":true,"href":"https:\/\/institucional.ufrrj.br\/nit\/wp-json\/wp\/v2\/comments?post=1765"}],"version-history":[{"count":4,"href":"https:\/\/institucional.ufrrj.br\/nit\/wp-json\/wp\/v2\/pages\/1765\/revisions"}],"predecessor-version":[{"id":3011,"href":"https:\/\/institucional.ufrrj.br\/nit\/wp-json\/wp\/v2\/pages\/1765\/revisions\/3011"}],"wp:attachment":[{"href":"https:\/\/institucional.ufrrj.br\/nit\/wp-json\/wp\/v2\/media?parent=1765"}],"curies":[{"name":"wp","href":"https:\/\/api.w.org\/{rel}","templated":true}]}}