{"id":1388,"date":"2020-10-14T14:48:12","date_gmt":"2020-10-14T14:48:12","guid":{"rendered":"http:\/\/institucional.ufrrj.br\/nit\/?page_id=1388"},"modified":"2024-09-04T19:32:11","modified_gmt":"2024-09-04T22:32:11","slug":"businrio","status":"publish","type":"page","link":"https:\/\/institucional.ufrrj.br\/nit\/businrio\/","title":{"rendered":"BusInRio"},"content":{"rendered":"\n<h4 class=\"eplus-wrapper wp-block-heading\"><em>N\u00b0 DO PEDIDO<\/em><\/h4>\n\n\n\n<p class=\" eplus-wrapper\">BR 51 2015 001547 8<\/p>\n\n\n\n<h4 class=\"eplus-wrapper wp-block-heading\"><em>ATUA\u00c7\u00c3O<\/em><\/h4>\n\n\n\n<p class=\" eplus-wrapper\">O programa BusInRio \u00e9 uma ferramenta que tem como objetivo auxiliar seus<br>usu\u00e1rios a localizarem onde se encontram os \u00f4nibus de transporte coletivo da frota seu<br>interesse em tempo real com base na localiza\u00e7\u00e3o dos mesmos, diminuindo assim o tempo<br>de espera de passageiros e aglomera\u00e7\u00f5es em paradas na cidade do Rio de Janeiro.<\/p>\n\n\n\n<h4 class=\"eplus-wrapper wp-block-heading\"><em>FERRAMENTAS E TECNOLOGIAS<\/em><\/h4>\n\n\n\n<p class=\" eplus-wrapper\">\u00c9 utilizado uma base de dados do governo que retorna os dados das frotas, rotas e localiza\u00e7\u00e3o em tempo real dos \u00f4nibus, a aplica\u00e7\u00e3o faz o tratamento desses dados e aplica no mapa do Google para apresentar informa\u00e7\u00f5es leg\u00edveis para o usu\u00e1rio.<\/p>\n\n\n\n<h4 class=\"eplus-wrapper wp-block-heading\"><em>BENEFICIOS<\/em><\/h4>\n\n\n\n<p class=\" eplus-wrapper\">Com a implementa\u00e7\u00e3o e uso desse aplicativo agilizar e otimizar o tempo de espera dos passageiros, al\u00e9m de dar mais seguran\u00e7a e comodidade para os mesmos.<\/p>\n\n\n\n<h4 class=\"eplus-wrapper wp-block-heading\"><em>COLABORADORES E INVENTORES<\/em><\/h4>\n\n\n\n<p class=\" eplus-wrapper\">S\u00e9rgio Manuel Serra da Cruz<br>Luan Soares de Andrade<\/p>\n\n\n\n<figure class=\"wp-block-table\"><table><tbody><tr><td><em>N\u00b0 DO PEDIDO<\/em> BR 51 2015 001547 8 <em>ATUA\u00c7\u00c3O<\/em> O programa BusInRio \u00e9 uma ferramenta que tem como objetivo auxiliar seus<br>usu\u00e1rios a localizarem onde se encontram os \u00f4nibus de transporte coletivo da frota seu<br>interesse em tempo real com base na localiza\u00e7\u00e3o dos mesmos, diminuindo assim o tempo<br>de espera de passageiros e aglomera\u00e7\u00f5es em paradas na cidade do rio de janeiro. <em>FERRAMENTAS E TECNOLOGIAS<\/em> \u00c9 utilizado uma base de dados do governo que retorna os dados das frotas, rotas e localiza\u00e7\u00e3o em tempo real dos \u00f4nibus, a aplica\u00e7\u00e3o faz o tratamento desses dados e aplica no mapa do google para apresentar informa\u00e7\u00f5es leg\u00edveis para o usu\u00e1rio. <em>BENEFICIOS<\/em> Com a implementa\u00e7\u00e3o e uso desse aplicativo agilizar e otimizar o tempo de espera dos passageiros, al\u00e9m de dar mais seguran\u00e7a e comodidade para os mesmos. <em>COLABORADORES E INVENTORES<\/em> S\u00e9rgio Manuel Serra da Cruz<br>Luan Soares de Andrade<\/td><td>&nbsp;<\/td><\/tr><\/tbody><\/table><\/figure>\n","protected":false},"excerpt":{"rendered":"<p>N\u00b0 DO PEDIDO BR 51 2015 001547 8 ATUA\u00c7\u00c3O O programa BusInRio \u00e9 uma ferramenta que tem como objetivo auxiliar <a class=\"read-more\" href=\"https:\/\/institucional.ufrrj.br\/nit\/businrio\/ \" >&#8230; <span class=\"font-italic\">leia mais <i class=\"fas fa-angle-right\"><\/i><\/span><\/a><\/p>\n","protected":false},"author":764,"featured_media":0,"parent":0,"menu_order":0,"comment_status":"closed","ping_status":"closed","template":"","meta":{"_acf_changed":false,"footnotes":"","_links_to":"","_links_to_target":""},"class_list":["post-1388","page","type-page","status-publish","hentry"],"yoast_head":"<!-- This site is optimized with the Yoast SEO plugin v27.2 - https:\/\/yoast.com\/product\/yoast-seo-wordpress\/ -->\n<title>BusInRio - Ag\u00eancia de Inova\u00e7\u00e3o da UFRRJ<\/title>\n<meta name=\"robots\" content=\"index, follow, max-snippet:-1, max-image-preview:large, max-video-preview:-1\" \/>\n<link rel=\"canonical\" href=\"https:\/\/institucional.ufrrj.br\/nit\/businrio\/\" \/>\n<meta property=\"og:locale\" content=\"pt_BR\" \/>\n<meta property=\"og:type\" content=\"article\" \/>\n<meta property=\"og:title\" content=\"BusInRio - Ag\u00eancia de Inova\u00e7\u00e3o da UFRRJ\" \/>\n<meta property=\"og:description\" content=\"N\u00b0 DO PEDIDO BR 51 2015 001547 8 ATUA\u00c7\u00c3O O programa BusInRio \u00e9 uma ferramenta que tem como objetivo auxiliar ... leia mais\" \/>\n<meta property=\"og:url\" content=\"https:\/\/institucional.ufrrj.br\/nit\/businrio\/\" \/>\n<meta property=\"og:site_name\" content=\"Ag\u00eancia de Inova\u00e7\u00e3o da UFRRJ\" \/>\n<meta property=\"article:modified_time\" content=\"2024-09-04T22:32:11+00:00\" \/>\n<meta name=\"twitter:card\" content=\"summary_large_image\" \/>\n<meta name=\"twitter:label1\" content=\"Est. tempo de leitura\" \/>\n\t<meta name=\"twitter:data1\" content=\"2 minutos\" \/>\n<script type=\"application\/ld+json\" class=\"yoast-schema-graph\">{\"@context\":\"https:\/\/schema.org\",\"@graph\":[{\"@type\":\"WebPage\",\"@id\":\"https:\/\/institucional.ufrrj.br\/nit\/businrio\/\",\"url\":\"https:\/\/institucional.ufrrj.br\/nit\/businrio\/\",\"name\":\"BusInRio - Ag\u00eancia de Inova\u00e7\u00e3o da UFRRJ\",\"isPartOf\":{\"@id\":\"https:\/\/institucional.ufrrj.br\/nit\/#website\"},\"datePublished\":\"2020-10-14T14:48:12+00:00\",\"dateModified\":\"2024-09-04T22:32:11+00:00\",\"breadcrumb\":{\"@id\":\"https:\/\/institucional.ufrrj.br\/nit\/businrio\/#breadcrumb\"},\"inLanguage\":\"pt-BR\",\"potentialAction\":[{\"@type\":\"ReadAction\",\"target\":[\"https:\/\/institucional.ufrrj.br\/nit\/businrio\/\"]}]},{\"@type\":\"BreadcrumbList\",\"@id\":\"https:\/\/institucional.ufrrj.br\/nit\/businrio\/#breadcrumb\",\"itemListElement\":[{\"@type\":\"ListItem\",\"position\":1,\"name\":\"In\u00edcio\",\"item\":\"https:\/\/institucional.ufrrj.br\/nit\/\"},{\"@type\":\"ListItem\",\"position\":2,\"name\":\"BusInRio\"}]},{\"@type\":\"WebSite\",\"@id\":\"https:\/\/institucional.ufrrj.br\/nit\/#website\",\"url\":\"https:\/\/institucional.ufrrj.br\/nit\/\",\"name\":\"Ag\u00eancia de Inova\u00e7\u00e3o UFRRJ\",\"description\":\"UFRRJ\",\"potentialAction\":[{\"@type\":\"SearchAction\",\"target\":{\"@type\":\"EntryPoint\",\"urlTemplate\":\"https:\/\/institucional.ufrrj.br\/nit\/?s={search_term_string}\"},\"query-input\":{\"@type\":\"PropertyValueSpecification\",\"valueRequired\":true,\"valueName\":\"search_term_string\"}}],\"inLanguage\":\"pt-BR\"}]}<\/script>\n<!-- \/ Yoast SEO plugin. -->","yoast_head_json":{"title":"BusInRio - Ag\u00eancia de Inova\u00e7\u00e3o da UFRRJ","robots":{"index":"index","follow":"follow","max-snippet":"max-snippet:-1","max-image-preview":"max-image-preview:large","max-video-preview":"max-video-preview:-1"},"canonical":"https:\/\/institucional.ufrrj.br\/nit\/businrio\/","og_locale":"pt_BR","og_type":"article","og_title":"BusInRio - Ag\u00eancia de Inova\u00e7\u00e3o da UFRRJ","og_description":"N\u00b0 DO PEDIDO BR 51 2015 001547 8 ATUA\u00c7\u00c3O O programa BusInRio \u00e9 uma ferramenta que tem como objetivo auxiliar ... leia mais","og_url":"https:\/\/institucional.ufrrj.br\/nit\/businrio\/","og_site_name":"Ag\u00eancia de Inova\u00e7\u00e3o da UFRRJ","article_modified_time":"2024-09-04T22:32:11+00:00","twitter_card":"summary_large_image","twitter_misc":{"Est. tempo de leitura":"2 minutos"},"schema":{"@context":"https:\/\/schema.org","@graph":[{"@type":"WebPage","@id":"https:\/\/institucional.ufrrj.br\/nit\/businrio\/","url":"https:\/\/institucional.ufrrj.br\/nit\/businrio\/","name":"BusInRio - Ag\u00eancia de Inova\u00e7\u00e3o da UFRRJ","isPartOf":{"@id":"https:\/\/institucional.ufrrj.br\/nit\/#website"},"datePublished":"2020-10-14T14:48:12+00:00","dateModified":"2024-09-04T22:32:11+00:00","breadcrumb":{"@id":"https:\/\/institucional.ufrrj.br\/nit\/businrio\/#breadcrumb"},"inLanguage":"pt-BR","potentialAction":[{"@type":"ReadAction","target":["https:\/\/institucional.ufrrj.br\/nit\/businrio\/"]}]},{"@type":"BreadcrumbList","@id":"https:\/\/institucional.ufrrj.br\/nit\/businrio\/#breadcrumb","itemListElement":[{"@type":"ListItem","position":1,"name":"In\u00edcio","item":"https:\/\/institucional.ufrrj.br\/nit\/"},{"@type":"ListItem","position":2,"name":"BusInRio"}]},{"@type":"WebSite","@id":"https:\/\/institucional.ufrrj.br\/nit\/#website","url":"https:\/\/institucional.ufrrj.br\/nit\/","name":"Ag\u00eancia de Inova\u00e7\u00e3o UFRRJ","description":"UFRRJ","potentialAction":[{"@type":"SearchAction","target":{"@type":"EntryPoint","urlTemplate":"https:\/\/institucional.ufrrj.br\/nit\/?s={search_term_string}"},"query-input":{"@type":"PropertyValueSpecification","valueRequired":true,"valueName":"search_term_string"}}],"inLanguage":"pt-BR"}]}},"acf":[],"_links":{"self":[{"href":"https:\/\/institucional.ufrrj.br\/nit\/wp-json\/wp\/v2\/pages\/1388","targetHints":{"allow":["GET"]}}],"collection":[{"href":"https:\/\/institucional.ufrrj.br\/nit\/wp-json\/wp\/v2\/pages"}],"about":[{"href":"https:\/\/institucional.ufrrj.br\/nit\/wp-json\/wp\/v2\/types\/page"}],"author":[{"embeddable":true,"href":"https:\/\/institucional.ufrrj.br\/nit\/wp-json\/wp\/v2\/users\/764"}],"replies":[{"embeddable":true,"href":"https:\/\/institucional.ufrrj.br\/nit\/wp-json\/wp\/v2\/comments?post=1388"}],"version-history":[{"count":12,"href":"https:\/\/institucional.ufrrj.br\/nit\/wp-json\/wp\/v2\/pages\/1388\/revisions"}],"predecessor-version":[{"id":3003,"href":"https:\/\/institucional.ufrrj.br\/nit\/wp-json\/wp\/v2\/pages\/1388\/revisions\/3003"}],"wp:attachment":[{"href":"https:\/\/institucional.ufrrj.br\/nit\/wp-json\/wp\/v2\/media?parent=1388"}],"curies":[{"name":"wp","href":"https:\/\/api.w.org\/{rel}","templated":true}]}}