{"id":1387,"date":"2024-01-22T15:06:40","date_gmt":"2024-01-22T15:06:40","guid":{"rendered":"http:\/\/institucional.ufrrj.br\/nit\/?page_id=1387"},"modified":"2025-03-24T11:46:46","modified_gmt":"2025-03-24T14:46:46","slug":"vitrine-tecnologica","status":"publish","type":"page","link":"https:\/\/institucional.ufrrj.br\/nit\/vitrine-tecnologica\/","title":{"rendered":"Vitrine Tecnol\u00f3gica"},"content":{"rendered":"\n<div class=\"wp-block-buttons eplus-wrapper is-content-justification-center is-layout-flex wp-container-core-buttons-is-layout-16018d1d wp-block-buttons-is-layout-flex\">\n<div class=\"is-style-outline wp-block-button eplus-wrapper is-style-outline--1\"><a class=\"wp-block-button__link wp-element-button\" href=\"https:\/\/institucional.ufrrj.br\/nit\/programas-de-computador\/\" style=\"border-radius:30px\"><img loading=\"lazy\" decoding=\"async\" width=\"476\" height=\"470\" class=\"wp-image-2777\" style=\"width: 100px\" src=\"https:\/\/institucional.ufrrj.br\/nit\/files\/2024\/07\/Programa-de-computador.png\" alt=\"\" srcset=\"https:\/\/institucional.ufrrj.br\/nit\/files\/2024\/07\/Programa-de-computador.png 476w, https:\/\/institucional.ufrrj.br\/nit\/files\/2024\/07\/Programa-de-computador-300x296.png 300w, https:\/\/institucional.ufrrj.br\/nit\/files\/2024\/07\/Programa-de-computador-75x75.png 75w, https:\/\/institucional.ufrrj.br\/nit\/files\/2024\/07\/Programa-de-computador-100x100.png 100w\" sizes=\"auto, (max-width: 476px) 100vw, 476px\" \/><\/a><\/div>\n\n\n\n<div class=\"is-style-outline  wp-block-button eplus-wrapper is-style-outline--2\"><a class=\"wp-block-button__link wp-element-button\" href=\"https:\/\/institucional.ufrrj.br\/nit\/patentes-2\/\" style=\"border-radius:30px\"><img loading=\"lazy\" decoding=\"async\" width=\"492\" height=\"463\" class=\"wp-image-2776\" style=\"width: 105px\" src=\"https:\/\/institucional.ufrrj.br\/nit\/files\/2024\/07\/Patente.png\" alt=\"\" srcset=\"https:\/\/institucional.ufrrj.br\/nit\/files\/2024\/07\/Patente.png 492w, https:\/\/institucional.ufrrj.br\/nit\/files\/2024\/07\/Patente-300x282.png 300w\" sizes=\"auto, (max-width: 492px) 100vw, 492px\" \/><\/a><\/div>\n<\/div>\n\n\n<p>As Tecnologias da UFRRJ, apresentadas na <strong>Vitrine Tecnol\u00f3gica<\/strong><em>,<\/em> constituem os <strong>ativos intang\u00edveis da Universidade<\/strong>, tais como softwares registrados e demais tecnologias pass\u00edveis de transfer\u00eancia.<\/p>\n<p><strong>Objetivos<\/strong><\/p>\n<p>\u2013 Favorecer a intera\u00e7\u00e3o da Universidade com a Sociedade<br \/>\u2013 Divulgar e valorizar tecnologias geradas pelos pesquisadores<\/p>\n<p>Importante destacar que a divulga\u00e7\u00e3o n\u00e3o envolve expor a tecnologia em si, seu funcionamento e demais detalhes t\u00e9cnicos. O enfoque consiste em apresentar o<strong>\u00a0problema que ela resolve, suas aplica\u00e7\u00f5es e seus resultados, numa linguagem basicamente comercial<\/strong><u>,<\/u>\u00a0para abrir canais de negocia\u00e7\u00e3o com empresas e demais institui\u00e7\u00f5es que possam se interessar em desenvolver ou absorver a tecnologia.<\/p>\n<p>Para visualizar o arquivo da Vitrine Tecnol\u00f3gica em PDF, clique aqui: <a href=\"https:\/\/institucional.ufrrj.br\/nit\/files\/2025\/02\/2024_Vitrine-Tecnolo\u0301gica-da-UFRRJ-v.pdf\">Vitrine Tecnolo\u0301gica da UFRRJ<\/a>.<\/p>\n\n\n<div data-wp-interactive=\"core\/file\" class=\" wp-block-file eplus-wrapper\"><object data-wp-bind--hidden=\"!state.hasPdfPreview\" hidden class=\"wp-block-file__embed\" data=\"https:\/\/institucional.ufrrj.br\/nit\/files\/2025\/02\/2024_Vitrine-Tecnolo\u0301gica-da-UFRRJ-v.pdf\" type=\"application\/pdf\" style=\"width:100%;height:1200px\" aria-label=\"Incorporado de Baixe aqui a Vitrine Tecnolo\u0301gica da UFRRJ.\"><\/object><a id=\"wp-block-file--media-5e473909-5b85-4b51-a11c-8105607f5545\" href=\"https:\/\/institucional.ufrrj.br\/nit\/files\/2025\/02\/2024_Vitrine-Tecnolo\u0301gica-da-UFRRJ-v.pdf\">Baixe aqui a Vitrine Tecnolo\u0301gica da UFRRJ<\/a><\/div>\n\n\n\n<p class=\" eplus-wrapper\"><\/p>\n","protected":false},"excerpt":{"rendered":"<p>As Tecnologias da UFRRJ, apresentadas na Vitrine Tecnol\u00f3gica, constituem os ativos intang\u00edveis da Universidade, tais como softwares registrados e demais <a class=\"read-more\" href=\"https:\/\/institucional.ufrrj.br\/nit\/vitrine-tecnologica\/ \" >&#8230; <span class=\"font-italic\">leia mais <i class=\"fas fa-angle-right\"><\/i><\/span><\/a><\/p>\n","protected":false},"author":764,"featured_media":0,"parent":0,"menu_order":0,"comment_status":"closed","ping_status":"closed","template":"","meta":{"_acf_changed":false,"footnotes":"","_links_to":"","_links_to_target":""},"class_list":["post-1387","page","type-page","status-publish","hentry"],"yoast_head":"<!-- This site is optimized with the Yoast SEO plugin v27.2 - https:\/\/yoast.com\/product\/yoast-seo-wordpress\/ -->\n<title>Vitrine Tecnol\u00f3gica - Ag\u00eancia de Inova\u00e7\u00e3o da UFRRJ<\/title>\n<meta name=\"robots\" content=\"index, follow, max-snippet:-1, max-image-preview:large, max-video-preview:-1\" \/>\n<link rel=\"canonical\" href=\"https:\/\/institucional.ufrrj.br\/nit\/vitrine-tecnologica\/\" \/>\n<meta property=\"og:locale\" content=\"pt_BR\" \/>\n<meta property=\"og:type\" content=\"article\" \/>\n<meta property=\"og:title\" content=\"Vitrine Tecnol\u00f3gica - Ag\u00eancia de Inova\u00e7\u00e3o da UFRRJ\" \/>\n<meta property=\"og:description\" content=\"As Tecnologias da UFRRJ, apresentadas na Vitrine Tecnol\u00f3gica, constituem os ativos intang\u00edveis da Universidade, tais como softwares registrados e demais ... leia mais\" \/>\n<meta property=\"og:url\" content=\"https:\/\/institucional.ufrrj.br\/nit\/vitrine-tecnologica\/\" \/>\n<meta property=\"og:site_name\" content=\"Ag\u00eancia de Inova\u00e7\u00e3o da UFRRJ\" \/>\n<meta property=\"article:modified_time\" content=\"2025-03-24T14:46:46+00:00\" \/>\n<meta property=\"og:image\" content=\"https:\/\/institucional.ufrrj.br\/nit\/files\/2024\/07\/Programa-de-computador.png\" \/>\n\t<meta property=\"og:image:width\" content=\"476\" \/>\n\t<meta property=\"og:image:height\" content=\"470\" \/>\n\t<meta property=\"og:image:type\" content=\"image\/png\" \/>\n<meta name=\"twitter:card\" content=\"summary_large_image\" \/>\n<meta name=\"twitter:label1\" content=\"Est. tempo de leitura\" \/>\n\t<meta name=\"twitter:data1\" content=\"2 minutos\" \/>\n<script type=\"application\/ld+json\" class=\"yoast-schema-graph\">{\"@context\":\"https:\/\/schema.org\",\"@graph\":[{\"@type\":\"WebPage\",\"@id\":\"https:\/\/institucional.ufrrj.br\/nit\/vitrine-tecnologica\/\",\"url\":\"https:\/\/institucional.ufrrj.br\/nit\/vitrine-tecnologica\/\",\"name\":\"Vitrine Tecnol\u00f3gica - Ag\u00eancia de Inova\u00e7\u00e3o da UFRRJ\",\"isPartOf\":{\"@id\":\"https:\/\/institucional.ufrrj.br\/nit\/#website\"},\"primaryImageOfPage\":{\"@id\":\"https:\/\/institucional.ufrrj.br\/nit\/vitrine-tecnologica\/#primaryimage\"},\"image\":{\"@id\":\"https:\/\/institucional.ufrrj.br\/nit\/vitrine-tecnologica\/#primaryimage\"},\"thumbnailUrl\":\"https:\/\/institucional.ufrrj.br\/nit\/files\/2024\/07\/Programa-de-computador.png\",\"datePublished\":\"2024-01-22T15:06:40+00:00\",\"dateModified\":\"2025-03-24T14:46:46+00:00\",\"breadcrumb\":{\"@id\":\"https:\/\/institucional.ufrrj.br\/nit\/vitrine-tecnologica\/#breadcrumb\"},\"inLanguage\":\"pt-BR\",\"potentialAction\":[{\"@type\":\"ReadAction\",\"target\":[\"https:\/\/institucional.ufrrj.br\/nit\/vitrine-tecnologica\/\"]}]},{\"@type\":\"ImageObject\",\"inLanguage\":\"pt-BR\",\"@id\":\"https:\/\/institucional.ufrrj.br\/nit\/vitrine-tecnologica\/#primaryimage\",\"url\":\"https:\/\/institucional.ufrrj.br\/nit\/files\/2024\/07\/Programa-de-computador.png\",\"contentUrl\":\"https:\/\/institucional.ufrrj.br\/nit\/files\/2024\/07\/Programa-de-computador.png\",\"width\":476,\"height\":470},{\"@type\":\"BreadcrumbList\",\"@id\":\"https:\/\/institucional.ufrrj.br\/nit\/vitrine-tecnologica\/#breadcrumb\",\"itemListElement\":[{\"@type\":\"ListItem\",\"position\":1,\"name\":\"In\u00edcio\",\"item\":\"https:\/\/institucional.ufrrj.br\/nit\/\"},{\"@type\":\"ListItem\",\"position\":2,\"name\":\"Vitrine Tecnol\u00f3gica\"}]},{\"@type\":\"WebSite\",\"@id\":\"https:\/\/institucional.ufrrj.br\/nit\/#website\",\"url\":\"https:\/\/institucional.ufrrj.br\/nit\/\",\"name\":\"Ag\u00eancia de Inova\u00e7\u00e3o UFRRJ\",\"description\":\"UFRRJ\",\"potentialAction\":[{\"@type\":\"SearchAction\",\"target\":{\"@type\":\"EntryPoint\",\"urlTemplate\":\"https:\/\/institucional.ufrrj.br\/nit\/?s={search_term_string}\"},\"query-input\":{\"@type\":\"PropertyValueSpecification\",\"valueRequired\":true,\"valueName\":\"search_term_string\"}}],\"inLanguage\":\"pt-BR\"}]}<\/script>\n<!-- \/ Yoast SEO plugin. -->","yoast_head_json":{"title":"Vitrine Tecnol\u00f3gica - Ag\u00eancia de Inova\u00e7\u00e3o da UFRRJ","robots":{"index":"index","follow":"follow","max-snippet":"max-snippet:-1","max-image-preview":"max-image-preview:large","max-video-preview":"max-video-preview:-1"},"canonical":"https:\/\/institucional.ufrrj.br\/nit\/vitrine-tecnologica\/","og_locale":"pt_BR","og_type":"article","og_title":"Vitrine Tecnol\u00f3gica - Ag\u00eancia de Inova\u00e7\u00e3o da UFRRJ","og_description":"As Tecnologias da UFRRJ, apresentadas na Vitrine Tecnol\u00f3gica, constituem os ativos intang\u00edveis da Universidade, tais como softwares registrados e demais ... leia mais","og_url":"https:\/\/institucional.ufrrj.br\/nit\/vitrine-tecnologica\/","og_site_name":"Ag\u00eancia de Inova\u00e7\u00e3o da UFRRJ","article_modified_time":"2025-03-24T14:46:46+00:00","og_image":[{"width":476,"height":470,"url":"https:\/\/institucional.ufrrj.br\/nit\/files\/2024\/07\/Programa-de-computador.png","type":"image\/png"}],"twitter_card":"summary_large_image","twitter_misc":{"Est. tempo de leitura":"2 minutos"},"schema":{"@context":"https:\/\/schema.org","@graph":[{"@type":"WebPage","@id":"https:\/\/institucional.ufrrj.br\/nit\/vitrine-tecnologica\/","url":"https:\/\/institucional.ufrrj.br\/nit\/vitrine-tecnologica\/","name":"Vitrine Tecnol\u00f3gica - Ag\u00eancia de Inova\u00e7\u00e3o da UFRRJ","isPartOf":{"@id":"https:\/\/institucional.ufrrj.br\/nit\/#website"},"primaryImageOfPage":{"@id":"https:\/\/institucional.ufrrj.br\/nit\/vitrine-tecnologica\/#primaryimage"},"image":{"@id":"https:\/\/institucional.ufrrj.br\/nit\/vitrine-tecnologica\/#primaryimage"},"thumbnailUrl":"https:\/\/institucional.ufrrj.br\/nit\/files\/2024\/07\/Programa-de-computador.png","datePublished":"2024-01-22T15:06:40+00:00","dateModified":"2025-03-24T14:46:46+00:00","breadcrumb":{"@id":"https:\/\/institucional.ufrrj.br\/nit\/vitrine-tecnologica\/#breadcrumb"},"inLanguage":"pt-BR","potentialAction":[{"@type":"ReadAction","target":["https:\/\/institucional.ufrrj.br\/nit\/vitrine-tecnologica\/"]}]},{"@type":"ImageObject","inLanguage":"pt-BR","@id":"https:\/\/institucional.ufrrj.br\/nit\/vitrine-tecnologica\/#primaryimage","url":"https:\/\/institucional.ufrrj.br\/nit\/files\/2024\/07\/Programa-de-computador.png","contentUrl":"https:\/\/institucional.ufrrj.br\/nit\/files\/2024\/07\/Programa-de-computador.png","width":476,"height":470},{"@type":"BreadcrumbList","@id":"https:\/\/institucional.ufrrj.br\/nit\/vitrine-tecnologica\/#breadcrumb","itemListElement":[{"@type":"ListItem","position":1,"name":"In\u00edcio","item":"https:\/\/institucional.ufrrj.br\/nit\/"},{"@type":"ListItem","position":2,"name":"Vitrine Tecnol\u00f3gica"}]},{"@type":"WebSite","@id":"https:\/\/institucional.ufrrj.br\/nit\/#website","url":"https:\/\/institucional.ufrrj.br\/nit\/","name":"Ag\u00eancia de Inova\u00e7\u00e3o UFRRJ","description":"UFRRJ","potentialAction":[{"@type":"SearchAction","target":{"@type":"EntryPoint","urlTemplate":"https:\/\/institucional.ufrrj.br\/nit\/?s={search_term_string}"},"query-input":{"@type":"PropertyValueSpecification","valueRequired":true,"valueName":"search_term_string"}}],"inLanguage":"pt-BR"}]}},"acf":[],"_links":{"self":[{"href":"https:\/\/institucional.ufrrj.br\/nit\/wp-json\/wp\/v2\/pages\/1387","targetHints":{"allow":["GET"]}}],"collection":[{"href":"https:\/\/institucional.ufrrj.br\/nit\/wp-json\/wp\/v2\/pages"}],"about":[{"href":"https:\/\/institucional.ufrrj.br\/nit\/wp-json\/wp\/v2\/types\/page"}],"author":[{"embeddable":true,"href":"https:\/\/institucional.ufrrj.br\/nit\/wp-json\/wp\/v2\/users\/764"}],"replies":[{"embeddable":true,"href":"https:\/\/institucional.ufrrj.br\/nit\/wp-json\/wp\/v2\/comments?post=1387"}],"version-history":[{"count":18,"href":"https:\/\/institucional.ufrrj.br\/nit\/wp-json\/wp\/v2\/pages\/1387\/revisions"}],"predecessor-version":[{"id":3501,"href":"https:\/\/institucional.ufrrj.br\/nit\/wp-json\/wp\/v2\/pages\/1387\/revisions\/3501"}],"wp:attachment":[{"href":"https:\/\/institucional.ufrrj.br\/nit\/wp-json\/wp\/v2\/media?parent=1387"}],"curies":[{"name":"wp","href":"https:\/\/api.w.org\/{rel}","templated":true}]}}