{"id":1161,"date":"2020-05-27T00:10:11","date_gmt":"2020-05-27T00:10:11","guid":{"rendered":"http:\/\/institucional.ufrrj.br\/nit\/?page_id=1161"},"modified":"2025-03-24T14:46:40","modified_gmt":"2025-03-24T17:46:40","slug":"leis","status":"publish","type":"page","link":"https:\/\/institucional.ufrrj.br\/nit\/leis\/","title":{"rendered":"Legisla\u00e7\u00e3o Federal"},"content":{"rendered":"\n<div style=\"height:44px\" aria-hidden=\"true\" class=\" wp-block-spacer eplus-wrapper\"><\/div>\n\n\n\n<div class=\"wp-block-columns eplus-wrapper is-layout-flex wp-container-core-columns-is-layout-9d6595d7 wp-block-columns-is-layout-flex\">\n<div class=\"wp-block-column eplus-wrapper is-layout-flow wp-block-column-is-layout-flow\" style=\"flex-basis:100%\">\n<div class=\"wp-block-group eplus-wrapper\"><div class=\"wp-block-group__inner-container is-layout-constrained wp-block-group-is-layout-constrained\">\n<p><a href=\"https:\/\/institucional.ufrrj.br\/nit\/files\/2021\/05\/PORTARIA-CNPq-N\u00ba-502-DE-12-DE-MAIO-DE-2021-PORTARIA-CNPq-N\u00ba-502-DE-12-DE-MAIO-DE-2021-DOU-Imprensa-Nacional-pdf.pdf\"><strong>PORTARIA do CONSELHO NACIONAL DE DESENVOLVIMENTO CIENT\u00cdFICO E TECNOL\u00d3GICO &#8211; CNPq\u00a0 N\u00ba 502, DE 12 DE MAIO DE 2021<\/strong><\/a><\/p>\n<p>Define as regras do Direito de Propriedade Intelectual que se aplicam \u00e0s rela\u00e7\u00f5es entre o Conselho Nacional de Desenvolvimento Cientifico e Tecnol\u00f3gico &#8211; CNPq e as institui\u00e7\u00f5es executoras de projetos, bolsistas e pesquisadores beneficiados pelos instrumentos de fomento deste Conselho, bem como demais parceiros que abrigarem os benefici\u00e1rios dos instrumentos de fomento.<\/p>\n<p><a href=\"http:\/\/www.planalto.gov.br\/ccivil_03\/_Ato2015-2018\/2018\/Decreto\/D9283.htm\"><strong>Decreto n\u00ba 9.283\/2018<\/strong> <\/a><\/p>\n<p>Regulamenta a Lei de Inova\u00e7\u00e3o<\/p>\n<p><a href=\"http:\/\/www.planalto.gov.br\/ccivil_03\/_ato2015-2018\/2016\/lei\/L13267.htm\"><strong>Lei n\u00ba 13.267\/2016<\/strong> <\/a><\/p>\n<p>Disciplina a cria\u00e7\u00e3o e a organiza\u00e7\u00e3o das associa\u00e7\u00f5es denominadas empresas juniores, com funcionamento perante institui\u00e7\u00f5es de ensino superior<\/p>\n<p><a href=\"http:\/\/www.planalto.gov.br\/ccivil_03\/_ato2015-2018\/2016\/lei\/l13243.htm\"><strong>Lei N\u00ba 13.243, de 11 de janeiro de 2016<\/strong><\/a><\/p>\n<p>Disp\u00f5e sobre est\u00edmulos ao desenvolvimento cient\u00edfico, \u00e0 pesquisa, \u00e0 capacita\u00e7\u00e3o cient\u00edfica e tecnol\u00f3gica e \u00e0 inova\u00e7\u00e3o e altera a Lei n\u00ba 10.973, de 2 de dezembro de 2004, a Lei n\u00ba 6.815, de 19 de agosto de 1980, a Lei n\u00ba 8.666, de 21 de junho de 1993, a Lei n\u00ba 12.462, de 4 de agosto de 2011, a Lei n\u00ba 8.745, de 9 de dezembro de 1993, a Lei n\u00ba 8.958, de 20 de dezembro de 1994, a Lei n\u00ba 8.010, de 29 de mar\u00e7o de 1990, a Lei n\u00ba 8.032, de 12 de abril de 1990, e a Lei n\u00ba 12.772, de 28 de dezembro de 2012, nos termos da Emenda Constitucional n\u00ba 85, de 26 de fevereiro de 2015.<\/p>\n<p><strong style=\"font-size: revert;color: initial\">\u00a0<a href=\"http:\/\/www.planalto.gov.br\/ccivil_03\/_Ato2015-2018\/2015\/Lei\/L13123.htm\">Lei n\u00ba 13.123\/2015<\/a><\/strong><\/p>\n<p><span style=\"font-size: revert;color: initial\">Acesso ao patrim\u00f4nio gen\u00e9tico, prote\u00e7\u00e3o e acesso ao conhecimento tradicional associado e reparti\u00e7\u00e3o de benef\u00edcios para conserva\u00e7\u00e3o e uso sustent\u00e1vel da biodiversidade.<\/span><\/p>\n<p><a href=\"https:\/\/institucional.ufrrj.br\/nit\/files\/2021\/01\/decreto-n\u00ba-7423-regulamenta-a-lei-8958-1994.pdf\"><strong>DECRETO N\u00ba 7.423, DE 31 DE DEZEMBRO DE 2010<\/strong><\/a><\/p>\n<p>Regulamenta a Lei no 8.958, de 20 de dezembro de 1994, que disp\u00f5e sobre as rela\u00e7\u00f5es entre as institui\u00e7\u00f5es federais de ensino superior e de pesquisa cient\u00edfica e tecnol\u00f3gica e as funda\u00e7\u00f5es de apoio, e revoga o Decreto no 5.205, de 14<br \/>de setembro de 2004.<\/p>\n<p><a href=\"http:\/\/www.planalto.gov.br\/ccivil_03\/_ato2004-2006\/2005\/lei\/l11196.htm\"><strong>Lei n\u00ba 11196\/2005<\/strong><\/a><\/p>\n<p>Lei do Bem: consolida os incentivos fiscais para fins de atividades de pesquisa tecnol\u00f3gica e desenvolvimento de inova\u00e7\u00e3o tecnol\u00f3gica<\/p>\n<p><a href=\"http:\/\/www.planalto.gov.br\/CCIVIL_03\/_Ato2004-2006\/2004\/Lei\/L10.973.htm#view\"><strong>Lei n\u00ba 10.973\/2004<\/strong><\/a><\/p>\n<p>Lei de Inova\u00e7\u00e3o: incentivos \u00e0 inova\u00e7\u00e3o e \u00e0 pesquisa cient\u00edfica e tecnol\u00f3gica no ambiente produtivo<\/p>\n<p><a href=\"http:\/\/www.planalto.gov.br\/ccivil_03\/leis\/l9609.htm\"><strong>Lei n\u00ba 9.609\/1998<\/strong><\/a><\/p>\n<p>Prote\u00e7\u00e3o da propriedade intelectual de programa de computador e sua comercializa\u00e7\u00e3o no Pa\u00eds<\/p>\n<p><a href=\"http:\/\/www.planalto.gov.br\/Ccivil_03\/leis\/L9610.htm\"><strong>Lei n\u00ba 9.610\/1998<\/strong><\/a><\/p>\n<p>Legisla\u00e7\u00e3o sobre direitos autorais<\/p>\n<p><a href=\"http:\/\/www.planalto.gov.br\/ccivil_03\/LEIS\/L9456.htm\"><strong>Lei n\u00ba 9.456\/1997<\/strong><\/a><\/p>\n<p>Lei de prote\u00e7\u00e3o de cultivares<\/p>\n<p><a href=\"http:\/\/www.planalto.gov.br\/ccivil_03\/Leis\/L9279.htm\"><strong>Lei n\u00ba 9.279\/1996<\/strong><\/a><\/p>\n<p>Direitos e obriga\u00e7\u00f5es relativos \u00e0 propriedade industrial<\/p>\n<p><a href=\"https:\/\/institucional.ufrrj.br\/nit\/files\/2021\/01\/Lei-8958-1994-disciplina-a-rela\u00e7\u00e3o-IES-FAP.pdf\"><strong>Lei n\u00ba 8.958\/1994<\/strong><\/a><\/p>\n<p>Disp\u00f5e sobre as rela\u00e7\u00f5es entre as institui\u00e7\u00f5es federais de ensino superior e de pesquisa cient\u00edfica e tecnol\u00f3gica e as funda\u00e7\u00f5es de apoio e d\u00e1 outras provid\u00eancias.<\/p>\n<\/div><\/div>\n<\/div>\n<\/div>\n","protected":false},"excerpt":{"rendered":"<p>PORTARIA do CONSELHO NACIONAL DE DESENVOLVIMENTO CIENT\u00cdFICO E TECNOL\u00d3GICO &#8211; CNPq\u00a0 N\u00ba 502, DE 12 DE MAIO DE 2021 Define <a class=\"read-more\" href=\"https:\/\/institucional.ufrrj.br\/nit\/leis\/ \" >&#8230; <span class=\"font-italic\">leia mais <i class=\"fas fa-angle-right\"><\/i><\/span><\/a><\/p>\n","protected":false},"author":765,"featured_media":0,"parent":0,"menu_order":0,"comment_status":"closed","ping_status":"closed","template":"","meta":{"_acf_changed":false,"footnotes":"","_links_to":"","_links_to_target":""},"class_list":["post-1161","page","type-page","status-publish","hentry"],"yoast_head":"<!-- This site is optimized with the Yoast SEO plugin v27.2 - https:\/\/yoast.com\/product\/yoast-seo-wordpress\/ -->\n<title>Legisla\u00e7\u00e3o Federal - Ag\u00eancia de Inova\u00e7\u00e3o da UFRRJ<\/title>\n<meta name=\"robots\" content=\"index, follow, max-snippet:-1, max-image-preview:large, max-video-preview:-1\" \/>\n<link rel=\"canonical\" href=\"https:\/\/institucional.ufrrj.br\/nit\/leis\/\" \/>\n<meta property=\"og:locale\" content=\"pt_BR\" \/>\n<meta property=\"og:type\" content=\"article\" \/>\n<meta property=\"og:title\" content=\"Legisla\u00e7\u00e3o Federal - Ag\u00eancia de Inova\u00e7\u00e3o da UFRRJ\" \/>\n<meta property=\"og:description\" content=\"PORTARIA do CONSELHO NACIONAL DE DESENVOLVIMENTO CIENT\u00cdFICO E TECNOL\u00d3GICO &#8211; CNPq\u00a0 N\u00ba 502, DE 12 DE MAIO DE 2021 Define ... leia mais\" \/>\n<meta property=\"og:url\" content=\"https:\/\/institucional.ufrrj.br\/nit\/leis\/\" \/>\n<meta property=\"og:site_name\" content=\"Ag\u00eancia de Inova\u00e7\u00e3o da UFRRJ\" \/>\n<meta property=\"article:modified_time\" content=\"2025-03-24T17:46:40+00:00\" \/>\n<meta name=\"twitter:card\" content=\"summary_large_image\" \/>\n<meta name=\"twitter:label1\" content=\"Est. tempo de leitura\" \/>\n\t<meta name=\"twitter:data1\" content=\"3 minutos\" \/>\n<script type=\"application\/ld+json\" class=\"yoast-schema-graph\">{\"@context\":\"https:\/\/schema.org\",\"@graph\":[{\"@type\":\"WebPage\",\"@id\":\"https:\/\/institucional.ufrrj.br\/nit\/leis\/\",\"url\":\"https:\/\/institucional.ufrrj.br\/nit\/leis\/\",\"name\":\"Legisla\u00e7\u00e3o Federal - Ag\u00eancia de Inova\u00e7\u00e3o da UFRRJ\",\"isPartOf\":{\"@id\":\"https:\/\/institucional.ufrrj.br\/nit\/#website\"},\"datePublished\":\"2020-05-27T00:10:11+00:00\",\"dateModified\":\"2025-03-24T17:46:40+00:00\",\"breadcrumb\":{\"@id\":\"https:\/\/institucional.ufrrj.br\/nit\/leis\/#breadcrumb\"},\"inLanguage\":\"pt-BR\",\"potentialAction\":[{\"@type\":\"ReadAction\",\"target\":[\"https:\/\/institucional.ufrrj.br\/nit\/leis\/\"]}]},{\"@type\":\"BreadcrumbList\",\"@id\":\"https:\/\/institucional.ufrrj.br\/nit\/leis\/#breadcrumb\",\"itemListElement\":[{\"@type\":\"ListItem\",\"position\":1,\"name\":\"In\u00edcio\",\"item\":\"https:\/\/institucional.ufrrj.br\/nit\/\"},{\"@type\":\"ListItem\",\"position\":2,\"name\":\"Legisla\u00e7\u00e3o Federal\"}]},{\"@type\":\"WebSite\",\"@id\":\"https:\/\/institucional.ufrrj.br\/nit\/#website\",\"url\":\"https:\/\/institucional.ufrrj.br\/nit\/\",\"name\":\"Ag\u00eancia de Inova\u00e7\u00e3o UFRRJ\",\"description\":\"UFRRJ\",\"potentialAction\":[{\"@type\":\"SearchAction\",\"target\":{\"@type\":\"EntryPoint\",\"urlTemplate\":\"https:\/\/institucional.ufrrj.br\/nit\/?s={search_term_string}\"},\"query-input\":{\"@type\":\"PropertyValueSpecification\",\"valueRequired\":true,\"valueName\":\"search_term_string\"}}],\"inLanguage\":\"pt-BR\"}]}<\/script>\n<!-- \/ Yoast SEO plugin. -->","yoast_head_json":{"title":"Legisla\u00e7\u00e3o Federal - Ag\u00eancia de Inova\u00e7\u00e3o da UFRRJ","robots":{"index":"index","follow":"follow","max-snippet":"max-snippet:-1","max-image-preview":"max-image-preview:large","max-video-preview":"max-video-preview:-1"},"canonical":"https:\/\/institucional.ufrrj.br\/nit\/leis\/","og_locale":"pt_BR","og_type":"article","og_title":"Legisla\u00e7\u00e3o Federal - Ag\u00eancia de Inova\u00e7\u00e3o da UFRRJ","og_description":"PORTARIA do CONSELHO NACIONAL DE DESENVOLVIMENTO CIENT\u00cdFICO E TECNOL\u00d3GICO &#8211; CNPq\u00a0 N\u00ba 502, DE 12 DE MAIO DE 2021 Define ... leia mais","og_url":"https:\/\/institucional.ufrrj.br\/nit\/leis\/","og_site_name":"Ag\u00eancia de Inova\u00e7\u00e3o da UFRRJ","article_modified_time":"2025-03-24T17:46:40+00:00","twitter_card":"summary_large_image","twitter_misc":{"Est. tempo de leitura":"3 minutos"},"schema":{"@context":"https:\/\/schema.org","@graph":[{"@type":"WebPage","@id":"https:\/\/institucional.ufrrj.br\/nit\/leis\/","url":"https:\/\/institucional.ufrrj.br\/nit\/leis\/","name":"Legisla\u00e7\u00e3o Federal - Ag\u00eancia de Inova\u00e7\u00e3o da UFRRJ","isPartOf":{"@id":"https:\/\/institucional.ufrrj.br\/nit\/#website"},"datePublished":"2020-05-27T00:10:11+00:00","dateModified":"2025-03-24T17:46:40+00:00","breadcrumb":{"@id":"https:\/\/institucional.ufrrj.br\/nit\/leis\/#breadcrumb"},"inLanguage":"pt-BR","potentialAction":[{"@type":"ReadAction","target":["https:\/\/institucional.ufrrj.br\/nit\/leis\/"]}]},{"@type":"BreadcrumbList","@id":"https:\/\/institucional.ufrrj.br\/nit\/leis\/#breadcrumb","itemListElement":[{"@type":"ListItem","position":1,"name":"In\u00edcio","item":"https:\/\/institucional.ufrrj.br\/nit\/"},{"@type":"ListItem","position":2,"name":"Legisla\u00e7\u00e3o Federal"}]},{"@type":"WebSite","@id":"https:\/\/institucional.ufrrj.br\/nit\/#website","url":"https:\/\/institucional.ufrrj.br\/nit\/","name":"Ag\u00eancia de Inova\u00e7\u00e3o UFRRJ","description":"UFRRJ","potentialAction":[{"@type":"SearchAction","target":{"@type":"EntryPoint","urlTemplate":"https:\/\/institucional.ufrrj.br\/nit\/?s={search_term_string}"},"query-input":{"@type":"PropertyValueSpecification","valueRequired":true,"valueName":"search_term_string"}}],"inLanguage":"pt-BR"}]}},"acf":[],"_links":{"self":[{"href":"https:\/\/institucional.ufrrj.br\/nit\/wp-json\/wp\/v2\/pages\/1161","targetHints":{"allow":["GET"]}}],"collection":[{"href":"https:\/\/institucional.ufrrj.br\/nit\/wp-json\/wp\/v2\/pages"}],"about":[{"href":"https:\/\/institucional.ufrrj.br\/nit\/wp-json\/wp\/v2\/types\/page"}],"author":[{"embeddable":true,"href":"https:\/\/institucional.ufrrj.br\/nit\/wp-json\/wp\/v2\/users\/765"}],"replies":[{"embeddable":true,"href":"https:\/\/institucional.ufrrj.br\/nit\/wp-json\/wp\/v2\/comments?post=1161"}],"version-history":[{"count":20,"href":"https:\/\/institucional.ufrrj.br\/nit\/wp-json\/wp\/v2\/pages\/1161\/revisions"}],"predecessor-version":[{"id":3517,"href":"https:\/\/institucional.ufrrj.br\/nit\/wp-json\/wp\/v2\/pages\/1161\/revisions\/3517"}],"wp:attachment":[{"href":"https:\/\/institucional.ufrrj.br\/nit\/wp-json\/wp\/v2\/media?parent=1161"}],"curies":[{"name":"wp","href":"https:\/\/api.w.org\/{rel}","templated":true}]}}