{"id":1151,"date":"2020-05-26T23:52:19","date_gmt":"2020-05-26T23:52:19","guid":{"rendered":"http:\/\/institucional.ufrrj.br\/nit\/?page_id=1151"},"modified":"2024-12-05T15:26:33","modified_gmt":"2024-12-05T18:26:33","slug":"videos-2","status":"publish","type":"page","link":"https:\/\/institucional.ufrrj.br\/nit\/videos-2\/","title":{"rendered":"V\u00eddeos"},"content":{"rendered":"\n<p class=\" eplus-wrapper\"><strong>Palestra &#8220;A H\u00e9lice Tr\u00edplice, os habitats de inova\u00e7\u00e3o e a promo\u00e7\u00e3o de neg\u00f3cios inovadores a partir da Academia&#8221;.<\/strong><\/p>\n\n\n\n<figure class=\" wp-block-embed is-type-video is-provider-youtube wp-block-embed-youtube eplus-wrapper\"><div class=\"wp-block-embed__wrapper\">\n<iframe loading=\"lazy\" title=\"A H\u00e9lice Tr\u00edplice, os habitats de inova\u00e7\u00e3o e a promo\u00e7\u00e3o de neg\u00f3cios inovadores a partir da academia.\" width=\"500\" height=\"281\" src=\"https:\/\/www.youtube.com\/embed\/sFVRBoUWCnU?feature=oembed\" frameborder=\"0\" allow=\"accelerometer; autoplay; clipboard-write; encrypted-media; gyroscope; picture-in-picture; web-share\" referrerpolicy=\"strict-origin-when-cross-origin\" allowfullscreen><\/iframe>\n<\/div><\/figure>\n\n\n\n<p class=\" eplus-wrapper\">Palestra do Prof. Marcelo Gon\u00e7alves do Amaral do Programa de P\u00f3s-Gradua\u00e7\u00e3o em Administra\u00e7\u00e3o da Universidade Federal Fluminense (PGA\/UFF) proferida em 01\/dez\/2020 para alunos do curso de Mestrado Profissional em Propriedade Intelectual e Transfer\u00eancia de Tecnologia (PROFNIT).<\/p>\n\n\n\n<p class=\" eplus-wrapper\"><strong>\u21d2Palestra &#8220;O Papel da Universidade no Desenvolvimento e Produ\u00e7\u00e3o da Propriedade Intelectual&#8221;<\/strong><\/p>\n\n\n\n<p class=\" eplus-wrapper\"><a href=\"https:\/\/youtu.be\/uz89YvaPom0?list=PLzMyjnC5dei8TPl7vHch2AHDqPvfKeAeG\">Assista aqui a palestra O Papel da Universidade no Desenvolvimento e Produ\u00e7\u00e3o da Propriedade Intelectual<\/a><\/p>\n\n\n\n<p class=\" eplus-wrapper\">Palestrante: Prof.\u00aaCristina Quintella &#8211; UFBA Mediadores: Eduardo Meireles \/ Jo\u00e3o Paulo L. Oliveira &#8211; UEMG\/Frutal 19\/06\/2020, 19h<\/p>\n\n\n\n<p class=\" eplus-wrapper\">\u21d2<strong>Palestra&nbsp; &#8220;A Atua\u00e7\u00e3o Docente e o novo Marco Legal da Ci\u00eancia, Tecnologia e Inova\u00e7\u00e3o&#8221;<\/strong><\/p>\n\n\n\n<figure class=\" wp-block-embed is-type-video is-provider-youtube wp-block-embed-youtube eplus-wrapper\"><div class=\"wp-block-embed__wrapper\">\n<iframe loading=\"lazy\" title=\"Palestra - A atua\u00e7\u00e3o docente e o novo marco legal da ci\u00eancia, tecnologia e inova\u00e7\u00e3o\" width=\"500\" height=\"281\" src=\"https:\/\/www.youtube.com\/embed\/xZNsVb4K5f0?feature=oembed\" frameborder=\"0\" allow=\"accelerometer; autoplay; clipboard-write; encrypted-media; gyroscope; picture-in-picture; web-share\" referrerpolicy=\"strict-origin-when-cross-origin\" allowfullscreen><\/iframe>\n<\/div><\/figure>\n\n\n\n<p class=\" eplus-wrapper\">O Procurador Federal junto ao Instituto Federal Norte de Minas Gerais\/ IFNMG, Gilvan Nogueira Carvalho, e a Procuradora-chefe adjunta junto \u00e0 UFMG, Ludmila Meira Maia Dias, apresentam os principais pontos da Lei n\u00ba 13.243\/2016, que disp\u00f5e sobre est\u00edmulos ao desenvolvimento cient\u00edfico, \u00e0 pesquisa, \u00e0 capacita\u00e7\u00e3o cient\u00edfica e tecnol\u00f3gica e \u00e0 inova\u00e7\u00e3o, e os seus reflexos na atividade docente, sobretudo em projetos de pesquisa em parceria com a iniciativa privada.<\/p>\n\n\n\n<h4 class=\" wp-block-heading eplus-wrapper\">\u21d2NITT Talks: A import\u00e2ncia do Marco Legal da Ci\u00eancia, Tecnologia e Inova\u00e7\u00e3o para as universidades<\/h4>\n\n\n\n<p class=\" eplus-wrapper\">O NITT\/UFCG (N\u00facleo de Inova\u00e7\u00e3o Tecnol\u00f3gica da Universidade Federal de Campina Grande) em parceria com o FORTEC-Associa\u00e7\u00e3o F\u00f3rum Nacional de Gestores de Inova\u00e7\u00e3o e Transfer\u00eancia de Tecnologia promoveu um Talk Show que &nbsp;contou com a participa\u00e7\u00e3o de Gesil Sampaio Amarante Segundo e Juliana Corr\u00eaa Crepalde Medeiros, Presidente e Diretora T\u00e9cnica do FORTEC.<\/p>\n\n\n\n<p class=\" eplus-wrapper\"><a href=\"https:\/\/www.youtube.com\/watch?v=1wikCmeWdrc\">https:\/\/www.youtube.com\/watch?v=1wikCmeWdrc<\/a><\/p>\n\n\n\n\n\n\n\n<p class=\" eplus-wrapper\"><strong>\u21d2CURSO DE PROPRIEDADE INDUSTRIAL \u2013 M\u00d3DULO I: AULA 01 \u2013 No\u00e7\u00f5es hist\u00f3ricas da Propriedade Industrial<\/strong><\/p>\n\n\n\n\n\n\n\n<p class=\" eplus-wrapper\"><strong>\u21d2A Import\u00e2ncia da Prote\u00e7\u00e3o da Propriedade Industrial<\/strong><\/p>\n\n\n\n<figure class=\" wp-block-embed is-type-video is-provider-youtube wp-block-embed-youtube eplus-wrapper\"><div class=\"wp-block-embed__wrapper\">\n<iframe loading=\"lazy\" title=\"A IMPORT\u00c2NCIA DA PROTE\u00c7\u00c3O DA PROPRIEDADE INDUSTRIAL\" width=\"500\" height=\"281\" src=\"https:\/\/www.youtube.com\/embed\/1Y2I36QnuyU?feature=oembed\" frameborder=\"0\" allow=\"accelerometer; autoplay; clipboard-write; encrypted-media; gyroscope; picture-in-picture; web-share\" referrerpolicy=\"strict-origin-when-cross-origin\" allowfullscreen><\/iframe>\n<\/div><\/figure>\n\n\n\n<p class=\" eplus-wrapper\"><strong>\u21d2O dilema da inova\u00e7\u00e3o (parte 1\/2)<\/strong><\/p>\n\n\n\n<figure class=\" wp-block-embed is-type-video is-provider-youtube wp-block-embed-youtube eplus-wrapper\"><div class=\"wp-block-embed__wrapper\">\n<iframe loading=\"lazy\" title=\"O dilema da inova\u00e7\u00e3o (parte 1\/2)\" width=\"500\" height=\"281\" src=\"https:\/\/www.youtube.com\/embed\/bio70ioUWk4?feature=oembed\" frameborder=\"0\" allow=\"accelerometer; autoplay; clipboard-write; encrypted-media; gyroscope; picture-in-picture; web-share\" referrerpolicy=\"strict-origin-when-cross-origin\" allowfullscreen><\/iframe>\n<\/div><\/figure>\n\n\n\n<p class=\" eplus-wrapper\"><strong>\u21d2O dilema da inova\u00e7\u00e3o (parte 2\/2)<\/strong><\/p>\n\n\n\n\n","protected":false},"excerpt":{"rendered":"<p>Palestra &#8220;A H\u00e9lice Tr\u00edplice, os habitats de inova\u00e7\u00e3o e a promo\u00e7\u00e3o de neg\u00f3cios inovadores a partir da Academia&#8221;. Palestra do <a class=\"read-more\" href=\"https:\/\/institucional.ufrrj.br\/nit\/videos-2\/ \" >&#8230; <span class=\"font-italic\">leia mais <i class=\"fas fa-angle-right\"><\/i><\/span><\/a><\/p>\n","protected":false},"author":765,"featured_media":0,"parent":0,"menu_order":0,"comment_status":"closed","ping_status":"closed","template":"","meta":{"_acf_changed":false,"footnotes":"","_links_to":"","_links_to_target":""},"class_list":["post-1151","page","type-page","status-publish","hentry"],"yoast_head":"<!-- This site is optimized with the Yoast SEO plugin v27.2 - https:\/\/yoast.com\/product\/yoast-seo-wordpress\/ -->\n<title>V\u00eddeos - Ag\u00eancia de Inova\u00e7\u00e3o da UFRRJ<\/title>\n<meta name=\"robots\" content=\"index, follow, max-snippet:-1, max-image-preview:large, max-video-preview:-1\" \/>\n<link rel=\"canonical\" href=\"https:\/\/institucional.ufrrj.br\/nit\/videos-2\/\" \/>\n<meta property=\"og:locale\" content=\"pt_BR\" \/>\n<meta property=\"og:type\" content=\"article\" \/>\n<meta property=\"og:title\" content=\"V\u00eddeos - Ag\u00eancia de Inova\u00e7\u00e3o da UFRRJ\" \/>\n<meta property=\"og:description\" content=\"Palestra &#8220;A H\u00e9lice Tr\u00edplice, os habitats de inova\u00e7\u00e3o e a promo\u00e7\u00e3o de neg\u00f3cios inovadores a partir da Academia&#8221;. Palestra do ... leia mais\" \/>\n<meta property=\"og:url\" content=\"https:\/\/institucional.ufrrj.br\/nit\/videos-2\/\" \/>\n<meta property=\"og:site_name\" content=\"Ag\u00eancia de Inova\u00e7\u00e3o da UFRRJ\" \/>\n<meta property=\"article:modified_time\" content=\"2024-12-05T18:26:33+00:00\" \/>\n<meta name=\"twitter:card\" content=\"summary_large_image\" \/>\n<meta name=\"twitter:label1\" content=\"Est. tempo de leitura\" \/>\n\t<meta name=\"twitter:data1\" content=\"2 minutos\" \/>\n<script type=\"application\/ld+json\" class=\"yoast-schema-graph\">{\"@context\":\"https:\/\/schema.org\",\"@graph\":[{\"@type\":\"WebPage\",\"@id\":\"https:\/\/institucional.ufrrj.br\/nit\/videos-2\/\",\"url\":\"https:\/\/institucional.ufrrj.br\/nit\/videos-2\/\",\"name\":\"V\u00eddeos - Ag\u00eancia de Inova\u00e7\u00e3o da UFRRJ\",\"isPartOf\":{\"@id\":\"https:\/\/institucional.ufrrj.br\/nit\/#website\"},\"datePublished\":\"2020-05-26T23:52:19+00:00\",\"dateModified\":\"2024-12-05T18:26:33+00:00\",\"breadcrumb\":{\"@id\":\"https:\/\/institucional.ufrrj.br\/nit\/videos-2\/#breadcrumb\"},\"inLanguage\":\"pt-BR\",\"potentialAction\":[{\"@type\":\"ReadAction\",\"target\":[\"https:\/\/institucional.ufrrj.br\/nit\/videos-2\/\"]}]},{\"@type\":\"BreadcrumbList\",\"@id\":\"https:\/\/institucional.ufrrj.br\/nit\/videos-2\/#breadcrumb\",\"itemListElement\":[{\"@type\":\"ListItem\",\"position\":1,\"name\":\"In\u00edcio\",\"item\":\"https:\/\/institucional.ufrrj.br\/nit\/\"},{\"@type\":\"ListItem\",\"position\":2,\"name\":\"V\u00eddeos\"}]},{\"@type\":\"WebSite\",\"@id\":\"https:\/\/institucional.ufrrj.br\/nit\/#website\",\"url\":\"https:\/\/institucional.ufrrj.br\/nit\/\",\"name\":\"Ag\u00eancia de Inova\u00e7\u00e3o UFRRJ\",\"description\":\"UFRRJ\",\"potentialAction\":[{\"@type\":\"SearchAction\",\"target\":{\"@type\":\"EntryPoint\",\"urlTemplate\":\"https:\/\/institucional.ufrrj.br\/nit\/?s={search_term_string}\"},\"query-input\":{\"@type\":\"PropertyValueSpecification\",\"valueRequired\":true,\"valueName\":\"search_term_string\"}}],\"inLanguage\":\"pt-BR\"}]}<\/script>\n<!-- \/ Yoast SEO plugin. -->","yoast_head_json":{"title":"V\u00eddeos - Ag\u00eancia de Inova\u00e7\u00e3o da UFRRJ","robots":{"index":"index","follow":"follow","max-snippet":"max-snippet:-1","max-image-preview":"max-image-preview:large","max-video-preview":"max-video-preview:-1"},"canonical":"https:\/\/institucional.ufrrj.br\/nit\/videos-2\/","og_locale":"pt_BR","og_type":"article","og_title":"V\u00eddeos - Ag\u00eancia de Inova\u00e7\u00e3o da UFRRJ","og_description":"Palestra &#8220;A H\u00e9lice Tr\u00edplice, os habitats de inova\u00e7\u00e3o e a promo\u00e7\u00e3o de neg\u00f3cios inovadores a partir da Academia&#8221;. Palestra do ... leia mais","og_url":"https:\/\/institucional.ufrrj.br\/nit\/videos-2\/","og_site_name":"Ag\u00eancia de Inova\u00e7\u00e3o da UFRRJ","article_modified_time":"2024-12-05T18:26:33+00:00","twitter_card":"summary_large_image","twitter_misc":{"Est. tempo de leitura":"2 minutos"},"schema":{"@context":"https:\/\/schema.org","@graph":[{"@type":"WebPage","@id":"https:\/\/institucional.ufrrj.br\/nit\/videos-2\/","url":"https:\/\/institucional.ufrrj.br\/nit\/videos-2\/","name":"V\u00eddeos - Ag\u00eancia de Inova\u00e7\u00e3o da UFRRJ","isPartOf":{"@id":"https:\/\/institucional.ufrrj.br\/nit\/#website"},"datePublished":"2020-05-26T23:52:19+00:00","dateModified":"2024-12-05T18:26:33+00:00","breadcrumb":{"@id":"https:\/\/institucional.ufrrj.br\/nit\/videos-2\/#breadcrumb"},"inLanguage":"pt-BR","potentialAction":[{"@type":"ReadAction","target":["https:\/\/institucional.ufrrj.br\/nit\/videos-2\/"]}]},{"@type":"BreadcrumbList","@id":"https:\/\/institucional.ufrrj.br\/nit\/videos-2\/#breadcrumb","itemListElement":[{"@type":"ListItem","position":1,"name":"In\u00edcio","item":"https:\/\/institucional.ufrrj.br\/nit\/"},{"@type":"ListItem","position":2,"name":"V\u00eddeos"}]},{"@type":"WebSite","@id":"https:\/\/institucional.ufrrj.br\/nit\/#website","url":"https:\/\/institucional.ufrrj.br\/nit\/","name":"Ag\u00eancia de Inova\u00e7\u00e3o UFRRJ","description":"UFRRJ","potentialAction":[{"@type":"SearchAction","target":{"@type":"EntryPoint","urlTemplate":"https:\/\/institucional.ufrrj.br\/nit\/?s={search_term_string}"},"query-input":{"@type":"PropertyValueSpecification","valueRequired":true,"valueName":"search_term_string"}}],"inLanguage":"pt-BR"}]}},"acf":[],"_links":{"self":[{"href":"https:\/\/institucional.ufrrj.br\/nit\/wp-json\/wp\/v2\/pages\/1151","targetHints":{"allow":["GET"]}}],"collection":[{"href":"https:\/\/institucional.ufrrj.br\/nit\/wp-json\/wp\/v2\/pages"}],"about":[{"href":"https:\/\/institucional.ufrrj.br\/nit\/wp-json\/wp\/v2\/types\/page"}],"author":[{"embeddable":true,"href":"https:\/\/institucional.ufrrj.br\/nit\/wp-json\/wp\/v2\/users\/765"}],"replies":[{"embeddable":true,"href":"https:\/\/institucional.ufrrj.br\/nit\/wp-json\/wp\/v2\/comments?post=1151"}],"version-history":[{"count":20,"href":"https:\/\/institucional.ufrrj.br\/nit\/wp-json\/wp\/v2\/pages\/1151\/revisions"}],"predecessor-version":[{"id":3376,"href":"https:\/\/institucional.ufrrj.br\/nit\/wp-json\/wp\/v2\/pages\/1151\/revisions\/3376"}],"wp:attachment":[{"href":"https:\/\/institucional.ufrrj.br\/nit\/wp-json\/wp\/v2\/media?parent=1151"}],"curies":[{"name":"wp","href":"https:\/\/api.w.org\/{rel}","templated":true}]}}