{"id":713,"date":"2020-11-09T14:48:42","date_gmt":"2020-11-09T17:48:42","guid":{"rendered":"http:\/\/institucional.ufrrj.br\/nidflor\/?page_id=713"},"modified":"2026-02-10T09:05:30","modified_gmt":"2026-02-10T12:05:30","slug":"deliberacoes-consuni-if","status":"publish","type":"page","link":"https:\/\/institucional.ufrrj.br\/nidflor\/deliberacoes-consuni-if\/","title":{"rendered":"Delibera\u00e7\u00f5es Consuni-IF"},"content":{"rendered":"<hr \/>\n<p><a href=\"https:\/\/institucional.ufrrj.br\/nidflor\/deliberacoes-2026\/\"><span style=\"color: #000080\"><strong>Delibera\u00e7\u00f5es do ano de 2026<\/strong><\/span><\/a><\/p>\n<hr \/>\n<p><a href=\"https:\/\/institucional.ufrrj.br\/nidflor\/deliberacoes-2025\/\"><span style=\"color: #000080\"><strong>Delibera\u00e7\u00f5es do ano de 2025<\/strong><\/span><\/a><\/p>\n<hr \/>\n<p><a href=\"https:\/\/institucional.ufrrj.br\/nidflor\/deliberacoes-2024\/\"><span style=\"color: #000080\"><strong>Delibera\u00e7\u00f5es do ano de 2024<\/strong><\/span><\/a><\/p>\n<hr \/>\n<p><a href=\"https:\/\/institucional.ufrrj.br\/nidflor\/deliberacoes-2023\/\"><span style=\"color: #000080\"><strong>Delibera\u00e7\u00f5es do ano de 2023<\/strong><\/span><\/a><\/p>\n<hr \/>\n<p><a href=\"https:\/\/institucional.ufrrj.br\/nidflor\/deliberacoes-2022\/\"><span style=\"color: #000080\"><strong>Delibera\u00e7\u00f5es do ano de 2022<\/strong><\/span><\/a><\/p>\n<hr \/>\n<p><a href=\"https:\/\/institucional.ufrrj.br\/nidflor\/deliberacoes-2021\/\"><span style=\"color: #000080\"><strong>Delibera\u00e7\u00f5es do ano de 2021<\/strong><\/span><\/a><\/p>\n<hr \/>\n<p><strong><span style=\"color: #000080\"><a style=\"color: #000080\" href=\"https:\/\/institucional.ufrrj.br\/nidflor\/deliberacoes-2020\/\">Delibera\u00e7\u00f5es do ano de 2020<\/a><\/span><\/strong><\/p>\n<hr \/>\n<p>&nbsp;<\/p>\n","protected":false},"excerpt":{"rendered":"<p>Delibera\u00e7\u00f5es do ano de 2026 Delibera\u00e7\u00f5es do ano de 2025 Delibera\u00e7\u00f5es do ano de 2024 Delibera\u00e7\u00f5es do ano de 2023 <a class=\"read-more\" href=\"https:\/\/institucional.ufrrj.br\/nidflor\/deliberacoes-consuni-if\/ \">&#8230; <i class=\"fa fa-long-arrow-right\"><\/i><\/a><\/p>\n","protected":false},"author":690,"featured_media":0,"parent":0,"menu_order":0,"comment_status":"closed","ping_status":"closed","template":"","meta":{"_acf_changed":false,"footnotes":""},"class_list":["post-713","page","type-page","status-publish","hentry"],"yoast_head":"<!-- This site is optimized with the Yoast SEO plugin v27.2 - https:\/\/yoast.com\/product\/yoast-seo-wordpress\/ -->\n<title>Delibera\u00e7\u00f5es Consuni-IF - NIDFLOR<\/title>\n<meta name=\"robots\" content=\"index, follow, max-snippet:-1, max-image-preview:large, max-video-preview:-1\" \/>\n<link rel=\"canonical\" href=\"https:\/\/institucional.ufrrj.br\/nidflor\/deliberacoes-consuni-if\/\" \/>\n<meta property=\"og:locale\" content=\"pt_BR\" \/>\n<meta property=\"og:type\" content=\"article\" \/>\n<meta property=\"og:title\" content=\"Delibera\u00e7\u00f5es Consuni-IF - NIDFLOR\" \/>\n<meta property=\"og:description\" content=\"Delibera\u00e7\u00f5es do ano de 2026 Delibera\u00e7\u00f5es do ano de 2025 Delibera\u00e7\u00f5es do ano de 2024 Delibera\u00e7\u00f5es do ano de 2023 ...\" \/>\n<meta property=\"og:url\" content=\"https:\/\/institucional.ufrrj.br\/nidflor\/deliberacoes-consuni-if\/\" \/>\n<meta property=\"og:site_name\" content=\"NIDFLOR\" \/>\n<meta property=\"article:modified_time\" content=\"2026-02-10T12:05:30+00:00\" \/>\n<meta name=\"twitter:card\" content=\"summary_large_image\" \/>\n<meta name=\"twitter:label1\" content=\"Est. tempo de leitura\" \/>\n\t<meta name=\"twitter:data1\" content=\"1 minuto\" \/>\n<script type=\"application\/ld+json\" class=\"yoast-schema-graph\">{\"@context\":\"https:\/\/schema.org\",\"@graph\":[{\"@type\":\"WebPage\",\"@id\":\"https:\/\/institucional.ufrrj.br\/nidflor\/deliberacoes-consuni-if\/\",\"url\":\"https:\/\/institucional.ufrrj.br\/nidflor\/deliberacoes-consuni-if\/\",\"name\":\"Delibera\u00e7\u00f5es Consuni-IF - NIDFLOR\",\"isPartOf\":{\"@id\":\"https:\/\/institucional.ufrrj.br\/nidflor\/#website\"},\"datePublished\":\"2020-11-09T17:48:42+00:00\",\"dateModified\":\"2026-02-10T12:05:30+00:00\",\"breadcrumb\":{\"@id\":\"https:\/\/institucional.ufrrj.br\/nidflor\/deliberacoes-consuni-if\/#breadcrumb\"},\"inLanguage\":\"pt-BR\",\"potentialAction\":[{\"@type\":\"ReadAction\",\"target\":[\"https:\/\/institucional.ufrrj.br\/nidflor\/deliberacoes-consuni-if\/\"]}]},{\"@type\":\"BreadcrumbList\",\"@id\":\"https:\/\/institucional.ufrrj.br\/nidflor\/deliberacoes-consuni-if\/#breadcrumb\",\"itemListElement\":[{\"@type\":\"ListItem\",\"position\":1,\"name\":\"In\u00edcio\",\"item\":\"https:\/\/institucional.ufrrj.br\/nidflor\/\"},{\"@type\":\"ListItem\",\"position\":2,\"name\":\"Delibera\u00e7\u00f5es Consuni-IF\"}]},{\"@type\":\"WebSite\",\"@id\":\"https:\/\/institucional.ufrrj.br\/nidflor\/#website\",\"url\":\"https:\/\/institucional.ufrrj.br\/nidflor\/\",\"name\":\"NIDFLOR\",\"description\":\"N\u00facleo de Informa\u00e7\u00e3o e Documenta\u00e7\u00e3o Florestal - UFRRJ\",\"potentialAction\":[{\"@type\":\"SearchAction\",\"target\":{\"@type\":\"EntryPoint\",\"urlTemplate\":\"https:\/\/institucional.ufrrj.br\/nidflor\/?s={search_term_string}\"},\"query-input\":{\"@type\":\"PropertyValueSpecification\",\"valueRequired\":true,\"valueName\":\"search_term_string\"}}],\"inLanguage\":\"pt-BR\"}]}<\/script>\n<!-- \/ Yoast SEO plugin. -->","yoast_head_json":{"title":"Delibera\u00e7\u00f5es Consuni-IF - NIDFLOR","robots":{"index":"index","follow":"follow","max-snippet":"max-snippet:-1","max-image-preview":"max-image-preview:large","max-video-preview":"max-video-preview:-1"},"canonical":"https:\/\/institucional.ufrrj.br\/nidflor\/deliberacoes-consuni-if\/","og_locale":"pt_BR","og_type":"article","og_title":"Delibera\u00e7\u00f5es Consuni-IF - NIDFLOR","og_description":"Delibera\u00e7\u00f5es do ano de 2026 Delibera\u00e7\u00f5es do ano de 2025 Delibera\u00e7\u00f5es do ano de 2024 Delibera\u00e7\u00f5es do ano de 2023 ...","og_url":"https:\/\/institucional.ufrrj.br\/nidflor\/deliberacoes-consuni-if\/","og_site_name":"NIDFLOR","article_modified_time":"2026-02-10T12:05:30+00:00","twitter_card":"summary_large_image","twitter_misc":{"Est. tempo de leitura":"1 minuto"},"schema":{"@context":"https:\/\/schema.org","@graph":[{"@type":"WebPage","@id":"https:\/\/institucional.ufrrj.br\/nidflor\/deliberacoes-consuni-if\/","url":"https:\/\/institucional.ufrrj.br\/nidflor\/deliberacoes-consuni-if\/","name":"Delibera\u00e7\u00f5es Consuni-IF - NIDFLOR","isPartOf":{"@id":"https:\/\/institucional.ufrrj.br\/nidflor\/#website"},"datePublished":"2020-11-09T17:48:42+00:00","dateModified":"2026-02-10T12:05:30+00:00","breadcrumb":{"@id":"https:\/\/institucional.ufrrj.br\/nidflor\/deliberacoes-consuni-if\/#breadcrumb"},"inLanguage":"pt-BR","potentialAction":[{"@type":"ReadAction","target":["https:\/\/institucional.ufrrj.br\/nidflor\/deliberacoes-consuni-if\/"]}]},{"@type":"BreadcrumbList","@id":"https:\/\/institucional.ufrrj.br\/nidflor\/deliberacoes-consuni-if\/#breadcrumb","itemListElement":[{"@type":"ListItem","position":1,"name":"In\u00edcio","item":"https:\/\/institucional.ufrrj.br\/nidflor\/"},{"@type":"ListItem","position":2,"name":"Delibera\u00e7\u00f5es Consuni-IF"}]},{"@type":"WebSite","@id":"https:\/\/institucional.ufrrj.br\/nidflor\/#website","url":"https:\/\/institucional.ufrrj.br\/nidflor\/","name":"NIDFLOR","description":"N\u00facleo de Informa\u00e7\u00e3o e Documenta\u00e7\u00e3o Florestal - UFRRJ","potentialAction":[{"@type":"SearchAction","target":{"@type":"EntryPoint","urlTemplate":"https:\/\/institucional.ufrrj.br\/nidflor\/?s={search_term_string}"},"query-input":{"@type":"PropertyValueSpecification","valueRequired":true,"valueName":"search_term_string"}}],"inLanguage":"pt-BR"}]}},"acf":[],"_links":{"self":[{"href":"https:\/\/institucional.ufrrj.br\/nidflor\/wp-json\/wp\/v2\/pages\/713","targetHints":{"allow":["GET"]}}],"collection":[{"href":"https:\/\/institucional.ufrrj.br\/nidflor\/wp-json\/wp\/v2\/pages"}],"about":[{"href":"https:\/\/institucional.ufrrj.br\/nidflor\/wp-json\/wp\/v2\/types\/page"}],"author":[{"embeddable":true,"href":"https:\/\/institucional.ufrrj.br\/nidflor\/wp-json\/wp\/v2\/users\/690"}],"replies":[{"embeddable":true,"href":"https:\/\/institucional.ufrrj.br\/nidflor\/wp-json\/wp\/v2\/comments?post=713"}],"version-history":[{"count":2,"href":"https:\/\/institucional.ufrrj.br\/nidflor\/wp-json\/wp\/v2\/pages\/713\/revisions"}],"predecessor-version":[{"id":1880,"href":"https:\/\/institucional.ufrrj.br\/nidflor\/wp-json\/wp\/v2\/pages\/713\/revisions\/1880"}],"wp:attachment":[{"href":"https:\/\/institucional.ufrrj.br\/nidflor\/wp-json\/wp\/v2\/media?parent=713"}],"curies":[{"name":"wp","href":"https:\/\/api.w.org\/{rel}","templated":true}]}}