{"id":679,"date":"2020-07-11T17:59:06","date_gmt":"2020-07-11T20:59:06","guid":{"rendered":"http:\/\/institucional.ufrrj.br\/nidflor\/?page_id=679"},"modified":"2022-07-04T16:39:40","modified_gmt":"2022-07-04T19:39:40","slug":"memoriais","status":"publish","type":"page","link":"https:\/\/institucional.ufrrj.br\/nidflor\/memoriais\/","title":{"rendered":"Memoriais"},"content":{"rendered":"<p><a href=\"https:\/\/institucional.ufrrj.br\/nidflor\/mulheres-nas-ciencias-florestais\/\" target=\"_blank\" rel=\"noopener noreferrer\"><img loading=\"lazy\" decoding=\"async\" class=\"aligncenter wp-image-645 size-medium\" src=\"https:\/\/institucional.ufrrj.br\/nidflor\/files\/2020\/04\/logo_1-300x161.jpg\" alt=\"\" width=\"300\" height=\"161\" srcset=\"https:\/\/institucional.ufrrj.br\/nidflor\/files\/2020\/04\/logo_1-300x161.jpg 300w, https:\/\/institucional.ufrrj.br\/nidflor\/files\/2020\/04\/logo_1-768x413.jpg 768w, https:\/\/institucional.ufrrj.br\/nidflor\/files\/2020\/04\/logo_1-1024x551.jpg 1024w, https:\/\/institucional.ufrrj.br\/nidflor\/files\/2020\/04\/logo_1.jpg 2000w\" sizes=\"auto, (max-width: 300px) 100vw, 300px\" \/><\/a><\/p>\n<p>Aqui nesta p\u00e1gina \u00e9 poss\u00edvel acessar os memoriais de mulheres com relevante atua\u00e7\u00e3o nas Ci\u00eancias Florestais e cujas hist\u00f3rias j\u00e1 foram apresentadas pelo nosso projeto.<\/p>\n<p><a href=\"https:\/\/institucional.ufrrj.br\/nidflor\/memorial-graciela-inez-bolzon-de-muniz\/\" target=\"_blank\" rel=\"noopener noreferrer\"><span style=\"color: #000080\"><strong>Memorial 1 &#8211; Graciela Ines Bolzon de Muniz <\/strong><\/span><\/a><\/p>\n","protected":false},"excerpt":{"rendered":"<p>Aqui nesta p\u00e1gina \u00e9 poss\u00edvel acessar os memoriais de mulheres com relevante atua\u00e7\u00e3o nas Ci\u00eancias Florestais e cujas hist\u00f3rias j\u00e1 <a class=\"read-more\" href=\"https:\/\/institucional.ufrrj.br\/nidflor\/memoriais\/ \">&#8230; <i class=\"fa fa-long-arrow-right\"><\/i><\/a><\/p>\n","protected":false},"author":690,"featured_media":0,"parent":0,"menu_order":0,"comment_status":"closed","ping_status":"closed","template":"","meta":{"_acf_changed":false,"footnotes":""},"class_list":["post-679","page","type-page","status-publish","hentry"],"yoast_head":"<!-- This site is optimized with the Yoast SEO plugin v27.2 - https:\/\/yoast.com\/product\/yoast-seo-wordpress\/ -->\n<title>Memoriais - NIDFLOR<\/title>\n<meta name=\"robots\" content=\"index, follow, max-snippet:-1, max-image-preview:large, max-video-preview:-1\" \/>\n<link rel=\"canonical\" href=\"https:\/\/institucional.ufrrj.br\/nidflor\/memoriais\/\" \/>\n<meta property=\"og:locale\" content=\"pt_BR\" \/>\n<meta property=\"og:type\" content=\"article\" \/>\n<meta property=\"og:title\" content=\"Memoriais - NIDFLOR\" \/>\n<meta property=\"og:description\" content=\"Aqui nesta p\u00e1gina \u00e9 poss\u00edvel acessar os memoriais de mulheres com relevante atua\u00e7\u00e3o nas Ci\u00eancias Florestais e cujas hist\u00f3rias j\u00e1 ...\" \/>\n<meta property=\"og:url\" content=\"https:\/\/institucional.ufrrj.br\/nidflor\/memoriais\/\" \/>\n<meta property=\"og:site_name\" content=\"NIDFLOR\" \/>\n<meta property=\"article:modified_time\" content=\"2022-07-04T19:39:40+00:00\" \/>\n<meta property=\"og:image\" content=\"http:\/\/institucional.ufrrj.br\/nidflor\/files\/2020\/04\/logo_1-300x161.jpg\" \/>\n<meta name=\"twitter:card\" content=\"summary_large_image\" \/>\n<script type=\"application\/ld+json\" class=\"yoast-schema-graph\">{\"@context\":\"https:\/\/schema.org\",\"@graph\":[{\"@type\":\"WebPage\",\"@id\":\"https:\/\/institucional.ufrrj.br\/nidflor\/memoriais\/\",\"url\":\"https:\/\/institucional.ufrrj.br\/nidflor\/memoriais\/\",\"name\":\"Memoriais - NIDFLOR\",\"isPartOf\":{\"@id\":\"https:\/\/institucional.ufrrj.br\/nidflor\/#website\"},\"primaryImageOfPage\":{\"@id\":\"https:\/\/institucional.ufrrj.br\/nidflor\/memoriais\/#primaryimage\"},\"image\":{\"@id\":\"https:\/\/institucional.ufrrj.br\/nidflor\/memoriais\/#primaryimage\"},\"thumbnailUrl\":\"http:\/\/institucional.ufrrj.br\/nidflor\/files\/2020\/04\/logo_1-300x161.jpg\",\"datePublished\":\"2020-07-11T20:59:06+00:00\",\"dateModified\":\"2022-07-04T19:39:40+00:00\",\"breadcrumb\":{\"@id\":\"https:\/\/institucional.ufrrj.br\/nidflor\/memoriais\/#breadcrumb\"},\"inLanguage\":\"pt-BR\",\"potentialAction\":[{\"@type\":\"ReadAction\",\"target\":[\"https:\/\/institucional.ufrrj.br\/nidflor\/memoriais\/\"]}]},{\"@type\":\"ImageObject\",\"inLanguage\":\"pt-BR\",\"@id\":\"https:\/\/institucional.ufrrj.br\/nidflor\/memoriais\/#primaryimage\",\"url\":\"http:\/\/institucional.ufrrj.br\/nidflor\/files\/2020\/04\/logo_1-300x161.jpg\",\"contentUrl\":\"http:\/\/institucional.ufrrj.br\/nidflor\/files\/2020\/04\/logo_1-300x161.jpg\"},{\"@type\":\"BreadcrumbList\",\"@id\":\"https:\/\/institucional.ufrrj.br\/nidflor\/memoriais\/#breadcrumb\",\"itemListElement\":[{\"@type\":\"ListItem\",\"position\":1,\"name\":\"In\u00edcio\",\"item\":\"https:\/\/institucional.ufrrj.br\/nidflor\/\"},{\"@type\":\"ListItem\",\"position\":2,\"name\":\"Memoriais\"}]},{\"@type\":\"WebSite\",\"@id\":\"https:\/\/institucional.ufrrj.br\/nidflor\/#website\",\"url\":\"https:\/\/institucional.ufrrj.br\/nidflor\/\",\"name\":\"NIDFLOR\",\"description\":\"N\u00facleo de Informa\u00e7\u00e3o e Documenta\u00e7\u00e3o Florestal - UFRRJ\",\"potentialAction\":[{\"@type\":\"SearchAction\",\"target\":{\"@type\":\"EntryPoint\",\"urlTemplate\":\"https:\/\/institucional.ufrrj.br\/nidflor\/?s={search_term_string}\"},\"query-input\":{\"@type\":\"PropertyValueSpecification\",\"valueRequired\":true,\"valueName\":\"search_term_string\"}}],\"inLanguage\":\"pt-BR\"}]}<\/script>\n<!-- \/ Yoast SEO plugin. -->","yoast_head_json":{"title":"Memoriais - NIDFLOR","robots":{"index":"index","follow":"follow","max-snippet":"max-snippet:-1","max-image-preview":"max-image-preview:large","max-video-preview":"max-video-preview:-1"},"canonical":"https:\/\/institucional.ufrrj.br\/nidflor\/memoriais\/","og_locale":"pt_BR","og_type":"article","og_title":"Memoriais - NIDFLOR","og_description":"Aqui nesta p\u00e1gina \u00e9 poss\u00edvel acessar os memoriais de mulheres com relevante atua\u00e7\u00e3o nas Ci\u00eancias Florestais e cujas hist\u00f3rias j\u00e1 ...","og_url":"https:\/\/institucional.ufrrj.br\/nidflor\/memoriais\/","og_site_name":"NIDFLOR","article_modified_time":"2022-07-04T19:39:40+00:00","og_image":[{"url":"http:\/\/institucional.ufrrj.br\/nidflor\/files\/2020\/04\/logo_1-300x161.jpg","type":"","width":"","height":""}],"twitter_card":"summary_large_image","schema":{"@context":"https:\/\/schema.org","@graph":[{"@type":"WebPage","@id":"https:\/\/institucional.ufrrj.br\/nidflor\/memoriais\/","url":"https:\/\/institucional.ufrrj.br\/nidflor\/memoriais\/","name":"Memoriais - NIDFLOR","isPartOf":{"@id":"https:\/\/institucional.ufrrj.br\/nidflor\/#website"},"primaryImageOfPage":{"@id":"https:\/\/institucional.ufrrj.br\/nidflor\/memoriais\/#primaryimage"},"image":{"@id":"https:\/\/institucional.ufrrj.br\/nidflor\/memoriais\/#primaryimage"},"thumbnailUrl":"http:\/\/institucional.ufrrj.br\/nidflor\/files\/2020\/04\/logo_1-300x161.jpg","datePublished":"2020-07-11T20:59:06+00:00","dateModified":"2022-07-04T19:39:40+00:00","breadcrumb":{"@id":"https:\/\/institucional.ufrrj.br\/nidflor\/memoriais\/#breadcrumb"},"inLanguage":"pt-BR","potentialAction":[{"@type":"ReadAction","target":["https:\/\/institucional.ufrrj.br\/nidflor\/memoriais\/"]}]},{"@type":"ImageObject","inLanguage":"pt-BR","@id":"https:\/\/institucional.ufrrj.br\/nidflor\/memoriais\/#primaryimage","url":"http:\/\/institucional.ufrrj.br\/nidflor\/files\/2020\/04\/logo_1-300x161.jpg","contentUrl":"http:\/\/institucional.ufrrj.br\/nidflor\/files\/2020\/04\/logo_1-300x161.jpg"},{"@type":"BreadcrumbList","@id":"https:\/\/institucional.ufrrj.br\/nidflor\/memoriais\/#breadcrumb","itemListElement":[{"@type":"ListItem","position":1,"name":"In\u00edcio","item":"https:\/\/institucional.ufrrj.br\/nidflor\/"},{"@type":"ListItem","position":2,"name":"Memoriais"}]},{"@type":"WebSite","@id":"https:\/\/institucional.ufrrj.br\/nidflor\/#website","url":"https:\/\/institucional.ufrrj.br\/nidflor\/","name":"NIDFLOR","description":"N\u00facleo de Informa\u00e7\u00e3o e Documenta\u00e7\u00e3o Florestal - UFRRJ","potentialAction":[{"@type":"SearchAction","target":{"@type":"EntryPoint","urlTemplate":"https:\/\/institucional.ufrrj.br\/nidflor\/?s={search_term_string}"},"query-input":{"@type":"PropertyValueSpecification","valueRequired":true,"valueName":"search_term_string"}}],"inLanguage":"pt-BR"}]}},"acf":[],"_links":{"self":[{"href":"https:\/\/institucional.ufrrj.br\/nidflor\/wp-json\/wp\/v2\/pages\/679","targetHints":{"allow":["GET"]}}],"collection":[{"href":"https:\/\/institucional.ufrrj.br\/nidflor\/wp-json\/wp\/v2\/pages"}],"about":[{"href":"https:\/\/institucional.ufrrj.br\/nidflor\/wp-json\/wp\/v2\/types\/page"}],"author":[{"embeddable":true,"href":"https:\/\/institucional.ufrrj.br\/nidflor\/wp-json\/wp\/v2\/users\/690"}],"replies":[{"embeddable":true,"href":"https:\/\/institucional.ufrrj.br\/nidflor\/wp-json\/wp\/v2\/comments?post=679"}],"version-history":[{"count":3,"href":"https:\/\/institucional.ufrrj.br\/nidflor\/wp-json\/wp\/v2\/pages\/679\/revisions"}],"predecessor-version":[{"id":1214,"href":"https:\/\/institucional.ufrrj.br\/nidflor\/wp-json\/wp\/v2\/pages\/679\/revisions\/1214"}],"wp:attachment":[{"href":"https:\/\/institucional.ufrrj.br\/nidflor\/wp-json\/wp\/v2\/media?parent=679"}],"curies":[{"name":"wp","href":"https:\/\/api.w.org\/{rel}","templated":true}]}}