{"id":606,"date":"2019-12-16T17:24:25","date_gmt":"2019-12-16T20:24:25","guid":{"rendered":"http:\/\/institucional.ufrrj.br\/nidflor\/?page_id=606"},"modified":"2021-07-06T20:08:43","modified_gmt":"2021-07-06T23:08:43","slug":"boletins-da-floresta","status":"publish","type":"page","link":"https:\/\/institucional.ufrrj.br\/nidflor\/boletins-da-floresta\/","title":{"rendered":"Boletins da Floresta"},"content":{"rendered":"<p>O <strong>Boletim da Floresta<\/strong> \u00e9 o boletim informativo do Instituto de Florestas. Elaborado pela equipe do NIDFLOR com a edi\u00e7\u00e3o colaborativa de docentes do IF, o boletim\u00a0 traz not\u00edcias de atividades acad\u00eamicas desenvolvidas no instituto; cobertura de eventos; entrevistas com membros da comunidade acad\u00eamica; curiosidades florestais e muito mais.<\/p>\n<p>Sugest\u00f5es, cr\u00edticas, elogios e textos, para publica\u00e7\u00f5es nas futuras edi\u00e7\u00f5es do Boletim da Floresta, podem ser enviados para o NIDFLOR, por meio do e-mail nidflor.if@gmail.com<\/p>\n<p>Clique nos links abaixo para ter acesso aos n\u00fameros j\u00e1 publicados do Boletim da Floresta:<\/p>\n<p style=\"text-align: center\"><a href=\"https:\/\/institucional.ufrrj.br\/nidflor\/files\/2021\/07\/Boletim-da-Floresta-N\u00ba3-vers\u00e3o-final.pdf\" target=\"_blank\" rel=\"noopener noreferrer\"><span style=\"color: #0000ff\">Boletim da Floresta &#8211; N\u00ba 3\u00a0 &#8211; Junho de 2021.<\/span><\/a><\/p>\n<div id=\"attachment_972\" style=\"width: 220px\" class=\"wp-caption aligncenter\"><a href=\"https:\/\/institucional.ufrrj.br\/nidflor\/files\/2021\/07\/Boletim-da-Floresta-N\u00ba3-vers\u00e3o-final.pdf\" target=\"_blank\" rel=\"noopener noreferrer\"><img loading=\"lazy\" decoding=\"async\" aria-describedby=\"caption-attachment-972\" class=\"wp-image-972 size-medium\" src=\"https:\/\/institucional.ufrrj.br\/nidflor\/files\/2021\/06\/Capa-boletim-n.3-210x300.png\" alt=\"\" width=\"210\" height=\"300\" srcset=\"https:\/\/institucional.ufrrj.br\/nidflor\/files\/2021\/06\/Capa-boletim-n.3-210x300.png 210w, https:\/\/institucional.ufrrj.br\/nidflor\/files\/2021\/06\/Capa-boletim-n.3.png 420w\" sizes=\"auto, (max-width: 210px) 100vw, 210px\" \/><\/a><p id=\"caption-attachment-972\" class=\"wp-caption-text\">Capa Boletim da Floresta &#8211; N\u00ba 3.<\/p><\/div>\n<hr \/>\n<p style=\"text-align: center\"><a href=\"https:\/\/institucional.ufrrj.br\/nidflor\/files\/2020\/04\/Boletim-da-Floresta-N\u00ba2.pdf\" target=\"_blank\" rel=\"noopener noreferrer\"><span style=\"color: #0000ff\">Boletim da Floresta &#8211; N\u00ba 2 &#8211; Mar\u00e7o de 2020.<\/span><\/a><\/p>\n<div id=\"attachment_641\" style=\"width: 225px\" class=\"wp-caption aligncenter\"><a href=\"https:\/\/institucional.ufrrj.br\/nidflor\/files\/2020\/04\/Boletim-da-Floresta-N\u00ba2.pdf\" target=\"_blank\" rel=\"noopener noreferrer\"><img loading=\"lazy\" decoding=\"async\" aria-describedby=\"caption-attachment-641\" class=\"wp-image-641 size-medium\" src=\"https:\/\/institucional.ufrrj.br\/nidflor\/files\/2020\/03\/Capa-Boletim-Floresta-N\u00ba2-215x300.png\" alt=\"\" width=\"215\" height=\"300\" srcset=\"https:\/\/institucional.ufrrj.br\/nidflor\/files\/2020\/03\/Capa-Boletim-Floresta-N\u00ba2-215x300.png 215w, https:\/\/institucional.ufrrj.br\/nidflor\/files\/2020\/03\/Capa-Boletim-Floresta-N\u00ba2-768x1072.png 768w, https:\/\/institucional.ufrrj.br\/nidflor\/files\/2020\/03\/Capa-Boletim-Floresta-N\u00ba2-734x1024.png 734w, https:\/\/institucional.ufrrj.br\/nidflor\/files\/2020\/03\/Capa-Boletim-Floresta-N\u00ba2.png 889w\" sizes=\"auto, (max-width: 215px) 100vw, 215px\" \/><\/a><p id=\"caption-attachment-641\" class=\"wp-caption-text\">Capa Boletim da Floresta &#8211; N\u00ba 2.<\/p><\/div>\n<hr \/>\n<p style=\"text-align: center\"><span style=\"color: #0000ff\"><a style=\"color: #0000ff\" href=\"http:\/\/institutos.ufrrj.br\/if\/wp-content\/uploads\/sites\/5\/2019\/12\/Boletim-da-Floresta-N%C2%BA-1.pdf\" target=\"_blank\" rel=\"noopener noreferrer\">Boletim da Floresta &#8211; N\u00ba 1 &#8211; Dezembro de 2019.<\/a><\/span><\/p>\n<div id=\"attachment_601\" style=\"width: 222px\" class=\"wp-caption aligncenter\"><a href=\"http:\/\/institutos.ufrrj.br\/if\/wp-content\/uploads\/sites\/5\/2019\/12\/Boletim-da-Floresta-N%C2%BA-1.pdf\" target=\"_blank\" rel=\"noopener noreferrer\"><img loading=\"lazy\" decoding=\"async\" aria-describedby=\"caption-attachment-601\" class=\"wp-image-601 size-medium\" src=\"https:\/\/institucional.ufrrj.br\/nidflor\/files\/2019\/12\/Foto-capa-BF-01-212x300.png\" alt=\"\" width=\"212\" height=\"300\" srcset=\"https:\/\/institucional.ufrrj.br\/nidflor\/files\/2019\/12\/Foto-capa-BF-01-212x300.png 212w, https:\/\/institucional.ufrrj.br\/nidflor\/files\/2019\/12\/Foto-capa-BF-01.png 612w\" sizes=\"auto, (max-width: 212px) 100vw, 212px\" \/><\/a><p id=\"caption-attachment-601\" class=\"wp-caption-text\">Capa Boletim da Floresta &#8211; N\u00ba 1.<\/p><\/div>\n<hr \/>\n<p>&nbsp;<\/p>\n","protected":false},"excerpt":{"rendered":"<p>O Boletim da Floresta \u00e9 o boletim informativo do Instituto de Florestas. Elaborado pela equipe do NIDFLOR com a edi\u00e7\u00e3o <a class=\"read-more\" href=\"https:\/\/institucional.ufrrj.br\/nidflor\/boletins-da-floresta\/ \">&#8230; <i class=\"fa fa-long-arrow-right\"><\/i><\/a><\/p>\n","protected":false},"author":690,"featured_media":0,"parent":0,"menu_order":0,"comment_status":"closed","ping_status":"closed","template":"","meta":{"_acf_changed":false,"footnotes":""},"class_list":["post-606","page","type-page","status-publish","hentry"],"yoast_head":"<!-- This site is optimized with the Yoast SEO plugin v27.2 - https:\/\/yoast.com\/product\/yoast-seo-wordpress\/ -->\n<title>Boletins da Floresta - NIDFLOR<\/title>\n<meta name=\"robots\" content=\"index, follow, max-snippet:-1, max-image-preview:large, max-video-preview:-1\" \/>\n<link rel=\"canonical\" href=\"https:\/\/institucional.ufrrj.br\/nidflor\/boletins-da-floresta\/\" \/>\n<meta property=\"og:locale\" content=\"pt_BR\" \/>\n<meta property=\"og:type\" content=\"article\" \/>\n<meta property=\"og:title\" content=\"Boletins da Floresta - NIDFLOR\" \/>\n<meta property=\"og:description\" content=\"O Boletim da Floresta \u00e9 o boletim informativo do Instituto de Florestas. Elaborado pela equipe do NIDFLOR com a edi\u00e7\u00e3o ...\" \/>\n<meta property=\"og:url\" content=\"https:\/\/institucional.ufrrj.br\/nidflor\/boletins-da-floresta\/\" \/>\n<meta property=\"og:site_name\" content=\"NIDFLOR\" \/>\n<meta property=\"article:modified_time\" content=\"2021-07-06T23:08:43+00:00\" \/>\n<meta property=\"og:image\" content=\"http:\/\/institucional.ufrrj.br\/nidflor\/files\/2021\/06\/Capa-boletim-n.3-210x300.png\" \/>\n<meta name=\"twitter:card\" content=\"summary_large_image\" \/>\n<meta name=\"twitter:label1\" content=\"Est. tempo de leitura\" \/>\n\t<meta name=\"twitter:data1\" content=\"1 minuto\" \/>\n<script type=\"application\/ld+json\" class=\"yoast-schema-graph\">{\"@context\":\"https:\/\/schema.org\",\"@graph\":[{\"@type\":\"WebPage\",\"@id\":\"https:\/\/institucional.ufrrj.br\/nidflor\/boletins-da-floresta\/\",\"url\":\"https:\/\/institucional.ufrrj.br\/nidflor\/boletins-da-floresta\/\",\"name\":\"Boletins da Floresta - NIDFLOR\",\"isPartOf\":{\"@id\":\"https:\/\/institucional.ufrrj.br\/nidflor\/#website\"},\"primaryImageOfPage\":{\"@id\":\"https:\/\/institucional.ufrrj.br\/nidflor\/boletins-da-floresta\/#primaryimage\"},\"image\":{\"@id\":\"https:\/\/institucional.ufrrj.br\/nidflor\/boletins-da-floresta\/#primaryimage\"},\"thumbnailUrl\":\"http:\/\/institucional.ufrrj.br\/nidflor\/files\/2021\/06\/Capa-boletim-n.3-210x300.png\",\"datePublished\":\"2019-12-16T20:24:25+00:00\",\"dateModified\":\"2021-07-06T23:08:43+00:00\",\"breadcrumb\":{\"@id\":\"https:\/\/institucional.ufrrj.br\/nidflor\/boletins-da-floresta\/#breadcrumb\"},\"inLanguage\":\"pt-BR\",\"potentialAction\":[{\"@type\":\"ReadAction\",\"target\":[\"https:\/\/institucional.ufrrj.br\/nidflor\/boletins-da-floresta\/\"]}]},{\"@type\":\"ImageObject\",\"inLanguage\":\"pt-BR\",\"@id\":\"https:\/\/institucional.ufrrj.br\/nidflor\/boletins-da-floresta\/#primaryimage\",\"url\":\"http:\/\/institucional.ufrrj.br\/nidflor\/files\/2021\/06\/Capa-boletim-n.3-210x300.png\",\"contentUrl\":\"http:\/\/institucional.ufrrj.br\/nidflor\/files\/2021\/06\/Capa-boletim-n.3-210x300.png\"},{\"@type\":\"BreadcrumbList\",\"@id\":\"https:\/\/institucional.ufrrj.br\/nidflor\/boletins-da-floresta\/#breadcrumb\",\"itemListElement\":[{\"@type\":\"ListItem\",\"position\":1,\"name\":\"In\u00edcio\",\"item\":\"https:\/\/institucional.ufrrj.br\/nidflor\/\"},{\"@type\":\"ListItem\",\"position\":2,\"name\":\"Boletins da Floresta\"}]},{\"@type\":\"WebSite\",\"@id\":\"https:\/\/institucional.ufrrj.br\/nidflor\/#website\",\"url\":\"https:\/\/institucional.ufrrj.br\/nidflor\/\",\"name\":\"NIDFLOR\",\"description\":\"N\u00facleo de Informa\u00e7\u00e3o e Documenta\u00e7\u00e3o Florestal - UFRRJ\",\"potentialAction\":[{\"@type\":\"SearchAction\",\"target\":{\"@type\":\"EntryPoint\",\"urlTemplate\":\"https:\/\/institucional.ufrrj.br\/nidflor\/?s={search_term_string}\"},\"query-input\":{\"@type\":\"PropertyValueSpecification\",\"valueRequired\":true,\"valueName\":\"search_term_string\"}}],\"inLanguage\":\"pt-BR\"}]}<\/script>\n<!-- \/ Yoast SEO plugin. -->","yoast_head_json":{"title":"Boletins da Floresta - NIDFLOR","robots":{"index":"index","follow":"follow","max-snippet":"max-snippet:-1","max-image-preview":"max-image-preview:large","max-video-preview":"max-video-preview:-1"},"canonical":"https:\/\/institucional.ufrrj.br\/nidflor\/boletins-da-floresta\/","og_locale":"pt_BR","og_type":"article","og_title":"Boletins da Floresta - NIDFLOR","og_description":"O Boletim da Floresta \u00e9 o boletim informativo do Instituto de Florestas. Elaborado pela equipe do NIDFLOR com a edi\u00e7\u00e3o ...","og_url":"https:\/\/institucional.ufrrj.br\/nidflor\/boletins-da-floresta\/","og_site_name":"NIDFLOR","article_modified_time":"2021-07-06T23:08:43+00:00","og_image":[{"url":"http:\/\/institucional.ufrrj.br\/nidflor\/files\/2021\/06\/Capa-boletim-n.3-210x300.png","type":"","width":"","height":""}],"twitter_card":"summary_large_image","twitter_misc":{"Est. tempo de leitura":"1 minuto"},"schema":{"@context":"https:\/\/schema.org","@graph":[{"@type":"WebPage","@id":"https:\/\/institucional.ufrrj.br\/nidflor\/boletins-da-floresta\/","url":"https:\/\/institucional.ufrrj.br\/nidflor\/boletins-da-floresta\/","name":"Boletins da Floresta - NIDFLOR","isPartOf":{"@id":"https:\/\/institucional.ufrrj.br\/nidflor\/#website"},"primaryImageOfPage":{"@id":"https:\/\/institucional.ufrrj.br\/nidflor\/boletins-da-floresta\/#primaryimage"},"image":{"@id":"https:\/\/institucional.ufrrj.br\/nidflor\/boletins-da-floresta\/#primaryimage"},"thumbnailUrl":"http:\/\/institucional.ufrrj.br\/nidflor\/files\/2021\/06\/Capa-boletim-n.3-210x300.png","datePublished":"2019-12-16T20:24:25+00:00","dateModified":"2021-07-06T23:08:43+00:00","breadcrumb":{"@id":"https:\/\/institucional.ufrrj.br\/nidflor\/boletins-da-floresta\/#breadcrumb"},"inLanguage":"pt-BR","potentialAction":[{"@type":"ReadAction","target":["https:\/\/institucional.ufrrj.br\/nidflor\/boletins-da-floresta\/"]}]},{"@type":"ImageObject","inLanguage":"pt-BR","@id":"https:\/\/institucional.ufrrj.br\/nidflor\/boletins-da-floresta\/#primaryimage","url":"http:\/\/institucional.ufrrj.br\/nidflor\/files\/2021\/06\/Capa-boletim-n.3-210x300.png","contentUrl":"http:\/\/institucional.ufrrj.br\/nidflor\/files\/2021\/06\/Capa-boletim-n.3-210x300.png"},{"@type":"BreadcrumbList","@id":"https:\/\/institucional.ufrrj.br\/nidflor\/boletins-da-floresta\/#breadcrumb","itemListElement":[{"@type":"ListItem","position":1,"name":"In\u00edcio","item":"https:\/\/institucional.ufrrj.br\/nidflor\/"},{"@type":"ListItem","position":2,"name":"Boletins da Floresta"}]},{"@type":"WebSite","@id":"https:\/\/institucional.ufrrj.br\/nidflor\/#website","url":"https:\/\/institucional.ufrrj.br\/nidflor\/","name":"NIDFLOR","description":"N\u00facleo de Informa\u00e7\u00e3o e Documenta\u00e7\u00e3o Florestal - UFRRJ","potentialAction":[{"@type":"SearchAction","target":{"@type":"EntryPoint","urlTemplate":"https:\/\/institucional.ufrrj.br\/nidflor\/?s={search_term_string}"},"query-input":{"@type":"PropertyValueSpecification","valueRequired":true,"valueName":"search_term_string"}}],"inLanguage":"pt-BR"}]}},"acf":[],"_links":{"self":[{"href":"https:\/\/institucional.ufrrj.br\/nidflor\/wp-json\/wp\/v2\/pages\/606","targetHints":{"allow":["GET"]}}],"collection":[{"href":"https:\/\/institucional.ufrrj.br\/nidflor\/wp-json\/wp\/v2\/pages"}],"about":[{"href":"https:\/\/institucional.ufrrj.br\/nidflor\/wp-json\/wp\/v2\/types\/page"}],"author":[{"embeddable":true,"href":"https:\/\/institucional.ufrrj.br\/nidflor\/wp-json\/wp\/v2\/users\/690"}],"replies":[{"embeddable":true,"href":"https:\/\/institucional.ufrrj.br\/nidflor\/wp-json\/wp\/v2\/comments?post=606"}],"version-history":[{"count":15,"href":"https:\/\/institucional.ufrrj.br\/nidflor\/wp-json\/wp\/v2\/pages\/606\/revisions"}],"predecessor-version":[{"id":983,"href":"https:\/\/institucional.ufrrj.br\/nidflor\/wp-json\/wp\/v2\/pages\/606\/revisions\/983"}],"wp:attachment":[{"href":"https:\/\/institucional.ufrrj.br\/nidflor\/wp-json\/wp\/v2\/media?parent=606"}],"curies":[{"name":"wp","href":"https:\/\/api.w.org\/{rel}","templated":true}]}}